{"id":11591,"date":"2022-03-07T16:58:25","date_gmt":"2022-03-07T15:58:25","guid":{"rendered":"https:\/\/maxeville.fr\/?page_id=11591"},"modified":"2022-03-07T16:58:26","modified_gmt":"2022-03-07T15:58:26","slug":"elles-font-maxeville-3","status":"publish","type":"page","link":"https:\/\/maxeville.fr\/index.php\/elles-font-maxeville-3\/","title":{"rendered":"Elles font Max\u00e9ville&#8230; #3"},"content":{"rendered":"\n<h2 class=\"wp-block-heading\"><strong>Hakima Trabelsi &#8211; Encadrante technique de chantier<\/strong><\/h2>\n\n\n\n<p><em>Entretien men\u00e9 par Flora Vincent, le 22 f\u00e9vrier 2022, dans les locaux deTricot couture service, 17 rue de Bavi\u00e8re \u00e0 Vand\u0153uvre-l\u00e8s-Nancy.<\/em><\/p>\n\n\n\n<ol type=\"1\"><li><strong>Pouvez-vous d\u00e9crire votre travail (ses atouts, difficult\u00e9s, repr\u00e9sentations dans la soci\u00e9t\u00e9 actuelle avec notamment les st\u00e9r\u00e9otypes et pr\u00e9jug\u00e9s ?)<\/strong><\/li><\/ol>\n\n\n\n<p>Cela fait 17 ans que je suis \u00e0 tricot couture service et depuis 2014 que je suis encadrante technique. Au d\u00e9but j\u2019\u00e9tais b\u00e9n\u00e9vole puis on m\u2019a propos\u00e9 de devenir salari\u00e9e et j\u2019ai accept\u00e9. Avant, j\u2019\u00e9tais donc salari\u00e9e comme tous les autres en insertion et j\u2019ai pass\u00e9 une formation \u00e0 l\u2019AFPA pour encadrant technique et apr\u00e8s j\u2019ai form\u00e9 deux salari\u00e9es qui sont maintenant des encadrantes techniques aussi et d\u00e9sormais je suis responsable des encadrantes techniques. J\u2019essaye d\u2019organiser le travail pour que celui-ci circule pareil dans les trois zones dans l\u2019association, pour que personne ne se mette en difficult\u00e9 et que tout le monde ait du travail et se sente bien. Donc j\u2019essaye de bien organiser toutes les trois zones&nbsp;: la retouche des particuliers, le magasin et les cr\u00e9ateurs qui ont fait des r\u00e9alisations pour pas mal de clients. Je forme \u00e0 la technique de la culture, aux difficult\u00e9s, \u00e0 r\u00e9aliser des patrons. Je suis la derni\u00e8re main derni\u00e8re avant les clients, je contr\u00f4le tout avant de leur donner.<\/p>\n\n\n\n<p>Il y a 6 permanents [personnes en CDI] et 20 salari\u00e9s en insertion et nous sommes 4 encadrants techniques.<\/p>\n\n\n\n<p>La seule chose difficile c\u2019est la barri\u00e8re de la langue car il y a des Afghans, il y a des Arm\u00e9niens. Alors on a des cours de fran\u00e7ais qui sont donn\u00e9s ici avec nos coll\u00e8gues et petit \u00e0 petit, ils y arrivent \u00e0 force d\u2019entendre, d\u2019\u00e9couter, toute la journ\u00e9e on parle ensemble. On communique beaucoup ensemble.<\/p>\n\n\n\n<p>Pour recruter, au d\u00e9but on ne regarde pas si les personnes ont une base de couture, on regarde les dossiers sociaux, pour les aider \u00e0 se mettre dans le chemin du travail. Puis apr\u00e8s vient la couture, on est l\u00e0 pour les aider, pour leur apprendre \u00e0 utiliser les machines, tout le monde a la capacit\u00e9 d\u2019apprendre. On regarde surtout leur besoin d\u2019\u00eatre dans la soci\u00e9t\u00e9, d\u2019\u00eatre autonomes et de les mener vers le chemin du travail. Nous ne sommes pas une entreprise mais un chantier d\u2019insertion. Les salari\u00e9s restent au maximum 2 ans. On essaye de les accompagner, de voir ce qu\u2019ils aiment, on les emporte pour faire des immersions, ils ne sont pas oblig\u00e9s de rester dans la couture. Derni\u00e8rement on avait une personne qui aimait bien l\u2019espace vert, alors on l\u2019a orient\u00e9e et aujourd\u2019hui elle travaille dans les espaces verts.<\/p>\n\n\n\n<p>Lorsqu\u2019on sait que quelqu\u2019un veut travailler mais ne trouve pas de personne pour la tirer vers le haut, l\u00e0 on recrute. On recrute des jeunes mais aussi des personnes jusqu\u2019\u00e0 l\u2019\u00e2ge de la retraite.<\/p>\n\n\n\n<p>Je suis avec eux, quand je sens qu\u2019ils ne sont pas \u00e0 l\u2019aise avec une pi\u00e8ce, je leur donne quelque chose d\u2019autre et \u00e0 chaque fois on discute pour savoir ce qui leur pla\u00eet et ce qui ne leur pla\u00eet pas. \u00c7a fait 17 ans, je n\u2019ai jamais trouv\u00e9 de personnes qui n\u2019aiment pas la couture, que ce soient des hommes ou des femmes. Tout le monde est motiv\u00e9, je le sens qu\u2019ils veulent travailler. M\u00eame les personnes qui tremblaient au d\u00e9but piquent bien apr\u00e8s, tracent bien. Il faut \u00eatre motiv\u00e9 quand m\u00eame, autonome pour qu\u2019on arrive \u00e0 travailler, il faut un peu de motivation.<\/p>\n\n\n\n<p>Sinon pour le travail vraiment, pour moi personnellement je n\u2019ai pas trouv\u00e9 de difficult\u00e9s. C\u2019est vrai que pendant les confinements, juste on ne sait pas ce qu\u2019est le covid, si c\u2019est dans l\u2019air, dans les poign\u00e9es, on travaille dans le couvre-feu, tout \u00e7a fait peur au d\u00e9but. Mais petit \u00e0 petit, c\u2019est pass\u00e9.<\/p>\n\n\n\n<p>Sinon, je n\u2019ai pas trouv\u00e9 de difficult\u00e9s. Au d\u00e9but, c\u2019est vrai, quand j\u2019\u00e9tais encadrante, j\u2019ai eu peur. Mais petit \u00e0 petit, avec l\u2019aide de la directrice, je n\u2019ai pas trouv\u00e9 de difficult\u00e9. Je suis \u00e0 l\u2019\u00e9coute, je ne suis pas tr\u00e8s s\u00e9v\u00e8re, je suis souriante, \u00e0 l\u2019aise, j\u2019essaye vraiment d\u2019all\u00e9ger le travail entre les salari\u00e9s, d\u2019\u00eatre \u00e0 l\u2019\u00e9coute de tout le monde, de bien expliquer. Quand on est \u00e0 l\u2019\u00e9coute et qu\u2019on passe bien l\u2019information, y\u2019a pas de souci.<\/p>\n\n\n\n<ul><li><strong>Qu\u2019est-ce qui vous motive dans votre emploi\u00a0?<\/strong><\/li><\/ul>\n\n\n\n<p>J\u2019aime bien entendre les salari\u00e9s me remercier de leur apprendre des choses, quand le client me f\u00e9licite pour mon travail \u00e7a me fait vraiment du bien, \u00e7a fait plaisir. Je suis l\u00e0 pour donner quelque-chose qui ne va pas mourir, c\u2019est la couture, on vit avec, dans toute notre vie on a besoin de la couture, on peut dire que ce sont les m\u00e9tiers les plus bas mais on en a besoin pour tout, pour nos habits, pour la voiture. Et j\u2019aime bien quand les gens partent contents, moi je suis contente.<\/p>\n\n\n\n<p>Il faut \u00eatre \u00e0 l\u2019\u00e9coute de tout le monde et il faut avoir un bon c\u0153ur, il ne faut pas faire de diff\u00e9rence avec les salari\u00e9s, montrer et expliquer \u00e0 tout le monde de la m\u00eame fa\u00e7on. Il faut \u00eatre s\u00e9rieuse, comme une maman, il faut donner, donner et apr\u00e8s il n\u2019y a pas de probl\u00e8me.<\/p>\n\n\n\n<p><strong>3. \u00a0 \u00a0 \u00a0 \u00a0Comment votre m\u00e9tier a-t-il \u00e9volu\u00e9 par rapport au covid\u00a0? Comment percevez-vous votre m\u00e9tier dans 10 ans ou dans 20 ans ?<\/strong><\/p>\n\n\n\n<p>Pendant le confinement, j\u2019\u00e9tais l\u00e0 pour rassurer les salari\u00e9s. J\u2019\u00e9tais la premi\u00e8re \u00e0 venir, c\u2019\u00e9tait un devoir comme tous les devoirs, il faut \u00eatre ici et il y en a beaucoup qui ont r\u00e9pondu et m\u00eame des b\u00e9n\u00e9voles. C\u2019est la crise, il faut \u00eatre pr\u00e9sent et on se rassurait les uns et les autres. On a respect\u00e9 les barri\u00e8res sanitaires&nbsp;: il y a trois personnes dans chaque salle, il y a un m\u00e8tre de respect\u00e9, chacun travaille dans son coin, je faisais le tour, s\u2019il y a un probl\u00e8me, je suis l\u00e0. Tous les salari\u00e9s sont venus b\u00e9n\u00e9volement au d\u00e9but. C\u2019\u00e9tait tr\u00e8s important d\u2019\u00eatre pr\u00e9sent, ils veulent aider m\u00eame si au d\u00e9but on ne sait pas ce qu\u2019est le covid exactement mais on sait que la seule chose qui nous couvre ce sont les masques donc on est partis sur les masques. Christine [Chon\u00e9, la directrice] m\u2019a appel\u00e9e pour faire le patron d\u2019un masque alors je l\u2019ai fait puis le lendemain c\u2019\u00e9tait parti, on a fait le prototype, c\u2019\u00e9tait valid\u00e9, apr\u00e8s j\u2019ai appel\u00e9 quelques salari\u00e9s qui \u00e9taient libres, qui sont venus&nbsp;; juste j\u2019ai appel\u00e9, ils sont venus, sans souci.<\/p>\n\n\n\n<p>C\u2019\u00e9tait des associations qui nous appelaient, apr\u00e8s il y a eu la mairie de Vandoeuvre et aussi de Nancy, \u00e0 Max\u00e9ville. On a eu beaucoup de commandes que ce soient des associations, Jeunes et cit\u00e9, les mairies.<\/p>\n\n\n\n<p>On a aid\u00e9 pas mal d\u2019associations mais il y a eu aussi des appels d\u2019infirmi\u00e8res, de parents qui ont demand\u00e9 pour les \u00e9coles, etc\u2026 C\u2019\u00e9tait la seule solution, de travailler et de faire les masques donc on \u00e9tait pr\u00e9sents, on a r\u00e9pondu \u00e0 pas mal d\u2019associations et il y a des m\u00e9decins qui nous ont demand\u00e9 des tabliers.<\/p>\n\n\n\n<p>On a fait les masques pour 4F [Fabricant de maille] aussi et apr\u00e8s les masques, on a fait des vestes pour les sans-abris, le patron est fait par eux et nous on a juste \u00e0 piquer, on a fait les premiers prototypes aussi et apr\u00e8s c\u2019est Rotary [Association caritative qui \u0153uvre pour am\u00e9liorer les conditions de vie dans le monde] qui distribue les vestes. Ils ont des tissus sp\u00e9ciaux que nous on travaille, le tissu est \u00e9tanche, \u00e9lastique, coupe-vent. On a des commandes&nbsp;: par exemple, on a besoin d\u2019une centaine de XL, une centaine de M, une centaine de S et on pr\u00e9pare. Les vestes sont \u00e9tudi\u00e9es aupr\u00e8s des personnes sans abri pour correspondre \u00e0 leurs besoins.<\/p>\n\n\n\n<p>On fait aussi des kits pour les jeunes mamans avec la mairie de Max\u00e9ville. J\u2019ai fait le prototype avec les pochettes, les gants de toilette, les bavoirs, le lange, etc. C\u2019\u00e9tait valid\u00e9 et on a pris le projet. Il y a plus de 200 pi\u00e8ces \u00e0 faire.<\/p>\n\n\n\n<p>Je ne veux pas penser \u00e0 dans 10 ans ou dans 20 ans car vraiment je vais partir en retraite mais je suis contente car j\u2019ai form\u00e9 des salari\u00e9s qui ont aim\u00e9 \u00e7a, j\u2019ai pr\u00e9par\u00e9 des encadrantes qui sont vraiment motiv\u00e9es et ont bien appris, je suis derri\u00e8re eux et vraiment quand ils me disent \u00ab&nbsp;gr\u00e2ce \u00e0 toi, je suis arriv\u00e9 \u00e0 ce point&nbsp;\u00bb, \u00e7a me fait plaisir, vraiment.<\/p>\n\n\n\n<p>Je ne veux pas penser \u00e0 la retraite parce-que j\u2019ai vraiment pass\u00e9 de bons moments, m\u00eame quand les salari\u00e9s partent, ils m\u2019appellent toujours pour me dire qu\u2019ils ont bien aim\u00e9 les moments qu\u2019on a pass\u00e9s ensemble. Je remercie l\u2019association de m\u2019avoir autant donn\u00e9, il faut vraiment avoir un bon c\u0153ur, \u00eatre pr\u00e9sent, ne pas reculer et \u00eatre main dans la main avec les salari\u00e9s.<\/p>\n<div style=\"padding-bottom:20px; padding-top:10px;\" class=\"hupso-share-buttons\"><!-- Hupso Share Buttons - https:\/\/www.hupso.com\/share\/ --><a class=\"hupso_toolbar\" href=\"https:\/\/www.hupso.com\/share\/\"><img src=\"https:\/\/static.hupso.com\/share\/buttons\/lang\/fr\/share-medium.png\" style=\"border:0px; padding-top: 5px; float:left;\" alt=\"Share Button\"\/><\/a><script type=\"text\/javascript\">var hupso_services_t=new Array();var hupso_background_t=\"#EAF4FF\";var hupso_border_t=\"#66CCFF\";var hupso_toolbar_size_t=\"medium\";var hupso_image_folder_url = \"\";var hupso_url_t=\"\";var hupso_title_t=\"Elles%20font%20Max%C3%A9ville...%20%233\";<\/script><script type=\"text\/javascript\" src=\"https:\/\/static.hupso.com\/share\/js\/share_toolbar.js\"><\/script><!-- Hupso Share Buttons --><\/div>","protected":false},"excerpt":{"rendered":"<p>Hakima Trabelsi &#8211; Encadrante technique de chantier Entretien men\u00e9 par Flora Vincent, le 22 f\u00e9vrier 2022, dans les locaux deTricot couture service, 17 rue de Bavi\u00e8re \u00e0 Vand\u0153uvre-l\u00e8s-Nancy&#8230;.<\/p>\n","protected":false},"author":1,"featured_media":11584,"parent":0,"menu_order":0,"comment_status":"closed","ping_status":"closed","template":"","meta":[],"_links":{"self":[{"href":"https:\/\/maxeville.fr\/index.php\/wp-json\/wp\/v2\/pages\/11591"}],"collection":[{"href":"https:\/\/maxeville.fr\/index.php\/wp-json\/wp\/v2\/pages"}],"about":[{"href":"https:\/\/maxeville.fr\/index.php\/wp-json\/wp\/v2\/types\/page"}],"author":[{"embeddable":true,"href":"https:\/\/maxeville.fr\/index.php\/wp-json\/wp\/v2\/users\/1"}],"replies":[{"embeddable":true,"href":"https:\/\/maxeville.fr\/index.php\/wp-json\/wp\/v2\/comments?post=11591"}],"version-history":[{"count":1,"href":"https:\/\/maxeville.fr\/index.php\/wp-json\/wp\/v2\/pages\/11591\/revisions"}],"predecessor-version":[{"id":11592,"href":"https:\/\/maxeville.fr\/index.php\/wp-json\/wp\/v2\/pages\/11591\/revisions\/11592"}],"wp:featuredmedia":[{"embeddable":true,"href":"https:\/\/maxeville.fr\/index.php\/wp-json\/wp\/v2\/media\/11584"}],"wp:attachment":[{"href":"https:\/\/maxeville.fr\/index.php\/wp-json\/wp\/v2\/media?parent=11591"}],"curies":[{"name":"wp","href":"https:\/\/api.w.org\/{rel}","templated":true}]}}