{"id":1177,"date":"2016-11-08T10:26:01","date_gmt":"2016-11-08T09:26:01","guid":{"rendered":"http:\/\/www.maxeville.fr\/?page_id=1177"},"modified":"2017-11-02T11:22:39","modified_gmt":"2017-11-02T10:22:39","slug":"carte-nationale-identite","status":"publish","type":"page","link":"https:\/\/maxeville.fr\/index.php\/mon-quotidien\/carte-nationale-identite\/","title":{"rendered":"Carte nationale d&#8217;identit\u00e9"},"content":{"rendered":"<p>La mairie de Max\u00e9ville n\u2019assure plus les demandes de cartes nationales d\u2019identit\u00e9.<\/p>\n<p>Toutefois, nous restons \u00e0 votre disposition pour tous renseignements et mettons \u00e9galement \u00e0 votre disposition le formulaire de demande \u00e0 pr\u00e9-remplir.<\/p>\n<p>Depuis la r\u00e9forme du 28 mars 2017, le renouvellement ou l\u2019\u00e9tablissement d\u2019une carte nationale d\u2019identit\u00e9 s\u2019effectue uniquement dans les mairies \u00e9quip\u00e9es pour la r\u00e9alisation des passeports, le demandeur \u00e9tant libre de se rendre dans la mairie \u00e9quip\u00e9e de son choix.<\/p>\n<p><strong>Ci-dessous, la liste des mairies \u00e9quip\u00e9es de Meurthe-et-Moselle\u00a0:<\/strong><\/p>\n<table style=\"height: 2565px;\" width=\"619\">\n<tbody>\n<tr>\n<td width=\"121\"><strong>Mairie<\/strong><\/td>\n<td width=\"482\"><strong>Adresse<\/strong><\/td>\n<td width=\"150\"><strong>T\u00e9l\u00e9phone<\/strong><\/td>\n<\/tr>\n<tr>\n<td width=\"121\">BACCARAT<\/td>\n<td width=\"482\">Mairie \u2013 2 rue Adrien Michaut 54120 BACCARAT<\/td>\n<td width=\"150\">03 83 76 39 54 &#8211; 03 83 76 35 81<\/td>\n<\/tr>\n<tr>\n<td width=\"121\">DIEULOUARD<\/td>\n<td width=\"482\">8 rue Saint Laurent 54380 DIEULOUARD<\/td>\n<td width=\"150\">03 83 23 57 18<\/td>\n<\/tr>\n<tr>\n<td width=\"121\">FROUARD<\/td>\n<td width=\"482\">Mairie \u2013 48 bis rue de l\u2019H\u00f4tel de Ville 54390 FROUARD<\/td>\n<td width=\"150\">03 83 49 13 25<\/td>\n<\/tr>\n<tr>\n<td width=\"121\">HOMECOURT<\/td>\n<td width=\"482\">Mairie \u2013 9 rue Georges Cl\u00e9menceau 54310 HOMECOURT<\/td>\n<td width=\"150\">03 82 47 15 30<\/td>\n<\/tr>\n<tr>\n<td width=\"121\">JARNY<\/td>\n<td width=\"482\">Mairie \u2013 Place Paul Mennegand 54800 JARNY<\/td>\n<td width=\"150\">03 82 33 14 54<\/td>\n<\/tr>\n<tr>\n<td width=\"121\">JARVILLE-LA-MALGRANGE<\/td>\n<td width=\"482\">Mairie \u2013 25 rue de la R\u00e9publique 54140 JAVILLE-LA-MALGRANGE<\/td>\n<td width=\"150\">03 83 15 84 00<\/td>\n<\/tr>\n<tr>\n<td width=\"121\">JOEUF<\/td>\n<td width=\"482\">Mairie \u2013 30 place de l\u2019H\u00f4tel de Ville 54240 JOEUF<\/td>\n<td width=\"150\">03 82 22 20 60<\/td>\n<\/tr>\n<tr>\n<td width=\"121\">LAXOU<\/td>\n<td width=\"482\">H\u00f4tel de Ville \u2013 3 avenue Paul D\u00e9roul\u00e8de 54520 LAXOU<\/td>\n<td width=\"150\">03 83 90 54 55 &#8211; 03 83 90 54 54<\/td>\n<\/tr>\n<tr>\n<td width=\"121\">LONGUYON<\/td>\n<td width=\"482\">Mairie \u2013 1 place de l\u2019H\u00f4tel de Ville 54260 LONGUYON<\/td>\n<td width=\"150\">03 82 44 55 20<\/td>\n<\/tr>\n<tr>\n<td width=\"121\">LONGWY<\/td>\n<td width=\"482\">H\u00f4tel de Ville \u2013 4 avenue de la Grande Duchesse Charlotte 54400 LONGWY<\/td>\n<td width=\"150\">03 82 44 54 00<\/td>\n<\/tr>\n<tr>\n<td width=\"121\">LUNEVILLE<\/td>\n<td width=\"482\">Mairie principale \u2013 entr\u00e9e square du Souvenir Fran\u00e7ais 54300 LUN\u00c9VILLE<\/td>\n<td width=\"150\">03 83 76 23 12 &#8211; 03 83 76 23 14<\/td>\n<\/tr>\n<tr>\n<td rowspan=\"5\" width=\"121\">NANCY<\/td>\n<td width=\"482\"><strong>H\u00f4tel de ville<\/strong> \u2013 rue Pierre Fourrier 54000 NANCY<\/td>\n<td width=\"150\">03 83 85 31 92<\/td>\n<\/tr>\n<tr>\n<td width=\"482\"><strong>Mairie de Quartier Haut-du-Li\u00e8vre (Plateau de Haye)<\/strong> \u2013 rue Dominique Louis 54000 NANCY<\/td>\n<td width=\"150\">03 83 98 51 80<\/td>\n<\/tr>\n<tr>\n<td width=\"482\"><strong>Mairie de quartier d\u2019Haussonville<\/strong> \u2013 40 bis rue Joseph Laurent 54000 Nancy<\/td>\n<td width=\"150\">03 83 28 68 12<\/td>\n<\/tr>\n<tr>\n<td width=\"482\"><strong>Mairie de quartier Mon D\u00e9sert <\/strong>\u2013 6 rue Mon D\u00e9sert 54000 NANCY<\/td>\n<td width=\"150\">03 83 91 28 40<\/td>\n<\/tr>\n<tr>\n<td width=\"482\"><strong>Mairie de quartier St-Pierre Ren\u00e9e II<\/strong> \u2013 71 avenue de Lattre de Tassigny 54000 NANCY<\/td>\n<td width=\"150\">03 83 36 53 53<\/td>\n<\/tr>\n<tr>\n<td width=\"121\">NOMENY<\/td>\n<td width=\"482\">Mairie \u2013 3 place de la Victoire 54610 NOMENY<\/td>\n<td width=\"150\">03 83 31 30 01<\/td>\n<\/tr>\n<tr>\n<td width=\"121\">PONT-A-MOUSON<\/td>\n<td width=\"482\">Mairie \u2013 19 place Duroc 54700 PONT-A-MOUSSON<\/td>\n<td width=\"150\">03 83 81 10 68<\/td>\n<\/tr>\n<tr>\n<td width=\"121\">SAINT-MAX<\/td>\n<td width=\"482\">Mairie \u2013 32 avenue Carnot<\/td>\n<td width=\"150\">03 83 18 28 90<\/td>\n<\/tr>\n<tr>\n<td width=\"121\">TOUL<\/td>\n<td width=\"482\">H\u00f4tel de Ville \u2013 13 rue de Rigny 54200 TOUL<\/td>\n<td width=\"150\">03 83 63 70 00<\/td>\n<\/tr>\n<tr>\n<td width=\"121\">VAL DE BRIEY<\/td>\n<td width=\"482\">Mairie d\u00e9l\u00e9gu\u00e9e de Briey \u2013 1 place de l\u2019H\u00f4tel de Ville Briey 54150 VAL DE BRIEY<\/td>\n<td width=\"150\">03 82 47 16 16<\/td>\n<\/tr>\n<tr>\n<td width=\"121\">VANDOEUVRE-LES-NANCY<\/td>\n<td width=\"482\">Mairie \u2013 7 rue de Parme 54500 VANDOEUVRE-LES-NANCY<\/td>\n<td width=\"150\">03 83 51 80 00<\/td>\n<\/tr>\n<tr>\n<td width=\"121\">VEZELISE<\/td>\n<td width=\"482\">Mairie 54330 VEZELISE<\/td>\n<td width=\"150\">03 83 26 90 14<\/td>\n<\/tr>\n<tr>\n<td width=\"121\">VILLERUPT<\/td>\n<td width=\"482\">H\u00f4tel de Ville \u2013 5 avenue Albert Lebrun 54190 VILLERUPT<\/td>\n<td width=\"150\">03 82 89 33 11<\/td>\n<\/tr>\n<\/tbody>\n<\/table>\n<p>Il vous est fortement conseill\u00e9 de contacter la mairie \u00e9quip\u00e9e de votre choix par t\u00e9l\u00e9phone ou via son site internet avant tout d\u00e9placement afin de conna\u00eetre les modalit\u00e9s de d\u00e9p\u00f4t de votre demande de carte d\u2019identit\u00e9.<\/p>\n<h3>Important :<\/h3>\n<p>Vous pouvez \u00e9galement effectuer votre pr\u00e9-demande en ligne, rendez-vous \u00e0 l\u2019adresse suivante\u00a0: <a href=\"https:\/\/ants.gouv.fr\">ants.gouv.fr<\/a><\/p>\n<h3>Rappel :<\/h3>\n<p>Toute pi\u00e8ce d\u2019identit\u00e9 d\u00e9livr\u00e9e \u00e0 un usager MAJEUR depuis le 1<sup>er<\/sup> janvier 2004 est valable 5 ans de plus en France.<\/p>\n<p>La carte nationale d\u2019identit\u00e9 est donc valable 15 ans pour les personnes majeurs, 10 ans pour les personnes mineures.<\/p>\n<h3>Co\u00fbt du document\u00a0: Loi de Finances 2009<\/h3>\n<ul>\n<li>Renouvellement de la Carte Nationale d\u2019Identit\u00e9\u00a0: Gratuit (la personne poss\u00e8de son ancienne carte)<\/li>\n<li>1<sup>re<\/sup> demande de la Carte Nationale d\u2019Identit\u00e9\u00a0: Gratuit<\/li>\n<li>Perte ou vol de la Carte Nationale d\u2019Identit\u00e9\u00a0: droit de timbre 25 euros (non pr\u00e9sentation de la carte nationalit\u00e9 d\u2019identit\u00e9 pr\u00e9c\u00e9dente)<\/li>\n<\/ul>\n<h5>Pi\u00e8ces \u00e0 fournir<\/h5>\n<h3>Lors d\u2019une premi\u00e8re demande, d\u2019une perte ou du vol de la carte :<\/h3>\n<ul>\n<li>Une copie int\u00e9grale de l\u2019acte de naissance avec filiation compl\u00e8te en original et de moins de 3 mois<\/li>\n<li>Pour les personnes n\u00e9es \u00e0 l\u2019\u00e9tranger\u00a0: \u00e9crire \u00e0 Nantes, Minist\u00e8re des Affaires \u00c9trang\u00e8res \u2013 Service central de l\u2019\u00c9tat Civil \u2013 BP 1056 &#8211; 44\u00a0941 Nantes Cedex<\/li>\n<li>Livret de famille si le demandeur est une femme mari\u00e9e, divorc\u00e9e, veuve ou une personne mineure<\/li>\n<li>Copie de la pi\u00e8ce d\u2019identit\u00e9 du repr\u00e9sentant l\u00e9gal pour une personne mineure<\/li>\n<li>1 justificatif de domicile de moins de 3 mois (quittance EDF, loyer, imp\u00f4ts\u2026pour les personnes majeures, attestation de l\u2019h\u00e9bergeant + copie de sa CNI)<\/li>\n<li>2 photographies d\u2019identit\u00e9s identiques conformes aux normes ne pas les d\u00e9couper<\/li>\n<li>En cas de divorce\u00a0: photocopie compl\u00e8te du jugement de divorce d\u00e9finitif (uniquement pour l\u2019\u00e9pouse<\/li>\n<li>Perte ou vol : original de la d\u00e9claration + timbre fiscal \u00e0 25 euros<\/li>\n<li>Obtention de la nationalit\u00e9 fran\u00e7aise\u00a0: certificat d\u00e9livr\u00e9 par le tribunal d\u2019Instance du lieu de r\u00e9sidence<\/li>\n<li>Date et lieu de naissance des parents.<\/li>\n<\/ul>\n<p>La d\u00e9claration de vol doit \u00eatre faite aupr\u00e8s de l\u2019H\u00f4tel de Police ou de la Gendarmerie comp\u00e9tent(e).<br \/>\nLa d\u00e9claration de perte est faite en Mairie lors de l\u2019\u00e9tablissement du dossier.<\/p>\n<h3>Pour un renouvellement d\u2019une carte s\u00e9curis\u00e9e\u00a0:<\/h3>\n<ul>\n<li>Carte d\u2019identit\u00e9 p\u00e9rim\u00e9e ou \u00e0 remplacer<\/li>\n<li>Une copie de la pi\u00e8ce d\u2019identit\u00e9 du repr\u00e9sentant l\u00e9gal pour toute personne mineure<\/li>\n<li>Livret de famille si le demandeur est une femme mari\u00e9e, divorc\u00e9e, veuve ou une personne mineure<\/li>\n<li>1 justificatif de domicile de moins de 3 mois (quittance EDF, loyer, imp\u00f4ts\u2026 pour les personnes majeures, attestation de l\u2019h\u00e9bergeant + copie de sa CNI)<\/li>\n<li>En cas de divorce\u00a0: photocopie compl\u00e8te du jugement de divorce d\u00e9finitif (uniquement pour l\u2019\u00e9pouse)<\/li>\n<li>2 photographies d\u2019identit\u00e9s identiques conformes aux normes (ne pas les d\u00e9couper)<\/li>\n<li>Date et lieu de naissance des parents.<\/li>\n<\/ul>\n<p><strong>Site officiel<\/strong> : <a href=\"http:\/\/www.service-public.fr\/\">service-public.fr<\/a><\/p>\n<div style=\"padding-bottom:20px; padding-top:10px;\" class=\"hupso-share-buttons\"><!-- Hupso Share Buttons - https:\/\/www.hupso.com\/share\/ --><a class=\"hupso_toolbar\" href=\"https:\/\/www.hupso.com\/share\/\"><img src=\"https:\/\/static.hupso.com\/share\/buttons\/lang\/fr\/share-medium.png\" style=\"border:0px; padding-top: 5px; float:left;\" alt=\"Share Button\"\/><\/a><script type=\"text\/javascript\">var hupso_services_t=new Array();var hupso_background_t=\"#EAF4FF\";var hupso_border_t=\"#66CCFF\";var hupso_toolbar_size_t=\"medium\";var hupso_image_folder_url = \"\";var hupso_url_t=\"\";var hupso_title_t=\"Carte%20nationale%20d%27identit%C3%A9\";<\/script><script type=\"text\/javascript\" src=\"https:\/\/static.hupso.com\/share\/js\/share_toolbar.js\"><\/script><!-- Hupso Share Buttons --><\/div>","protected":false},"excerpt":{"rendered":"<p>La mairie de Max\u00e9ville n\u2019assure plus les demandes de cartes nationales d\u2019identit\u00e9. Toutefois, nous restons \u00e0 votre disposition pour tous renseignements et mettons \u00e9galement \u00e0 votre disposition le&#8230;<\/p>\n","protected":false},"author":1,"featured_media":0,"parent":242,"menu_order":9,"comment_status":"closed","ping_status":"closed","template":"","meta":[],"_links":{"self":[{"href":"https:\/\/maxeville.fr\/index.php\/wp-json\/wp\/v2\/pages\/1177"}],"collection":[{"href":"https:\/\/maxeville.fr\/index.php\/wp-json\/wp\/v2\/pages"}],"about":[{"href":"https:\/\/maxeville.fr\/index.php\/wp-json\/wp\/v2\/types\/page"}],"author":[{"embeddable":true,"href":"https:\/\/maxeville.fr\/index.php\/wp-json\/wp\/v2\/users\/1"}],"replies":[{"embeddable":true,"href":"https:\/\/maxeville.fr\/index.php\/wp-json\/wp\/v2\/comments?post=1177"}],"version-history":[{"count":29,"href":"https:\/\/maxeville.fr\/index.php\/wp-json\/wp\/v2\/pages\/1177\/revisions"}],"predecessor-version":[{"id":2754,"href":"https:\/\/maxeville.fr\/index.php\/wp-json\/wp\/v2\/pages\/1177\/revisions\/2754"}],"up":[{"embeddable":true,"href":"https:\/\/maxeville.fr\/index.php\/wp-json\/wp\/v2\/pages\/242"}],"wp:attachment":[{"href":"https:\/\/maxeville.fr\/index.php\/wp-json\/wp\/v2\/media?parent=1177"}],"curies":[{"name":"wp","href":"https:\/\/api.w.org\/{rel}","templated":true}]}}