{"id":124,"date":"2016-04-01T11:11:54","date_gmt":"2016-04-01T13:11:54","guid":{"rendered":"http:\/\/www.maxeville.fr\/?page_id=124"},"modified":"2026-03-26T14:57:22","modified_gmt":"2026-03-26T13:57:22","slug":"conseils-municipaux","status":"publish","type":"page","link":"https:\/\/maxeville.fr\/index.php\/ma-ville\/conseils-municipaux\/","title":{"rendered":"Conseils municipaux"},"content":{"rendered":"<h3><\/h3>\n<h3>Ann\u00e9e 2026 :<\/h3>\n<h3>21 mars | installation du nouveau Conseil Municipal<\/h3>\n<p><a href=\"https:\/\/maxeville.fr\/wp-content\/uploads\/2026\/03\/ODJ-CM-21-03.pdf\" target=\"_blank\" rel=\"noreferrer noopener\" data-type=\"URL\" data-id=\"https:\/\/maxeville.fr\/wp-content\/uploads\/2026\/03\/ODJ-CM-21-03.pdf\">Ordre du jour<\/a><br \/>\n<a href=\"https:\/\/maxeville.fr\/wp-content\/uploads\/2026\/03\/PV-210326.pdf\" target=\"_blank\" rel=\"noopener\">Proc\u00e8s verbal<\/a><\/p>\n<h3>3 f\u00e9vrier<\/h3>\n<p><a href=\"https:\/\/maxeville.fr\/wp-content\/uploads\/2026\/01\/ODJ-CM-03-02.pdf\" target=\"_blank\" rel=\"noopener\">Ordre du jour<\/a><br \/>\n<a href=\"https:\/\/maxeville.fr\/wp-content\/uploads\/2026\/02\/PV-030226.pdf\" target=\"_blank\" rel=\"noopener\">Proc\u00e8s verbal<\/a><br \/>\n<a href=\"https:\/\/maxeville.fr\/wp-content\/uploads\/2026\/02\/Budget-primitif-2026-web.pdf\" target=\"_blank\" rel=\"noopener\"><em>&gt;Budget primitif 2026<\/em><\/a><\/p>\n<h3>Ann\u00e9e 2025 :<\/h3>\n<h3>9 d\u00e9cembre<\/h3>\n<p><a href=\"https:\/\/maxeville.fr\/wp-content\/uploads\/2025\/12\/ODJ-CM-09-12.pdf\" target=\"_blank\" rel=\"noreferrer noopener\" data-type=\"URL\" data-id=\"https:\/\/maxeville.fr\/wp-content\/uploads\/2025\/12\/ODJ-CM-09-12.pdf\">Ordre du jour<\/a><br \/>\n<em><a href=\"https:\/\/maxeville.fr\/wp-content\/uploads\/2025\/12\/ROB-26-web.pdf\" target=\"_blank\" rel=\"noreferrer noopener\" data-type=\"URL\" data-id=\"https:\/\/maxeville.fr\/wp-content\/uploads\/2025\/12\/ROB-26-web.pdf\">&gt;rapport d\u2019orientation budg\u00e9taire 2026<\/a><\/em><\/p>\n<h3>16 septembre<\/h3>\n<p><a href=\"https:\/\/maxeville.fr\/wp-content\/uploads\/2025\/09\/ODJ-092025.pdf\" target=\"_blank\" rel=\"noopener\">Ordre du jour<\/a><br \/>\n<a href=\"https:\/\/maxeville.fr\/wp-content\/uploads\/2025\/09\/PV-16-09-25.pdf\" target=\"_blank\" rel=\"noopener\">Proc\u00e8s verbal<\/a><\/p>\n<h3>24 juin<\/h3>\n<p><a href=\"https:\/\/maxeville.fr\/wp-content\/uploads\/2025\/07\/CM24062025.pdf\" target=\"_blank\" rel=\"noopener\">Ordre du jour<\/a><br \/>\n<a href=\"https:\/\/maxeville.fr\/wp-content\/uploads\/2025\/07\/PV-24-06-25.pdf\">Proc\u00e8s verbal<\/a><\/p>\n<h3><\/h3>\n<h3>1er avril<\/h3>\n<p><a href=\"https:\/\/maxeville.fr\/wp-content\/uploads\/2025\/03\/CM01042025.pdf\" target=\"_blank\" rel=\"noopener\">Ordre du jour<\/a><br \/>\n<a href=\"https:\/\/maxeville.fr\/wp-content\/uploads\/2025\/04\/PV-CM-01-04-25.pdf\">Proc\u00e8s verbal<\/a><\/p>\n<h3>4 f\u00e9vrier<\/h3>\n<p><a href=\"https:\/\/maxeville.fr\/wp-content\/uploads\/2025\/01\/ODJ-pour-site-Internet.pdf\" target=\"_blank\" rel=\"noopener\">Ordre du jour<\/a><br \/>\n<a href=\"https:\/\/maxeville.fr\/wp-content\/uploads\/2025\/03\/PV-04-02-25.pdf\" target=\"_blank\" rel=\"noopener\">Proc\u00e8s verbal<\/a><\/p>\n<h3>Ann\u00e9e 2024 :<\/h3>\n<h3>17 d\u00e9cembre<\/h3>\n<p><a href=\"https:\/\/maxeville.fr\/wp-content\/uploads\/2024\/12\/ODJ-17-12-24.pdf\">Ordre du jour<\/a><br \/>\n<a href=\"https:\/\/maxeville.fr\/wp-content\/uploads\/2025\/12\/proces-verbal_17122024.pdf\">Proc\u00e8s verbal<\/a><br \/>\n<a href=\"https:\/\/maxeville.fr\/wp-content\/uploads\/2024\/12\/ROB-25-web.pdf\" target=\"_blank\" rel=\"noopener\"><em>&gt;rapport d&#8217;orientation budg\u00e9taire 2025<\/em><\/a><\/p>\n<h3>20 septembre<\/h3>\n<p><a href=\"https:\/\/maxeville.fr\/wp-content\/uploads\/2024\/09\/ODJ20092024.pdf\" target=\"_blank\" rel=\"noreferrer noopener\" data-type=\"URL\" data-id=\"https:\/\/maxeville.fr\/wp-content\/uploads\/2024\/09\/ODJ20092024.pdf\">Ordre du jour<\/a><br \/>\n<a href=\"https:\/\/maxeville.fr\/wp-content\/uploads\/2024\/09\/PV-20-09-24.pdf\">Proc\u00e8s verbal<\/a><\/p>\n<h3>8 juillet<\/h3>\n<p><a href=\"https:\/\/maxeville.fr\/wp-content\/uploads\/2024\/07\/Conseil-Municipal-8-juillet-2024-1.pdf\" target=\"_blank\" rel=\"noopener\">Ordre du jour<\/a><br \/>\n<a href=\"https:\/\/maxeville.fr\/wp-content\/uploads\/2024\/09\/PV-08-07-24.pdf\">Proc\u00e8s verbal<\/a><\/p>\n<h3>12 avril<\/h3>\n<p><a href=\"https:\/\/maxeville.fr\/wp-content\/uploads\/2024\/04\/ODJ120424.pdf\">Ordre du jour<\/a><br \/>\n<a href=\"https:\/\/maxeville.fr\/wp-content\/uploads\/2024\/04\/PV-12-04-24.pdf\">Proc\u00e8s verbal<\/a><\/p>\n<h3>16 f\u00e9vrier<\/h3>\n<p><a href=\"https:\/\/maxeville.fr\/wp-content\/uploads\/2024\/02\/ODJ_16022024.pdf\">Ordre du jour<\/a><br \/>\n<a href=\"https:\/\/maxeville.fr\/wp-content\/uploads\/2024\/02\/PV-16-02-24.pdf\">Proc\u00e8s verbal<\/a><br \/>\n<a href=\"https:\/\/maxeville.fr\/wp-content\/uploads\/2024\/02\/ROB-24_WEB.pdf\" target=\"_blank\" rel=\"noopener\"><em>&gt; rapport d&#8217;orientation budg\u00e9taire 2024<\/em><\/a><\/p>\n<h3>Ann\u00e9e 2023 :<\/h3>\n<h3>8 d\u00e9cembre<\/h3>\n<p><a href=\"https:\/\/maxeville.fr\/wp-content\/uploads\/2023\/12\/ODJ_8-12-2023.pdf\">Ordre du jour<\/a><br \/>\n<a href=\"https:\/\/maxeville.fr\/wp-content\/uploads\/2024\/01\/PV-08-12-23.pdf\">Proc\u00e8s verbal<\/a><\/p>\n<h3>22 septembre<\/h3>\n<p><a href=\"https:\/\/maxeville.fr\/wp-content\/uploads\/2023\/09\/ODJ22092023.pdf\">Ordre du jour<\/a><br \/>\n<a href=\"https:\/\/maxeville.fr\/wp-content\/uploads\/2023\/10\/PV-22-09-23.pdf\">Proc\u00e8s verbal<\/a><\/p>\n<h3>16 juin<\/h3>\n<p><a href=\"https:\/\/maxeville.fr\/wp-content\/uploads\/2023\/06\/ODJ160623.pdf\">Ordre du jour<\/a><br \/>\n<a href=\"https:\/\/maxeville.fr\/wp-content\/uploads\/2023\/06\/PV-16-06-23.pdf\">Proc\u00e8s verbal<\/a><\/p>\n<h3>9 juin<\/h3>\n<p><a href=\"https:\/\/maxeville.fr\/wp-content\/uploads\/2023\/06\/ODJ0906-1.pdf\" target=\"_blank\" rel=\"noreferrer noopener\" data-type=\"URL\" data-id=\"https:\/\/maxeville.fr\/wp-content\/uploads\/2023\/01\/ODJ-030223.pdf\">Ordre du jour<\/a><br \/>\n<a href=\"https:\/\/maxeville.fr\/wp-content\/uploads\/2023\/06\/PV-09-06-23.pdf\">Proc\u00e8s verbal<\/a><\/p>\n<h3>7 avril<\/h3>\n<p><a href=\"https:\/\/maxeville.fr\/wp-content\/uploads\/2023\/04\/ODJ70423.pdf\" target=\"_blank\" rel=\"noreferrer noopener\" data-type=\"URL\" data-id=\"https:\/\/maxeville.fr\/wp-content\/uploads\/2023\/01\/ODJ-030223.pdf\">Ordre du jour<\/a><br \/>\n<a href=\"https:\/\/maxeville.fr\/wp-content\/uploads\/2023\/05\/PV-07-04-2023.pdf\" target=\"_blank\" rel=\"noopener\">Proc\u00e8s verbal<\/a><\/p>\n<h3>3 f\u00e9vrier<\/h3>\n<div class=\"post-content\">\n<p><a href=\"https:\/\/maxeville.fr\/wp-content\/uploads\/2023\/01\/ODJ-030223.pdf\" target=\"_blank\" rel=\"noreferrer noopener\" data-type=\"URL\" data-id=\"https:\/\/maxeville.fr\/wp-content\/uploads\/2023\/01\/ODJ-030223.pdf\">Ordre du jour<\/a><br \/>\n<a href=\"https:\/\/maxeville.fr\/wp-content\/uploads\/2023\/02\/PV-03-02-2023.pdf\" target=\"_blank\" rel=\"noopener\">Proc\u00e8s verbal<\/a><\/p>\n<\/div>\n<h3>Ann\u00e9e 2022 :<\/h3>\n<h3>9 d\u00e9cembre<\/h3>\n<p><a href=\"https:\/\/maxeville.fr\/wp-content\/uploads\/2022\/12\/ODJ091222.pdf\" target=\"_blank\" rel=\"noopener\">Ordre du jour<\/a><br \/>\n<a href=\"https:\/\/maxeville.fr\/wp-content\/uploads\/2022\/12\/PV-09-12-2022.pdf\" target=\"_blank\" rel=\"noopener\">Proc\u00e8s verbal<\/a><\/p>\n<h3>23 septembre<\/h3>\n<p><a href=\"https:\/\/maxeville.fr\/wp-content\/uploads\/2022\/09\/230922.pdf\" target=\"_blank\" rel=\"noopener\">Ordre du jour<\/a><br \/>\n<a href=\"https:\/\/maxeville.fr\/wp-content\/uploads\/2022\/10\/PV-23-09-2022.pdf\" target=\"_blank\" rel=\"noopener\">Proc\u00e8s verbal<\/a><\/p>\n<h3>10 juin<\/h3>\n<p><a href=\"https:\/\/maxeville.fr\/wp-content\/uploads\/2022\/06\/ODJ100622-1.pdf\" target=\"_blank\" rel=\"noopener\">Ordre du jour<\/a><br \/>\n<a href=\"https:\/\/maxeville.fr\/wp-content\/uploads\/2022\/09\/PV-10-06-2022.pdf\">Proc\u00e8s verbal<\/a><\/p>\n<h3>1er avril<\/h3>\n<p><a href=\"https:\/\/maxeville.fr\/wp-content\/uploads\/2022\/03\/ODJ-CM-01042022_Site-.pdf\">Ordre du jour<\/a><br \/>\n<a href=\"https:\/\/maxeville.fr\/wp-content\/uploads\/2022\/04\/PV-01-04-2022.pdf\">Proc\u00e8s verbal<\/a><\/p>\n<h3>4 f\u00e9vrier<\/h3>\n<p><a href=\"https:\/\/maxeville.fr\/wp-content\/uploads\/2022\/01\/ODJ-CM-4-fev-22.pdf\">Ordre du jour<\/a><br \/>\n<a href=\"https:\/\/maxeville.fr\/wp-content\/uploads\/2022\/02\/PV-04-02-2022.pdf\" target=\"_blank\" rel=\"noopener\">Proc\u00e8s verbal<\/a><\/p>\n<h3>Ann\u00e9e 2021 :<\/h3>\n<h3>10 d\u00e9cembre<\/h3>\n<p><a href=\"https:\/\/maxeville.fr\/wp-content\/uploads\/2021\/12\/ODJ-CM-10_12_21.pdf\">Ordre du jour<\/a><br \/>\n<a href=\"https:\/\/maxeville.fr\/wp-content\/uploads\/2021\/12\/PV-site-internet-10-12-2021.pdf\">Proc\u00e8s verbal<\/a><\/p>\n<h3>22 octobre<\/h3>\n<p><a href=\"https:\/\/maxeville.fr\/wp-content\/uploads\/2021\/10\/ODJ-pour-site-Internet.pdf\">Ordre du jour<\/a><br \/>\n<a href=\"https:\/\/maxeville.fr\/wp-content\/uploads\/2021\/10\/PV-site-Internet-22-10-2021.pdf\">Proc\u00e8s verbal<\/a><\/p>\n<h3>24 septembre<\/h3>\n<p><a href=\"https:\/\/maxeville.fr\/wp-content\/uploads\/2021\/09\/ODJ_24septembre2021.pdf\">Ordre du jour\u00a0<\/a><br \/>\n<a href=\"https:\/\/maxeville.fr\/wp-content\/uploads\/2021\/09\/PV-24-09-2021.pdf\">Proc\u00e8s verbal<\/a><\/p>\n<h3>8 juillet<\/h3>\n<p><a href=\"https:\/\/maxeville.fr\/wp-content\/uploads\/2021\/06\/ODJ-CM-08-07-21.pdf\">Ordre du jour\u00a0<\/a><br \/>\n<a href=\"https:\/\/maxeville.fr\/wp-content\/uploads\/2021\/07\/PV-08-07-2021.pdf\">Proc\u00e8s verbal<\/a><\/p>\n<h3>2 avril<\/h3>\n<p><a href=\"https:\/\/maxeville.fr\/wp-content\/uploads\/2021\/03\/Ordre-du-jour-Conseil-municipal-du-2-avril-2021.pdf\">Ordre du jour<\/a><br \/>\n<a href=\"https:\/\/maxeville.fr\/wp-content\/uploads\/2021\/04\/PV-Conseil-municipal-02-04-2021-3.pdf\">Proc\u00e8s verbal\u00a0<\/a><\/p>\n<h3>5 f\u00e9vrier<\/h3>\n<p><a href=\"https:\/\/maxeville.fr\/wp-content\/uploads\/2021\/01\/Ordre-du-jour-Conseil-municipal-du-5-f\u00e9vrier-2021.pdf\">Ordre du jour<\/a><br \/>\n<a href=\"https:\/\/maxeville.fr\/wp-content\/uploads\/2021\/12\/PV-05-02-2021.pdf\" target=\"_blank\" rel=\"noopener\">Proc\u00e8s verbal<\/a><\/p>\n<h3>Ann\u00e9e 2020 :<\/h3>\n<h3>11 d\u00e9cembre<\/h3>\n<p><a href=\"https:\/\/maxeville.fr\/wp-content\/uploads\/2020\/12\/Ordre-du-jour-Conseil-municipal-du-11-d%C3%A9cembre-2020.pdf\">Ordre du jour<\/a><br \/>\n<a href=\"https:\/\/maxeville.fr\/wp-content\/uploads\/2021\/01\/PV-11-12-2020.pdf\">Proc\u00e8s verbal<\/a><\/p>\n<h3>24 septembre<\/h3>\n<p><a href=\"https:\/\/maxeville.fr\/wp-content\/uploads\/2020\/09\/Ordre-du-jour-Conseil-Municipal-du-24-septembre-2020.pdf\">Ordre du jour | <\/a><a href=\"https:\/\/maxeville.fr\/wp-content\/uploads\/2020\/09\/ordre-du-jour-Conseil-Municipal-du-24-septembre-2020-2.pdf\">Ordre du jour \u2013 suite<\/a><br \/>\n<a href=\"https:\/\/maxeville.fr\/wp-content\/uploads\/2021\/01\/PV-24-09-2020.pdf\">Proc\u00e8s verbal<\/a><\/p>\n<h3>12 juin<\/h3>\n<p><a href=\"https:\/\/maxeville.fr\/wp-content\/uploads\/2020\/06\/ordre-du-jour-conseil-municipal-12-juin-2020.pdf\" target=\"_blank\" rel=\"noopener noreferrer\">Ordre du jour<\/a><br \/>\n<a href=\"https:\/\/maxeville.fr\/wp-content\/uploads\/2020\/06\/PV-12-06-2020.pdf\">Proc\u00e8s verbal<\/a><\/p>\n<h3>24 mai<\/h3>\n<p><a href=\"https:\/\/maxeville.fr\/wp-content\/uploads\/2020\/05\/ODJ-Conseil-Municipal-dInstallation-2020.pdf\" target=\"_blank\" rel=\"noopener noreferrer\">Ordre du jour<\/a><br \/>\n<a href=\"https:\/\/maxeville.fr\/wp-content\/uploads\/2020\/06\/Proc\u00e8s-Verbal-du-Conseil-Municipal-dinstallation-24-05-2020-2.pdf\" target=\"_blank\" rel=\"noopener noreferrer\">Proc\u00e8s verbal<\/a><\/p>\n<h3>14 f\u00e9vrier<\/h3>\n<p><a href=\"https:\/\/maxeville.fr\/wp-content\/uploads\/2020\/03\/ODJ-14-02-2020.pdf\" target=\"_blank\" rel=\"noopener noreferrer\">Ordre du jour<\/a><br \/>\n<a href=\"https:\/\/maxeville.fr\/wp-content\/uploads\/2020\/03\/14-02-2020.pdf\" target=\"_blank\" rel=\"noopener noreferrer\">D\u00e9lib\u00e9rations<\/a><\/p>\n<h3>Ann\u00e9e 2019 :<\/h3>\n<h3>19 d\u00e9cembre<\/h3>\n<p><a href=\"https:\/\/maxeville.fr\/wp-content\/uploads\/2020\/03\/ODJ-19-12-2019.pdf\" target=\"_blank\" rel=\"noopener noreferrer\">Ordre du jour<\/a><br \/>\n<a href=\"https:\/\/maxeville.fr\/wp-content\/uploads\/2020\/03\/19-12-2019.pdf\" target=\"_blank\" rel=\"noopener noreferrer\">D\u00e9lib\u00e9rations<\/a><\/p>\n<h3>5 novembre<\/h3>\n<p><a href=\"https:\/\/maxeville.fr\/wp-content\/uploads\/2020\/03\/ODJ-05.11.2019.pdf\" target=\"_blank\" rel=\"noopener noreferrer\">Ordre du jour<\/a><br \/>\n<a href=\"https:\/\/maxeville.fr\/wp-content\/uploads\/2020\/03\/05-11-2019.pdf\" target=\"_blank\" rel=\"noopener noreferrer\">D\u00e9lib\u00e9rations<\/a><\/p>\n<h3>27 septembre<\/h3>\n<p><a href=\"https:\/\/maxeville.fr\/wp-content\/uploads\/2019\/09\/ODJ-conseil2709.pdf\" target=\"_blank\" rel=\"noopener noreferrer\">Ordre du jour<\/a><br \/>\n<a href=\"https:\/\/maxeville.fr\/wp-content\/uploads\/2020\/03\/27-09-2019.pdf\" target=\"_blank\" rel=\"noopener noreferrer\">D\u00e9lib\u00e9rations<\/a><\/p>\n<h3>14 juin<\/h3>\n<p><a href=\"https:\/\/maxeville.fr\/wp-content\/uploads\/2019\/06\/ODJ_conseildu14juin2019.pdf\" target=\"_blank\" rel=\"noopener noreferrer\">Ordre du jour<\/a><br \/>\n<a href=\"https:\/\/maxeville.fr\/wp-content\/uploads\/2020\/03\/14-06-2019.pdf\" target=\"_blank\" rel=\"noopener noreferrer\">D\u00e9lib\u00e9rations<\/a><\/p>\n<h3>5 avril<\/h3>\n<p><a href=\"https:\/\/maxeville.fr\/wp-content\/uploads\/2019\/03\/Conseil-municipal-vendredi-5-avril-2019-%C3%A0-18h00.pdf\">Ordre du jour<\/a><br \/>\n<a href=\"https:\/\/maxeville.fr\/wp-content\/uploads\/2019\/05\/05-04-19.pdf\">D\u00e9lib\u00e9rations<\/a><\/p>\n<h3>8 f\u00e9vrier<\/h3>\n<p><a href=\"https:\/\/maxeville.fr\/wp-content\/uploads\/2019\/02\/conseil_8fevrier_ODJ.pdf\">Ordre du jour<\/a><br \/>\n<a href=\"https:\/\/maxeville.fr\/wp-content\/uploads\/2019\/05\/08-02-19.pdf\">D\u00e9lib\u00e9rations<\/a><\/p>\n<h3>Ann\u00e9e 2018 :<\/h3>\n<h3>30 novembre<\/h3>\n<p><a href=\"https:\/\/maxeville.fr\/wp-content\/uploads\/2018\/11\/ODJ-conseil30_11_18.pdf\" target=\"_blank\" rel=\"noopener noreferrer\">Ordre du jour<\/a><br \/>\n<a href=\"https:\/\/maxeville.fr\/wp-content\/uploads\/2018\/12\/30-11-18.pdf\" target=\"_blank\" rel=\"noopener noreferrer\">D\u00e9lib\u00e9rations<\/a><\/p>\n<h3>28 septembre<\/h3>\n<p><a href=\"https:\/\/maxeville.fr\/wp-content\/uploads\/2018\/10\/Ordre-du-jour-28-septembre-2018.pdf\">Ordre du jour<\/a><br \/>\n<a href=\"https:\/\/maxeville.fr\/wp-content\/uploads\/2018\/10\/D\u00e9lib\u00e9rations-28-09-18.pdf\">D\u00e9lib\u00e9rations<\/a><\/p>\n<h3>15 juin<\/h3>\n<p><a href=\"https:\/\/maxeville.fr\/wp-content\/uploads\/2018\/06\/CM-15-juin-2018.pdf\">Ordre du jour<\/a><br \/>\n<a href=\"https:\/\/maxeville.fr\/wp-content\/uploads\/2018\/06\/15-06-18.pdf\">D\u00e9lib\u00e9rations<\/a><\/p>\n<h3>30 mars<\/h3>\n<p><a href=\"https:\/\/maxeville.fr\/wp-content\/uploads\/2018\/06\/CM-30-mars.pdf\">Ordre du jour<\/a><br \/>\n<a href=\"https:\/\/maxeville.fr\/wp-content\/uploads\/2018\/06\/30-03-18.pdf\">D\u00e9lib\u00e9rations<\/a><\/p>\n<h3>16 f\u00e9vrier<\/h3>\n<p><a href=\"https:\/\/maxeville.fr\/wp-content\/uploads\/2018\/02\/Ordre-du-jour.pdf\">Ordre du jour<\/a><br \/>\n<a href=\"https:\/\/maxeville.fr\/wp-content\/uploads\/2018\/02\/D\u00e9lib\u00e9rations.pdf\">D\u00e9lib\u00e9rations<\/a><\/p>\n<h3>Ann\u00e9e 2017 :<\/h3>\n<h3>1<sup>er<\/sup> d\u00e9cembre<\/h3>\n<p><a href=\"https:\/\/maxeville.fr\/wp-content\/uploads\/2017\/11\/Affichage-du-1-d\u00e9cembre-2017-.pdf\" target=\"_blank\" rel=\"noopener noreferrer\">Ordre du jour<\/a><br \/>\n<a href=\"https:\/\/maxeville.fr\/wp-content\/uploads\/2018\/06\/01-12-17.pdf\">D\u00e9lib\u00e9rations<\/a><\/p>\n<hr \/>\n<h3>29 septembre<\/h3>\n<p><a href=\"http:\/\/www.maxeville.fr\/wp-content\/uploads\/2017\/10\/Ordre-du-Jour-conseil-municipal-2-juin-2017.pdf\" target=\"_blank\" rel=\"noopener noreferrer\">Ordre du jour<\/a><br \/>\n<a href=\"http:\/\/www.maxeville.fr\/wp-content\/uploads\/2017\/10\/D\u00e9lib\u00e9rations-29-septembre-2017.pdf\" target=\"_blank\" rel=\"noopener noreferrer\">D\u00e9lib\u00e9rations<\/a><\/p>\n<hr \/>\n<h3>30 juin<\/h3>\n<p><a href=\"https:\/\/maxeville.fr\/wp-content\/uploads\/2017\/11\/Convocation-30-juin-2017.pdf\" target=\"_blank\" rel=\"noopener noreferrer\">Ordre du jour<\/a><br \/>\n<a href=\"https:\/\/maxeville.fr\/wp-content\/uploads\/2018\/11\/30-06-17.pdf\" target=\"_blank\" rel=\"noopener noreferrer\">D\u00e9lib\u00e9rations<\/a><\/p>\n<hr \/>\n<h3>2 juin<\/h3>\n<p><a href=\"https:\/\/maxeville.fr\/wp-content\/uploads\/2018\/03\/02-06-17.pdf\" target=\"_blank\" rel=\"noopener noreferrer\">Ordre du jour<\/a><br \/>\n<a href=\"https:\/\/maxeville.fr\/wp-content\/uploads\/2018\/03\/02-06-17.pdf\" target=\"_blank\" rel=\"noopener noreferrer\">D\u00e9lib\u00e9rations<\/a><\/p>\n<hr \/>\n<h3>7 avril<\/h3>\n<p><a href=\"https:\/\/maxeville.fr\/wp-content\/uploads\/2017\/10\/ordre_du_jour_conseil_municipal_7_avril.pdf\" target=\"_blank\" rel=\"noopener noreferrer\">Ordre du jour<\/a><br \/>\n<a href=\"https:\/\/maxeville.fr\/wp-content\/uploads\/2018\/03\/07-04-17.pdf\" target=\"_blank\" rel=\"noopener noreferrer\">D\u00e9lib\u00e9rations<\/a><\/p>\n<hr \/>\n<h3>3 mars<\/h3>\n<p><a href=\"http:\/\/www.maxeville.fr\/wp-content\/uploads\/2017\/10\/Ordre-du-Jour-du-3-mars-2017.pdf\" target=\"_blank\" rel=\"noopener noreferrer\">Ordre du jour<\/a><br \/>\n<a href=\"https:\/\/maxeville.fr\/wp-content\/uploads\/2017\/11\/001-PV-D\u00e9lib.-du-3-Mars-2017.pdf\" target=\"_blank\" rel=\"noopener noreferrer\">D\u00e9lib\u00e9rations<\/a><\/p>\n<hr \/>\n<h3>Ann\u00e9e 2016 :<\/h3>\n<h3>25 novembre<\/h3>\n<p><a href=\"http:\/\/www.maxeville.fr\/wp-content\/uploads\/2017\/10\/ODJ-du-25-novembre-2016.pdf\" target=\"_blank\" rel=\"noopener noreferrer\">Ordre du jour<\/a><br \/>\n<a href=\"http:\/\/www.maxeville.fr\/wp-content\/uploads\/2017\/10\/D\u00e9lib.-du-25-Novembre-2016.pdf\" target=\"_blank\" rel=\"noopener noreferrer\">D\u00e9lib\u00e9rations<\/a><\/p>\n<hr \/>\n<h3>24 juin<\/h3>\n<p><a href=\"http:\/\/www.maxeville.fr\/wp-content\/uploads\/2017\/10\/Ordre-du-Jour-du-24-juin-2016.pdf\" target=\"_blank\" rel=\"noopener noreferrer\">Ordre du jour<\/a><br \/>\n<a href=\"https:\/\/maxeville.fr\/wp-content\/uploads\/2017\/11\/001-PV-d\u00e9lib.-du-24-juin-2016.pdf\" target=\"_blank\" rel=\"noopener noreferrer\">D\u00e9lib\u00e9rations<\/a><\/p>\n<hr \/>\n<h3>20 mai<\/h3>\n<p><a href=\"http:\/\/www.maxeville.fr\/wp-content\/uploads\/2017\/10\/20-05-16.pdf\" target=\"_blank\" rel=\"noopener noreferrer\">Ordre du jour<\/a><br \/>\n<a href=\"https:\/\/maxeville.fr\/wp-content\/uploads\/2017\/11\/001-PV-d\u00e9lib.-du-20-Mai-2016.pdf\" target=\"_blank\" rel=\"noopener noreferrer\">D\u00e9lib\u00e9rations<\/a><\/p>\n<hr \/>\n<h3>25 mars<\/h3>\n<p><a href=\"https:\/\/maxeville.fr\/wp-content\/uploads\/2017\/11\/Convocation-du-25-mars-2016.pdf\" target=\"_blank\" rel=\"noopener noreferrer\">Ordre du jour<\/a><br \/>\n<a href=\"http:\/\/www.maxeville.fr\/wp-content\/uploads\/2017\/10\/deliberations_25_03_16.pdf\" target=\"_blank\" rel=\"noopener noreferrer\">D\u00e9lib\u00e9rations<\/a><\/p>\n<hr \/>\n<h3>25 f\u00e9vrier<\/h3>\n<p><a href=\"https:\/\/maxeville.fr\/wp-content\/uploads\/2017\/11\/Convocation-du-25-F\u00e9v.-2016.pdf\" target=\"_blank\" rel=\"noopener noreferrer\">Ordre du jour<\/a><br \/>\n<a href=\"http:\/\/www.maxeville.fr\/wp-content\/uploads\/2017\/10\/deliberations_25_03_16.pdf\" target=\"_blank\" rel=\"noopener noreferrer\">D\u00e9lib\u00e9rations<\/a><\/p>\n<h3>Ann\u00e9e 2015 :<\/h3>\n<h3>27 novembre<\/h3>\n<p><a href=\"https:\/\/maxeville.fr\/wp-content\/uploads\/2017\/11\/Convocation-du-27-Nov.-2015.pdf\" target=\"_blank\" rel=\"noopener noreferrer\">Ordre du jour<\/a><br \/>\n<a href=\"http:\/\/www.maxeville.fr\/wp-content\/uploads\/2017\/10\/D\u00e9lib\u00e9rations-du-27-11-2015.pdf\" target=\"_blank\" rel=\"noopener noreferrer\">D\u00e9lib\u00e9rations<\/a><\/p>\n<hr \/>\n<h3>25 septembre<\/h3>\n<p><a href=\"https:\/\/maxeville.fr\/wp-content\/uploads\/2017\/11\/Convocation-du-25-sept.-2015.pdf\" target=\"_blank\" rel=\"noopener noreferrer\">Ordre du jour<\/a><br \/>\n<a href=\"http:\/\/www.maxeville.fr\/wp-content\/uploads\/2017\/10\/D\u00e9lib\u00e9rations-25-09-2015.pdf\" target=\"_blank\" rel=\"noopener noreferrer\">D\u00e9lib\u00e9rations<\/a><\/p>\n<hr \/>\n<h3>26 juin<\/h3>\n<p><a href=\"http:\/\/www.maxeville.fr\/wp-content\/uploads\/2017\/10\/D\u00e9lib\u00e9rations-du-26-06-2015.pdf\" target=\"_blank\" rel=\"noopener noreferrer\">Ordre du jour<\/a><br \/>\n<a href=\"https:\/\/maxeville.fr\/wp-content\/uploads\/2017\/11\/001-PV-26-06-2015.pdf\" target=\"_blank\" rel=\"noopener noreferrer\">D\u00e9lib\u00e9rations<\/a><\/p>\n<hr \/>\n<h3>22 mai<\/h3>\n<p><a href=\"http:\/\/www.maxeville.fr\/wp-content\/uploads\/2017\/10\/D\u00e9lib\u00e9rations-du-22-05-2015.pdf\" target=\"_blank\" rel=\"noopener noreferrer\">Ordre du jour<\/a><br \/>\n<a href=\"https:\/\/maxeville.fr\/wp-content\/uploads\/2017\/11\/001-P.V.-D\u00e9lib\u00e9ration-du-22-Mai-2015.pdf\" target=\"_blank\" rel=\"noopener noreferrer\">D\u00e9lib\u00e9rations<\/a><\/p>\n<hr \/>\n<h3>27 f\u00e9vrier<\/h3>\n<p><a href=\"http:\/\/www.maxeville.fr\/wp-content\/uploads\/2017\/10\/D\u00e9lib\u00e9ration-du-27-02-2015.pdf\" target=\"_blank\" rel=\"noopener noreferrer\">Ordre du jour<\/a><br \/>\n<a href=\"https:\/\/maxeville.fr\/wp-content\/uploads\/2017\/11\/001-P.V.-D\u00e9lib\u00e9rations-du-27-F\u00e9vrier-2015.pdf\" target=\"_blank\" rel=\"noopener noreferrer\">D\u00e9lib\u00e9rations<\/a><\/p>\n<hr \/>\n<h3>Ann\u00e9e 2014 :<\/h3>\n<h3>5 d\u00e9cembre<\/h3>\n<p><a href=\"http:\/\/www.maxeville.fr\/wp-content\/uploads\/2017\/10\/05-12-2014.pdf\" target=\"_blank\" rel=\"noopener noreferrer\">Ordre du jour<\/a><br \/>\n<a href=\"https:\/\/maxeville.fr\/wp-content\/uploads\/2017\/11\/001-P.V.-D\u00e9lib\u00e9rations-du-05-12-2014.pdf target=\" rel=\"noopener noreferrer\">D\u00e9lib\u00e9rations<\/a><\/p>\n<hr \/>\n<h3>17 octobre<\/h3>\n<p><a href=\"http:\/\/www.maxeville.fr\/wp-content\/uploads\/2017\/10\/D\u00e9lib\u00e9rations-du-17-10-2014.pdf\" target=\"_blank\" rel=\"noopener noreferrer\">Ordre du jour<\/a><br \/>\nD\u00e9lib\u00e9rations<\/p>\n<hr \/>\n<h3>25 septembre<\/h3>\n<p><a href=\"https:\/\/maxeville.fr\/wp-content\/uploads\/2017\/11\/000-Conseil-Municipal-du-25-09-2014-1.pdf\" target=\"_blank\" rel=\"noopener noreferrer\">Ordre du jour<\/a><br \/>\n<a href=\"http:\/\/www.maxeville.fr\/wp-content\/uploads\/2017\/10\/D\u00e9lib\u00e9rations-du-25-09-2014.pdf\" target=\"_blank\" rel=\"noopener noreferrer\">D\u00e9lib\u00e9rations<\/a><\/p>\n<hr \/>\n<h3>26 juin<\/h3>\n<p><a href=\"http:\/\/www.maxeville.fr\/wp-content\/uploads\/2017\/10\/D\u00e9lib\u00e9rations-du-26-06-2014.pdf\" target=\"_blank\" rel=\"noopener noreferrer\">Ordre du jour<\/a><br \/>\n<a href=\"https:\/\/maxeville.fr\/wp-content\/uploads\/2017\/11\/001-PV-D\u00e9libs-du-26-juin-2014.pdf\" target=\"_blank\" rel=\"noopener noreferrer\">D\u00e9lib\u00e9rations<\/a><\/p>\n<hr \/>\n<h3>23 mai<\/h3>\n<p><a href=\"https:\/\/maxeville.fr\/wp-content\/uploads\/2017\/11\/000-Conseil-Municipal-du-23-Mai-2014.pdf\" target=\"_blank\" rel=\"noopener noreferrer\">Ordre du jour<\/a><br \/>\n<a href=\"http:\/\/www.maxeville.fr\/wp-content\/uploads\/2017\/10\/D\u00e9lib\u00e9rations-du-23-05-2014.pdf\" target=\"_blank\" rel=\"noopener noreferrer\">D\u00e9lib\u00e9rations<\/a><\/p>\n<hr \/>\n<h3>17 avril<\/h3>\n<p><a href=\"http:\/\/www.maxeville.fr\/wp-content\/uploads\/2017\/10\/D\u00e9lib\u00e9rations-du-17-04-2014.pdf\" target=\"_blank\" rel=\"noopener noreferrer\">Ordre du jour<\/a><br \/>\n<a href=\"https:\/\/maxeville.fr\/wp-content\/uploads\/2017\/11\/001-PV-D\u00e9libs-du-17-Avril-2014.pdf\" target=\"_blank\" rel=\"noopener noreferrer\">D\u00e9lib\u00e9rations<\/a><\/p>\n<hr \/>\n<h3>30 mars<\/h3>\n<p>Ordre du jour<br \/>\n<a href=\"http:\/\/www.maxeville.fr\/wp-content\/uploads\/2017\/10\/D\u00e9lib\u00e9rations-du-30-03-2014.pdf\" target=\"_blank\" rel=\"noopener noreferrer\">D\u00e9lib\u00e9rations<\/a><\/p>\n<hr \/>\n<h3>7 mars<\/h3>\n<p><a href=\"http:\/\/www.maxeville.fr\/wp-content\/uploads\/2017\/10\/D\u00e9lib\u00e9rations-du-07-03-2014.pdf\" target=\"_blank\" rel=\"noopener noreferrer\">Ordre du jour<\/a><br \/>\nD\u00e9lib\u00e9rations<\/p>\n<hr \/>\n<h3>3 f\u00e9vrier<\/h3>\n<p><a href=\"https:\/\/maxeville.fr\/wp-content\/uploads\/2017\/11\/CONSEIL-MUNICIPAL-DU-03-F\u00e9vrier-2014.pdf\" target=\"_blank\" rel=\"noopener noreferrer\">Ordre du jour<\/a><br \/>\n<a href=\"http:\/\/www.maxeville.fr\/wp-content\/uploads\/2017\/10\/D\u00e9lib\u00e9rations-du-03-02-2014-1.pdf\" target=\"_blank\" rel=\"noopener noreferrer\">D\u00e9lib\u00e9rations<\/a><\/p>\n<hr \/>\n<div style=\"padding-bottom:20px; padding-top:10px;\" class=\"hupso-share-buttons\"><!-- Hupso Share Buttons - https:\/\/www.hupso.com\/share\/ --><a class=\"hupso_toolbar\" href=\"https:\/\/www.hupso.com\/share\/\"><img src=\"https:\/\/static.hupso.com\/share\/buttons\/lang\/fr\/share-medium.png\" style=\"border:0px; padding-top: 5px; float:left;\" alt=\"Share Button\"\/><\/a><script type=\"text\/javascript\">var hupso_services_t=new Array();var hupso_background_t=\"#EAF4FF\";var hupso_border_t=\"#66CCFF\";var hupso_toolbar_size_t=\"medium\";var hupso_image_folder_url = \"\";var hupso_url_t=\"\";var hupso_title_t=\"Conseils%20municipaux\";<\/script><script type=\"text\/javascript\" src=\"https:\/\/static.hupso.com\/share\/js\/share_toolbar.js\"><\/script><!-- Hupso Share Buttons --><\/div>","protected":false},"excerpt":{"rendered":"<p>Ann\u00e9e 2026 : 21 mars | installation du nouveau Conseil Municipal Ordre du jour Proc\u00e8s verbal 3 f\u00e9vrier Ordre du jour Proc\u00e8s verbal &gt;Budget primitif 2026 Ann\u00e9e 2025&#8230;<\/p>\n","protected":false},"author":1,"featured_media":0,"parent":73,"menu_order":10,"comment_status":"closed","ping_status":"closed","template":"","meta":[],"_links":{"self":[{"href":"https:\/\/maxeville.fr\/index.php\/wp-json\/wp\/v2\/pages\/124"}],"collection":[{"href":"https:\/\/maxeville.fr\/index.php\/wp-json\/wp\/v2\/pages"}],"about":[{"href":"https:\/\/maxeville.fr\/index.php\/wp-json\/wp\/v2\/types\/page"}],"author":[{"embeddable":true,"href":"https:\/\/maxeville.fr\/index.php\/wp-json\/wp\/v2\/users\/1"}],"replies":[{"embeddable":true,"href":"https:\/\/maxeville.fr\/index.php\/wp-json\/wp\/v2\/comments?post=124"}],"version-history":[{"count":132,"href":"https:\/\/maxeville.fr\/index.php\/wp-json\/wp\/v2\/pages\/124\/revisions"}],"predecessor-version":[{"id":19349,"href":"https:\/\/maxeville.fr\/index.php\/wp-json\/wp\/v2\/pages\/124\/revisions\/19349"}],"up":[{"embeddable":true,"href":"https:\/\/maxeville.fr\/index.php\/wp-json\/wp\/v2\/pages\/73"}],"wp:attachment":[{"href":"https:\/\/maxeville.fr\/index.php\/wp-json\/wp\/v2\/media?parent=124"}],"curies":[{"name":"wp","href":"https:\/\/api.w.org\/{rel}","templated":true}]}}