{"id":12424,"date":"2022-08-24T14:55:12","date_gmt":"2022-08-24T12:55:12","guid":{"rendered":"https:\/\/maxeville.fr\/?page_id=12424"},"modified":"2022-08-24T15:08:00","modified_gmt":"2022-08-24T13:08:00","slug":"contacts-utiles-pour-leau-potable","status":"publish","type":"page","link":"https:\/\/maxeville.fr\/index.php\/contacts-utiles-pour-leau-potable\/","title":{"rendered":"Contacts utiles pour l\u2019eau potable"},"content":{"rendered":"\n<p>Le service de l\u2019eau potable \u00e0 Max\u00e9ville est g\u00e9r\u00e9 par <a href=\"https:\/\/eau.grandnancy.eu\/Portail\/fr-FR\">les services de la M\u00e9tropole du Grand Nancy<\/a>. <\/p>\n\n\n\n<p>Ils sont joignables au 03 83 91 83 91 ou sur le formulaire de contact de leur site internet.\u00a0Lors d\u2019un d\u00e9m\u00e9nagement, la d\u00e9marche de changement de titulaire du contrat d\u2019eau peut se faire en ligne directement, ou en les contactant par t\u00e9l\u00e9phone au num\u00e9ro pr\u00e9c\u00e9demment indiqu\u00e9. Le nouveau titulaire devra se munir du num\u00e9ro de compteur, de l\u2019adresse, de la rel\u00e8ve de compteur et de la date de cette derni\u00e8re.\u00a0<\/p>\n\n\n\n<p>Un espace client permet \u00e9galement de g\u00e9rer son abonnement en ligne (r\u00e9siliation, changement d\u2019adresse, modification des pr\u00e9l\u00e8vements, etc.) et de suivre ses consommations.&nbsp;<\/p>\n<div style=\"padding-bottom:20px; padding-top:10px;\" class=\"hupso-share-buttons\"><!-- Hupso Share Buttons - https:\/\/www.hupso.com\/share\/ --><a class=\"hupso_toolbar\" href=\"https:\/\/www.hupso.com\/share\/\"><img src=\"https:\/\/static.hupso.com\/share\/buttons\/lang\/fr\/share-medium.png\" style=\"border:0px; padding-top: 5px; float:left;\" alt=\"Share Button\"\/><\/a><script type=\"text\/javascript\">var hupso_services_t=new Array();var hupso_background_t=\"#EAF4FF\";var hupso_border_t=\"#66CCFF\";var hupso_toolbar_size_t=\"medium\";var hupso_image_folder_url = \"\";var hupso_url_t=\"\";var hupso_title_t=\"Contacts%20utiles%20pour%20l%E2%80%99eau%20potable\";<\/script><script type=\"text\/javascript\" src=\"https:\/\/static.hupso.com\/share\/js\/share_toolbar.js\"><\/script><!-- Hupso Share Buttons --><\/div>","protected":false},"excerpt":{"rendered":"<p>Le service de l\u2019eau potable \u00e0 Max\u00e9ville est g\u00e9r\u00e9 par les services de la M\u00e9tropole du Grand Nancy. Ils sont joignables au 03 83 91 83 91 ou&#8230;<\/p>\n","protected":false},"author":1,"featured_media":0,"parent":0,"menu_order":0,"comment_status":"closed","ping_status":"closed","template":"","meta":[],"_links":{"self":[{"href":"https:\/\/maxeville.fr\/index.php\/wp-json\/wp\/v2\/pages\/12424"}],"collection":[{"href":"https:\/\/maxeville.fr\/index.php\/wp-json\/wp\/v2\/pages"}],"about":[{"href":"https:\/\/maxeville.fr\/index.php\/wp-json\/wp\/v2\/types\/page"}],"author":[{"embeddable":true,"href":"https:\/\/maxeville.fr\/index.php\/wp-json\/wp\/v2\/users\/1"}],"replies":[{"embeddable":true,"href":"https:\/\/maxeville.fr\/index.php\/wp-json\/wp\/v2\/comments?post=12424"}],"version-history":[{"count":2,"href":"https:\/\/maxeville.fr\/index.php\/wp-json\/wp\/v2\/pages\/12424\/revisions"}],"predecessor-version":[{"id":12429,"href":"https:\/\/maxeville.fr\/index.php\/wp-json\/wp\/v2\/pages\/12424\/revisions\/12429"}],"wp:attachment":[{"href":"https:\/\/maxeville.fr\/index.php\/wp-json\/wp\/v2\/media?parent=12424"}],"curies":[{"name":"wp","href":"https:\/\/api.w.org\/{rel}","templated":true}]}}