{"id":12700,"date":"2022-10-20T10:51:29","date_gmt":"2022-10-20T08:51:29","guid":{"rendered":"https:\/\/maxeville.fr\/?page_id=12700"},"modified":"2023-04-26T10:57:39","modified_gmt":"2023-04-26T08:57:39","slug":"maxeville-une-ville-amie-des-enfants","status":"publish","type":"page","link":"https:\/\/maxeville.fr\/index.php\/maxeville-une-ville-amie-des-enfants\/","title":{"rendered":"Max\u00e9ville, une ville amie des enfants"},"content":{"rendered":"\n<p><strong><em><span class=\"has-inline-color has-accent-color\">Max\u00e9ville se veut \u00eatre un gage de mixit\u00e9 et d\u2019\u00e9galit\u00e9 des chances d\u00e8s le plus jeune \u00e2ge et tout au long de la vie, c\u2019est pourquoi la municipalit\u00e9 place l&#8217;enfance et la jeunesse comme l\u2019une de ses priorit\u00e9s.<\/span><\/em><\/strong><\/p>\n\n\n\n<p>Ainsi la municipalit\u00e9 met tout en \u0153uvre pour permettre aux enfants max\u00e9villois de bien grandir et de s\u2019\u00e9panouir, son engagement et le travail men\u00e9 en faveur du respect et du bien-\u00eatre de l\u2019enfant sont quotidiens et se ressentent dans chacune de leurs actions.<\/p>\n\n\n\n<p>L&#8217;obtention du titre &#8220;Ville Amie des ENFANTS&#8221; en est la parfaite illustration et oblige \u00e0 poursuivre avec ferveur ce projet de placer la voix, les besoins et les droits des enfants au c\u0153ur des politiques municipales.<\/p>\n\n\n\n<figure class=\"wp-block-image size-large\"><img decoding=\"async\" loading=\"lazy\" width=\"1024\" height=\"591\" src=\"https:\/\/maxeville.fr\/wp-content\/uploads\/2022\/10\/VAE_Site2-1-1024x591.jpg\" alt=\"\" class=\"wp-image-12701\" srcset=\"https:\/\/maxeville.fr\/wp-content\/uploads\/2022\/10\/VAE_Site2-1-1024x591.jpg 1024w, https:\/\/maxeville.fr\/wp-content\/uploads\/2022\/10\/VAE_Site2-1-300x173.jpg 300w, https:\/\/maxeville.fr\/wp-content\/uploads\/2022\/10\/VAE_Site2-1-768x443.jpg 768w, https:\/\/maxeville.fr\/wp-content\/uploads\/2022\/10\/VAE_Site2-1-1536x887.jpg 1536w, https:\/\/maxeville.fr\/wp-content\/uploads\/2022\/10\/VAE_Site2-1-2048x1182.jpg 2048w, https:\/\/maxeville.fr\/wp-content\/uploads\/2022\/10\/VAE_Site2-1-973x562.jpg 973w, https:\/\/maxeville.fr\/wp-content\/uploads\/2022\/10\/VAE_Site2-1-508x293.jpg 508w, https:\/\/maxeville.fr\/wp-content\/uploads\/2022\/10\/VAE_Site2-1-250x144.jpg 250w, https:\/\/maxeville.fr\/wp-content\/uploads\/2022\/10\/VAE_Site2-1-550x317.jpg 550w, https:\/\/maxeville.fr\/wp-content\/uploads\/2022\/10\/VAE_Site2-1-800x462.jpg 800w, https:\/\/maxeville.fr\/wp-content\/uploads\/2022\/10\/VAE_Site2-1-312x180.jpg 312w, https:\/\/maxeville.fr\/wp-content\/uploads\/2022\/10\/VAE_Site2-1-520x300.jpg 520w, https:\/\/maxeville.fr\/wp-content\/uploads\/2022\/10\/VAE_Site2-1-866x500.jpg 866w, https:\/\/maxeville.fr\/wp-content\/uploads\/2022\/10\/VAE_Site2-1-24x14.jpg 24w, https:\/\/maxeville.fr\/wp-content\/uploads\/2022\/10\/VAE_Site2-1-36x21.jpg 36w, https:\/\/maxeville.fr\/wp-content\/uploads\/2022\/10\/VAE_Site2-1-48x28.jpg 48w\" sizes=\"(max-width: 1024px) 100vw, 1024px\" \/><\/figure>\n\n\n\n<hr class=\"wp-block-separator\"\/>\n\n\n\n<p>La ville de Max\u00e9ville propose ainsi un parcours socio-\u00e9ducatif de 0 \u00e0 18 ans, <strong>en impliquant tous les services municipaux et les partenaires du territoire<\/strong> \u0153uvrant dans les domaines de la Petite-Enfance, de l\u2019Enfance et de la Jeunesse : <\/p>\n\n\n\n<figure class=\"wp-block-image size-large\"><img decoding=\"async\" loading=\"lazy\" width=\"1024\" height=\"366\" src=\"https:\/\/maxeville.fr\/wp-content\/uploads\/2022\/10\/FRISE_ENFANCE-1024x366.jpg\" alt=\"\" class=\"wp-image-12703\" srcset=\"https:\/\/maxeville.fr\/wp-content\/uploads\/2022\/10\/FRISE_ENFANCE-1024x366.jpg 1024w, https:\/\/maxeville.fr\/wp-content\/uploads\/2022\/10\/FRISE_ENFANCE-300x107.jpg 300w, https:\/\/maxeville.fr\/wp-content\/uploads\/2022\/10\/FRISE_ENFANCE-768x274.jpg 768w, https:\/\/maxeville.fr\/wp-content\/uploads\/2022\/10\/FRISE_ENFANCE-1536x549.jpg 1536w, https:\/\/maxeville.fr\/wp-content\/uploads\/2022\/10\/FRISE_ENFANCE-2048x732.jpg 2048w, https:\/\/maxeville.fr\/wp-content\/uploads\/2022\/10\/FRISE_ENFANCE-973x348.jpg 973w, https:\/\/maxeville.fr\/wp-content\/uploads\/2022\/10\/FRISE_ENFANCE-508x181.jpg 508w, https:\/\/maxeville.fr\/wp-content\/uploads\/2022\/10\/FRISE_ENFANCE-250x89.jpg 250w, https:\/\/maxeville.fr\/wp-content\/uploads\/2022\/10\/FRISE_ENFANCE-550x196.jpg 550w, https:\/\/maxeville.fr\/wp-content\/uploads\/2022\/10\/FRISE_ENFANCE-800x286.jpg 800w, https:\/\/maxeville.fr\/wp-content\/uploads\/2022\/10\/FRISE_ENFANCE-504x180.jpg 504w, https:\/\/maxeville.fr\/wp-content\/uploads\/2022\/10\/FRISE_ENFANCE-840x300.jpg 840w, https:\/\/maxeville.fr\/wp-content\/uploads\/2022\/10\/FRISE_ENFANCE-1400x500.jpg 1400w, https:\/\/maxeville.fr\/wp-content\/uploads\/2022\/10\/FRISE_ENFANCE-24x9.jpg 24w, https:\/\/maxeville.fr\/wp-content\/uploads\/2022\/10\/FRISE_ENFANCE-36x13.jpg 36w, https:\/\/maxeville.fr\/wp-content\/uploads\/2022\/10\/FRISE_ENFANCE-48x17.jpg 48w\" sizes=\"(max-width: 1024px) 100vw, 1024px\" \/><\/figure>\n\n\n\n<p><strong><a href=\"https:\/\/www.villeamiedesenfants.fr\/reseau\/maxeville\/\" data-type=\"URL\" data-id=\"https:\/\/www.villeamiedesenfants.fr\/reseau\/maxeville\/\" target=\"_blank\" rel=\"noreferrer noopener\">Pr\u00e9sentation de la ville sur le site d&#8217;Unicef<\/a><\/strong><\/p>\n<div style=\"padding-bottom:20px; padding-top:10px;\" class=\"hupso-share-buttons\"><!-- Hupso Share Buttons - https:\/\/www.hupso.com\/share\/ --><a class=\"hupso_toolbar\" href=\"https:\/\/www.hupso.com\/share\/\"><img src=\"https:\/\/static.hupso.com\/share\/buttons\/lang\/fr\/share-medium.png\" style=\"border:0px; padding-top: 5px; float:left;\" alt=\"Share Button\"\/><\/a><script type=\"text\/javascript\">var hupso_services_t=new Array();var hupso_background_t=\"#EAF4FF\";var hupso_border_t=\"#66CCFF\";var hupso_toolbar_size_t=\"medium\";var hupso_image_folder_url = \"\";var hupso_url_t=\"\";var hupso_title_t=\"Max%C3%A9ville%2C%20une%20ville%20amie%20des%20enfants\";<\/script><script type=\"text\/javascript\" src=\"https:\/\/static.hupso.com\/share\/js\/share_toolbar.js\"><\/script><!-- Hupso Share Buttons --><\/div>","protected":false},"excerpt":{"rendered":"<p>Max\u00e9ville se veut \u00eatre un gage de mixit\u00e9 et d\u2019\u00e9galit\u00e9 des chances d\u00e8s le plus jeune \u00e2ge et tout au long de la vie, c\u2019est pourquoi la municipalit\u00e9&#8230;<\/p>\n","protected":false},"author":1,"featured_media":12702,"parent":0,"menu_order":0,"comment_status":"closed","ping_status":"closed","template":"","meta":[],"_links":{"self":[{"href":"https:\/\/maxeville.fr\/index.php\/wp-json\/wp\/v2\/pages\/12700"}],"collection":[{"href":"https:\/\/maxeville.fr\/index.php\/wp-json\/wp\/v2\/pages"}],"about":[{"href":"https:\/\/maxeville.fr\/index.php\/wp-json\/wp\/v2\/types\/page"}],"author":[{"embeddable":true,"href":"https:\/\/maxeville.fr\/index.php\/wp-json\/wp\/v2\/users\/1"}],"replies":[{"embeddable":true,"href":"https:\/\/maxeville.fr\/index.php\/wp-json\/wp\/v2\/comments?post=12700"}],"version-history":[{"count":2,"href":"https:\/\/maxeville.fr\/index.php\/wp-json\/wp\/v2\/pages\/12700\/revisions"}],"predecessor-version":[{"id":13618,"href":"https:\/\/maxeville.fr\/index.php\/wp-json\/wp\/v2\/pages\/12700\/revisions\/13618"}],"wp:featuredmedia":[{"embeddable":true,"href":"https:\/\/maxeville.fr\/index.php\/wp-json\/wp\/v2\/media\/12702"}],"wp:attachment":[{"href":"https:\/\/maxeville.fr\/index.php\/wp-json\/wp\/v2\/media?parent=12700"}],"curies":[{"name":"wp","href":"https:\/\/api.w.org\/{rel}","templated":true}]}}

Maxéville, une ville amie des enfants

<p><strong><em><span class="has-inline-color has-accent-color">Maxéville se veut être un gage de mixité et d’égalité des chances dès le plus jeune âge et tout au long de la vie, c’est pourquoi la municipalité place l&#8217;enfance et la jeunesse comme l’une de ses priorités.</span></em></strong></p>



<p>Ainsi la municipalité met tout en œuvre pour permettre aux enfants maxévillois de bien grandir et de s’épanouir, son engagement et le travail mené en faveur du respect et du bien-être de l’enfant sont quotidiens et se ressentent dans chacune de leurs actions.</p>



<p>L&#8217;obtention du titre &#8220;Ville Amie des ENFANTS&#8221; en est la parfaite illustration et oblige à poursuivre avec ferveur ce projet de placer la voix, les besoins et les droits des enfants au cœur des politiques municipales.</p>



<figure class="wp-block-image size-large"><img decoding="async" loading="lazy" width="1024" height="591" src="https://maxeville.fr/wp-content/uploads/2022/10/VAE_Site2-1-1024x591.jpg" alt="" class="wp-image-12701" srcset="https://maxeville.fr/wp-content/uploads/2022/10/VAE_Site2-1-1024x591.jpg 1024w, https://maxeville.fr/wp-content/uploads/2022/10/VAE_Site2-1-300x173.jpg 300w, https://maxeville.fr/wp-content/uploads/2022/10/VAE_Site2-1-768x443.jpg 768w, https://maxeville.fr/wp-content/uploads/2022/10/VAE_Site2-1-1536x887.jpg 1536w, https://maxeville.fr/wp-content/uploads/2022/10/VAE_Site2-1-2048x1182.jpg 2048w, https://maxeville.fr/wp-content/uploads/2022/10/VAE_Site2-1-973x562.jpg 973w, https://maxeville.fr/wp-content/uploads/2022/10/VAE_Site2-1-508x293.jpg 508w, https://maxeville.fr/wp-content/uploads/2022/10/VAE_Site2-1-250x144.jpg 250w, https://maxeville.fr/wp-content/uploads/2022/10/VAE_Site2-1-550x317.jpg 550w, https://maxeville.fr/wp-content/uploads/2022/10/VAE_Site2-1-800x462.jpg 800w, https://maxeville.fr/wp-content/uploads/2022/10/VAE_Site2-1-312x180.jpg 312w, https://maxeville.fr/wp-content/uploads/2022/10/VAE_Site2-1-520x300.jpg 520w, https://maxeville.fr/wp-content/uploads/2022/10/VAE_Site2-1-866x500.jpg 866w, https://maxeville.fr/wp-content/uploads/2022/10/VAE_Site2-1-24x14.jpg 24w, https://maxeville.fr/wp-content/uploads/2022/10/VAE_Site2-1-36x21.jpg 36w, https://maxeville.fr/wp-content/uploads/2022/10/VAE_Site2-1-48x28.jpg 48w" sizes="(max-width: 1024px) 100vw, 1024px" /></figure>



<hr class="wp-block-separator"/>



<p>La ville de Maxéville propose ainsi un parcours socio-éducatif de 0 à 18 ans, <strong>en impliquant tous les services municipaux et les partenaires du territoire</strong> œuvrant dans les domaines de la Petite-Enfance, de l’Enfance et de la Jeunesse : </p>



<figure class="wp-block-image size-large"><img decoding="async" loading="lazy" width="1024" height="366" src="https://maxeville.fr/wp-content/uploads/2022/10/FRISE_ENFANCE-1024x366.jpg" alt="" class="wp-image-12703" srcset="https://maxeville.fr/wp-content/uploads/2022/10/FRISE_ENFANCE-1024x366.jpg 1024w, https://maxeville.fr/wp-content/uploads/2022/10/FRISE_ENFANCE-300x107.jpg 300w, https://maxeville.fr/wp-content/uploads/2022/10/FRISE_ENFANCE-768x274.jpg 768w, https://maxeville.fr/wp-content/uploads/2022/10/FRISE_ENFANCE-1536x549.jpg 1536w, https://maxeville.fr/wp-content/uploads/2022/10/FRISE_ENFANCE-2048x732.jpg 2048w, https://maxeville.fr/wp-content/uploads/2022/10/FRISE_ENFANCE-973x348.jpg 973w, https://maxeville.fr/wp-content/uploads/2022/10/FRISE_ENFANCE-508x181.jpg 508w, https://maxeville.fr/wp-content/uploads/2022/10/FRISE_ENFANCE-250x89.jpg 250w, https://maxeville.fr/wp-content/uploads/2022/10/FRISE_ENFANCE-550x196.jpg 550w, https://maxeville.fr/wp-content/uploads/2022/10/FRISE_ENFANCE-800x286.jpg 800w, https://maxeville.fr/wp-content/uploads/2022/10/FRISE_ENFANCE-504x180.jpg 504w, https://maxeville.fr/wp-content/uploads/2022/10/FRISE_ENFANCE-840x300.jpg 840w, https://maxeville.fr/wp-content/uploads/2022/10/FRISE_ENFANCE-1400x500.jpg 1400w, https://maxeville.fr/wp-content/uploads/2022/10/FRISE_ENFANCE-24x9.jpg 24w, https://maxeville.fr/wp-content/uploads/2022/10/FRISE_ENFANCE-36x13.jpg 36w, https://maxeville.fr/wp-content/uploads/2022/10/FRISE_ENFANCE-48x17.jpg 48w" sizes="(max-width: 1024px) 100vw, 1024px" /></figure>



<p><strong><a href="https://www.villeamiedesenfants.fr/reseau/maxeville/" data-type="URL" data-id="https://www.villeamiedesenfants.fr/reseau/maxeville/" target="_blank" rel="noreferrer noopener">Présentation de la ville sur le site d&#8217;Unicef</a></strong></p>
<div style="padding-bottom:20px; padding-top:10px;" class="hupso-share-buttons"><!-- Hupso Share Buttons - https://www.hupso.com/share/ --><a class="hupso_toolbar" href="https://www.hupso.com/share/"><img src="https://static.hupso.com/share/buttons/lang/fr/share-medium.png" style="border:0px; padding-top: 5px; float:left;" alt="Share Button"/></a><script type="text/javascript">var hupso_services_t=new Array();var hupso_background_t="#EAF4FF";var hupso_border_t="#66CCFF";var hupso_toolbar_size_t="medium";var hupso_image_folder_url = "";var hupso_url_t="";var hupso_title_t="Max%C3%A9ville%2C%20une%20ville%20amie%20des%20enfants";</script><script type="text/javascript" src="https://static.hupso.com/share/js/share_toolbar.js"></script><!-- Hupso Share Buttons --></div>

<p>Maxéville se veut être un gage de mixité et d’égalité des chances dès le plus jeune âge et tout au long de la vie, c’est pourquoi la municipalité&#8230;</p>
