{"id":14683,"date":"2023-09-19T13:49:05","date_gmt":"2023-09-19T11:49:05","guid":{"rendered":"https:\/\/maxeville.fr\/?page_id=14683"},"modified":"2024-11-18T14:43:11","modified_gmt":"2024-11-18T13:43:11","slug":"recensement-citoyen","status":"publish","type":"page","link":"https:\/\/maxeville.fr\/index.php\/recensement-citoyen\/","title":{"rendered":"Le recensement citoyen"},"content":{"rendered":"\n<p><\/p>\n\n\n\n<p><strong>Les jeunes fran\u00e7ais de plus de 16 ans doivent obligatoirement se faire recenser, en ligne ou aupr\u00e8s de la Mairie du lieu de domicile.<\/strong><\/p>\n\n\n\n<p><mark style=\"background-color:rgba(0, 0, 0, 0)\" class=\"has-inline-color has-accent-color\"><strong>Principes g\u00e9n\u00e9raux:<\/strong><\/mark><\/p>\n\n\n\n<p>A ne pas confondre avec les recensements de la population, organis\u00e9s par l&#8217;INSEE\u00a0afin de conna\u00eetre la population officielle de chaque commune, <strong>le recensement citoyen\u00a0permet \u00e0 l&#8217;administration d&#8217;inscrire automatiquement les jeunes recens\u00e9s sur les listes \u00e9lectorales, qui pourront voter d\u00e8s l&#8217;\u00e2ge de 18 ans sans faire d&#8217;autres d\u00e9marches.<\/strong><\/p>\n\n\n\n<p>Depuis le 1er&nbsp;janvier 1999, le recensement est obligatoire et universel.&nbsp; Dans le cadre de la professionnalisation des arm\u00e9es et pour remplacer le service militaire obligatoire, la loi du 28 octobre 1997 a cr\u00e9\u00e9 un ensemble d&#8217;obligations s&#8217;adressant \u00e0 tous les jeunes Fran\u00e7ais. Cette r\u00e9forme a institu\u00e9 un nouveau &#8220;service national&#8221; en instaurant un v\u00e9ritable &#8220;parcours de citoyennet\u00e9&#8221;.<\/p>\n\n\n\n<p><strong><mark style=\"background-color:rgba(0, 0, 0, 0)\" class=\"has-inline-color has-accent-color\">Il se traduit par trois \u00e9tapes obligatoires&nbsp;:<\/mark><\/strong><\/p>\n\n\n\n<p>\u2022 l&#8217;enseignement de d\u00e9fense, dans les classes de 3e&nbsp;et 1\u00e8re<\/p>\n\n\n\n<p>\u2022 le recensement \u00e0 16 ans, formalit\u00e9 effectu\u00e9e \u00e0 la mairie de son domicile<\/p>\n\n\n\n<p>\u2022 la JDC, Journ\u00e9e D\u00e9fense et Citoyennet\u00e9, \u00e0 la suite de laquelle il sera remis un Certificat de participation.<\/p>\n\n\n\n<p><strong><mark style=\"background-color:rgba(0, 0, 0, 0)\" class=\"has-inline-color has-accent-color\">Les personnes concern\u00e9es:<\/mark><\/strong><\/p>\n\n\n\n<p>Tous les jeunes fran\u00e7ais, filles et gar\u00e7ons, ayant atteint l&#8217;\u00e2ge de 16 ans et jusqu&#8217;\u00e0 25 ans.&nbsp; Le recensement est \u00e0 effectuer<strong><u>dans les trois mois qui suivent le 16e anniversaire<\/u><\/strong>.&nbsp; Cependant pass\u00e9 ce d\u00e9lai, il doit se d\u00e9clarer aupr\u00e8s de la mairie de son domicile (r\u00e9gularisation) avant son 25e anniversaire.<\/p>\n\n\n\n<p>Lorsqu&#8217;une personne acquiert la nationalit\u00e9 fran\u00e7aise entre 16 ans et jusqu&#8217;\u00e0 25 ans, elle doit se faire recenser dans le premier mois qui suit.<\/p>\n\n\n\n<p><strong><mark style=\"background-color:rgba(0, 0, 0, 0)\" class=\"has-inline-color has-accent-color\">Avant de commencer : pi\u00e8ces justificatives \u00e0 pr\u00e9parer<\/mark><\/strong><\/p>\n\n\n\n<p>Des pi\u00e8ces justificatives sont n\u00e9cessaire pour r\u00e9aliser le recensement citoyen :<\/p>\n\n\n\n<p>\u2022 pi\u00e8ce d&#8217;identit\u00e9 en cours de validit\u00e9&nbsp;(carte nationale d&#8217;identit\u00e9 ou passeport) ou tout autre document prouvant la nationalit\u00e9 fran\u00e7aise ;<\/p>\n\n\n\n<p>\u2022 un justificatif de domicile r\u00e9cent<\/p>\n\n\n\n<p>\u2022 livret de famille des parents ou acte de naissance avec filiation.<\/p>\n\n\n\n<p><strong><mark style=\"background-color:rgba(0, 0, 0, 0)\" class=\"has-inline-color has-accent-color\">Les modalit\u00e9s de recensement<\/mark><\/strong><\/p>\n\n\n\n<p><strong>&gt;En ligne&nbsp;:<\/strong> sur le site &#8220;Mon service public&#8221;, en veillant \u00e0 avoir ses pi\u00e8ces justificatives num\u00e9ris\u00e9es&nbsp;: <a href=\"https:\/\/www.service-public.fr\/particuliers\/vosdroits\/F870\">https:\/\/www.service-public.fr\/particuliers\/vosdroits\/F870<\/a><\/p>\n\n\n\n<p><strong>&gt;Sur place&nbsp;:&nbsp;<\/strong> il faut se pr\u00e9senter soi-m\u00eame ou en cas d&#8217;emp\u00eachement, effectuer la d\u00e9marche par l&#8217;interm\u00e9diaire de son repr\u00e9sentant l\u00e9gal.<\/p>\n\n\n\n<p><strong><mark style=\"background-color:rgba(0, 0, 0, 0)\" class=\"has-inline-color has-accent-color\">L&#8217;attestation de recensement<\/mark><\/strong><\/p>\n\n\n\n<p>L&#8217;attestation de recensement est remise \u00e0 l&#8217;issue de cette d\u00e9marche.<\/p>\n\n\n\n<p>En effet, elle ouvre des droits&nbsp;pour :<\/p>\n\n\n\n<p>\u2022 se pr\u00e9senter aux examens et concours soumis \u00e0 l&#8217;autorit\u00e9 publique (baccalaur\u00e9at, conduite accompagn\u00e9e, permis de conduire, etc.)<\/p>\n\n\n\n<p>\u2022 \u00eatre inscrit d&#8217;office sur les listes \u00e9lectorales, si les conditions l\u00e9gales sont remplies.<\/p>\n\n\n\n<p>Ensuite, en cas de changement de situation (\u00e9tat civil, d\u00e9m\u00e9nagement, absence de plus de 4 mois \u2026) et jusqu&#8217;\u00e0 25 ans, l&#8217;int\u00e9ress\u00e9 doit se signaler aupr\u00e8s du Centre du Service National.<\/p>\n\n\n\n<p><strong>Attention&nbsp;:&nbsp;La mairie ne d\u00e9livrant pas de duplicata, il est n\u00e9cessaire de conserver pr\u00e9cieusement l&#8217;original de l&#8217;attestation<\/strong>.<strong>En cas de perte ou de vol, il est toutefois possible de demander un justificatif aupr\u00e8s du Centre du Service National de Nancy.<\/strong><\/p>\n\n\n\n<hr class=\"wp-block-separator has-alpha-channel-opacity\"\/>\n\n\n\n<p> <p><strong><mark style=\"background-color:rgba(0, 0, 0, 0)\" class=\"has-inline-color has-accent-color\">Une question ? En savoir plus ? <\/mark><\/strong><\/p>   <p>Le service <strong>Etat civil de la ville de Max\u00e9ville<\/strong> vous accueille du lundi au vendredi :<\/p> de 8h30 \u00e0 12h et de 13h30 \u00e0 17h   <p>14 rue du 15 septembre 1944 &#8211; 54320 Max\u00e9ville<\/p>   03 83 32 30 00 <\/p>\n<div style=\"padding-bottom:20px; padding-top:10px;\" class=\"hupso-share-buttons\"><!-- Hupso Share Buttons - https:\/\/www.hupso.com\/share\/ --><a class=\"hupso_toolbar\" href=\"https:\/\/www.hupso.com\/share\/\"><img src=\"https:\/\/static.hupso.com\/share\/buttons\/lang\/fr\/share-medium.png\" style=\"border:0px; padding-top: 5px; float:left;\" alt=\"Share Button\"\/><\/a><script type=\"text\/javascript\">var hupso_services_t=new Array();var hupso_background_t=\"#EAF4FF\";var hupso_border_t=\"#66CCFF\";var hupso_toolbar_size_t=\"medium\";var hupso_image_folder_url = \"\";var hupso_url_t=\"\";var hupso_title_t=\"Le%20recensement%20citoyen\";<\/script><script type=\"text\/javascript\" src=\"https:\/\/static.hupso.com\/share\/js\/share_toolbar.js\"><\/script><!-- Hupso Share Buttons --><\/div>","protected":false},"excerpt":{"rendered":"<p>Les jeunes fran\u00e7ais de plus de 16 ans doivent obligatoirement se faire recenser, en ligne ou aupr\u00e8s de la Mairie du lieu de domicile. Principes g\u00e9n\u00e9raux: A ne&#8230;<\/p>\n","protected":false},"author":1,"featured_media":0,"parent":0,"menu_order":0,"comment_status":"closed","ping_status":"closed","template":"","meta":[],"_links":{"self":[{"href":"https:\/\/maxeville.fr\/index.php\/wp-json\/wp\/v2\/pages\/14683"}],"collection":[{"href":"https:\/\/maxeville.fr\/index.php\/wp-json\/wp\/v2\/pages"}],"about":[{"href":"https:\/\/maxeville.fr\/index.php\/wp-json\/wp\/v2\/types\/page"}],"author":[{"embeddable":true,"href":"https:\/\/maxeville.fr\/index.php\/wp-json\/wp\/v2\/users\/1"}],"replies":[{"embeddable":true,"href":"https:\/\/maxeville.fr\/index.php\/wp-json\/wp\/v2\/comments?post=14683"}],"version-history":[{"count":4,"href":"https:\/\/maxeville.fr\/index.php\/wp-json\/wp\/v2\/pages\/14683\/revisions"}],"predecessor-version":[{"id":17067,"href":"https:\/\/maxeville.fr\/index.php\/wp-json\/wp\/v2\/pages\/14683\/revisions\/17067"}],"wp:attachment":[{"href":"https:\/\/maxeville.fr\/index.php\/wp-json\/wp\/v2\/media?parent=14683"}],"curies":[{"name":"wp","href":"https:\/\/api.w.org\/{rel}","templated":true}]}}

<p></p>



<p><strong>Les jeunes français de plus de 16 ans doivent obligatoirement se faire recenser, en ligne ou auprès de la Mairie du lieu de domicile.</strong></p>



<p><mark style="background-color:rgba(0, 0, 0, 0)" class="has-inline-color has-accent-color"><strong>Principes généraux:</strong></mark></p>



<p>A ne pas confondre avec les recensements de la population, organisés par l&#8217;INSEE afin de connaître la population officielle de chaque commune, <strong>le recensement citoyen permet à l&#8217;administration d&#8217;inscrire automatiquement les jeunes recensés sur les listes électorales, qui pourront voter dès l&#8217;âge de 18 ans sans faire d&#8217;autres démarches.</strong></p>



<p>Depuis le 1er&nbsp;janvier 1999, le recensement est obligatoire et universel.&nbsp; Dans le cadre de la professionnalisation des armées et pour remplacer le service militaire obligatoire, la loi du 28 octobre 1997 a créé un ensemble d&#8217;obligations s&#8217;adressant à tous les jeunes Français. Cette réforme a institué un nouveau &#8220;service national&#8221; en instaurant un véritable &#8220;parcours de citoyenneté&#8221;.</p>



<p><strong><mark style="background-color:rgba(0, 0, 0, 0)" class="has-inline-color has-accent-color">Il se traduit par trois étapes obligatoires&nbsp;:</mark></strong></p>



<p>• l&#8217;enseignement de défense, dans les classes de 3e&nbsp;et 1ère</p>



<p>• le recensement à 16 ans, formalité effectuée à la mairie de son domicile</p>



<p>• la JDC, Journée Défense et Citoyenneté, à la suite de laquelle il sera remis un Certificat de participation.</p>



<p><strong><mark style="background-color:rgba(0, 0, 0, 0)" class="has-inline-color has-accent-color">Les personnes concernées:</mark></strong></p>



<p>Tous les jeunes français, filles et garçons, ayant atteint l&#8217;âge de 16 ans et jusqu&#8217;à 25 ans.&nbsp; Le recensement est à effectuer<strong><u>dans les trois mois qui suivent le 16e anniversaire</u></strong>.&nbsp; Cependant passé ce délai, il doit se déclarer auprès de la mairie de son domicile (régularisation) avant son 25e anniversaire.</p>



<p>Lorsqu&#8217;une personne acquiert la nationalité française entre 16 ans et jusqu&#8217;à 25 ans, elle doit se faire recenser dans le premier mois qui suit.</p>



<p><strong><mark style="background-color:rgba(0, 0, 0, 0)" class="has-inline-color has-accent-color">Avant de commencer : pièces justificatives à préparer</mark></strong></p>



<p>Des pièces justificatives sont nécessaire pour réaliser le recensement citoyen :</p>



<p>• pièce d&#8217;identité en cours de validité&nbsp;(carte nationale d&#8217;identité ou passeport) ou tout autre document prouvant la nationalité française ;</p>



<p>• un justificatif de domicile récent</p>



<p>• livret de famille des parents ou acte de naissance avec filiation.</p>



<p><strong><mark style="background-color:rgba(0, 0, 0, 0)" class="has-inline-color has-accent-color">Les modalités de recensement</mark></strong></p>



<p><strong>&gt;En ligne&nbsp;:</strong> sur le site &#8220;Mon service public&#8221;, en veillant à avoir ses pièces justificatives numérisées&nbsp;: <a href="https://www.service-public.fr/particuliers/vosdroits/F870">https://www.service-public.fr/particuliers/vosdroits/F870</a></p>



<p><strong>&gt;Sur place&nbsp;:&nbsp;</strong> il faut se présenter soi-même ou en cas d&#8217;empêchement, effectuer la démarche par l&#8217;intermédiaire de son représentant légal.</p>



<p><strong><mark style="background-color:rgba(0, 0, 0, 0)" class="has-inline-color has-accent-color">L&#8217;attestation de recensement</mark></strong></p>



<p>L&#8217;attestation de recensement est remise à l&#8217;issue de cette démarche.</p>



<p>En effet, elle ouvre des droits&nbsp;pour :</p>



<p>• se présenter aux examens et concours soumis à l&#8217;autorité publique (baccalauréat, conduite accompagnée, permis de conduire, etc.)</p>



<p>• être inscrit d&#8217;office sur les listes électorales, si les conditions légales sont remplies.</p>



<p>Ensuite, en cas de changement de situation (état civil, déménagement, absence de plus de 4 mois …) et jusqu&#8217;à 25 ans, l&#8217;intéressé doit se signaler auprès du Centre du Service National.</p>



<p><strong>Attention&nbsp;:&nbsp;La mairie ne délivrant pas de duplicata, il est nécessaire de conserver précieusement l&#8217;original de l&#8217;attestation</strong>.<strong>En cas de perte ou de vol, il est toutefois possible de demander un justificatif auprès du Centre du Service National de Nancy.</strong></p>



<hr class="wp-block-separator has-alpha-channel-opacity"/>



<p> <p><strong><mark style="background-color:rgba(0, 0, 0, 0)" class="has-inline-color has-accent-color">Une question ? En savoir plus ? </mark></strong></p>   <p>Le service <strong>Etat civil de la ville de Maxéville</strong> vous accueille du lundi au vendredi :</p> de 8h30 à 12h et de 13h30 à 17h   <p>14 rue du 15 septembre 1944 &#8211; 54320 Maxéville</p>   03 83 32 30 00 </p>
<div style="padding-bottom:20px; padding-top:10px;" class="hupso-share-buttons"><!-- Hupso Share Buttons - https://www.hupso.com/share/ --><a class="hupso_toolbar" href="https://www.hupso.com/share/"><img src="https://static.hupso.com/share/buttons/lang/fr/share-medium.png" style="border:0px; padding-top: 5px; float:left;" alt="Share Button"/></a><script type="text/javascript">var hupso_services_t=new Array();var hupso_background_t="#EAF4FF";var hupso_border_t="#66CCFF";var hupso_toolbar_size_t="medium";var hupso_image_folder_url = "";var hupso_url_t="";var hupso_title_t="Le%20recensement%20citoyen";</script><script type="text/javascript" src="https://static.hupso.com/share/js/share_toolbar.js"></script><!-- Hupso Share Buttons --></div>

<p>Les jeunes français de plus de 16 ans doivent obligatoirement se faire recenser, en ligne ou auprès de la Mairie du lieu de domicile. Principes généraux: A ne&#8230;</p>
