{"id":1490,"date":"2017-10-24T16:17:18","date_gmt":"2017-10-24T14:17:18","guid":{"rendered":"http:\/\/www.maxeville.fr\/?page_id=1490"},"modified":"2024-02-07T11:03:25","modified_gmt":"2024-02-07T10:03:25","slug":"contact","status":"publish","type":"page","link":"https:\/\/maxeville.fr\/index.php\/contact\/","title":{"rendered":"CONTACT"},"content":{"rendered":"<p><img decoding=\"async\" loading=\"lazy\" class=\"alignnone size-full wp-image-1334\" src=\"http:\/\/www.maxeville.fr\/wp-content\/uploads\/2017\/10\/vue_maxeville_mairie.png\" alt=\"ma_ville\" width=\"800\" height=\"200\" \/><\/p>\n<p><!-- ------------------------------------------ --><\/p>\n<hr \/>\n<h5><span style=\"color: #333333;\">Mairie de Max\u00e9ville<\/span><\/h5>\n<p>14 rue du 15 Septembre 1944 &#8211; 54320 MAX\u00c9VILLE<\/p>\n<p><strong>Horaires d&#8217;ouverture :<\/strong><br \/>\nDu lundi au vendredi de 8h30 \u00e0 12h et de 13h30 \u00e0 17h<\/p>\n<p><strong>Contact :<\/strong><br \/>\nPar t\u00e9l\u00e9phone 24h\/24 et 7j\/7 : 03 83 32 30 00<br \/>\nPar fax : 03 83 37 89 85<br \/>\nPar e-mail : contact@mairie-maxeville.fr<\/p>\n<p><a href=\"https:\/\/maxeville.fr\/index.php\/ma-famille\/maison-du-lien-et-de-la-solidarite\/\">La <strong>Maison du Lien et de la Solidarit\u00e9<\/strong><\/a> de Max\u00e9ville poss\u00e8de \u00e9galement une ligne t\u00e9l\u00e9phonique directe :<br \/>\n03 57 80 06 96<\/p>\n<p>Pour toutes demandes concernant le p\u00e9ri et extra scolaire : periscolaire@mairie-maxeville.fr<\/p>\n<h5>Services du Grand Nancy<\/h5>\n<p>Les services du Grand Nancy sont \u00e0 votre disposition :<\/p>\n<div>\n<ul>\n<li>Standard<br \/>\n03 83 91 83 91 (8h-18h) 22-24 viaduc Kennedy 54000 Nancy<\/li>\n<li>Allo Voirie<br \/>\n03 83 91 81 71 (8h-17h)<\/li>\n<li>Circulation<br \/>\n03 83 40 46 46 (24h\/24)<\/li>\n<li>Allo Stan<br \/>\n03 83 30 08 08<\/li>\n<li>Service des eaux<br \/>\n03 83 91 83 83 (8h-17h) \/ 03 83 91 83 62 (apr\u00e8s 17h)<\/li>\n<li>Viabilit\u00e9 hivernale<br \/>\n03 54 50 90 64 (24h\/24) \/ 03 54 50 90 83<\/li>\n<li>\u00c9clairage public<br \/>\n03 83 91 83 58 (24h\/24)<\/li>\n<li>Collecte d\u00e9chets \/ Maison de la propret\u00e9<br \/>\n03 54 50 20 40 (8h-17h)<\/li>\n<\/ul>\n<hr \/>\n<\/div>\n<h5>Correspondante de l&#8217;Est R\u00e9publicain pour la ville de Max\u00e9ville :<\/h5>\n<p><img decoding=\"async\" loading=\"lazy\" class=\"alignnone size-medium wp-image-15445\" src=\"https:\/\/maxeville.fr\/wp-content\/uploads\/2024\/02\/AGNES-300x171.jpg\" alt=\"\" width=\"300\" height=\"171\" srcset=\"https:\/\/maxeville.fr\/wp-content\/uploads\/2024\/02\/AGNES-300x171.jpg 300w, https:\/\/maxeville.fr\/wp-content\/uploads\/2024\/02\/AGNES-24x14.jpg 24w, https:\/\/maxeville.fr\/wp-content\/uploads\/2024\/02\/AGNES-36x21.jpg 36w, https:\/\/maxeville.fr\/wp-content\/uploads\/2024\/02\/AGNES-48x27.jpg 48w, https:\/\/maxeville.fr\/wp-content\/uploads\/2024\/02\/AGNES.jpg 373w\" sizes=\"(max-width: 300px) 100vw, 300px\" \/><\/p>\n<div>\n<hr \/>\n<p><a href=\"https:\/\/maxeville.fr\/index.php\/mentions-legales-2\/\"><strong>Consulter les mentions l\u00e9gales &amp; traitement des donn\u00e9es personnelles<\/strong><\/a><\/p>\n<\/div>\n<div style=\"padding-bottom:20px; padding-top:10px;\" class=\"hupso-share-buttons\"><!-- Hupso Share Buttons - https:\/\/www.hupso.com\/share\/ --><a class=\"hupso_toolbar\" href=\"https:\/\/www.hupso.com\/share\/\"><img src=\"https:\/\/static.hupso.com\/share\/buttons\/lang\/fr\/share-medium.png\" style=\"border:0px; padding-top: 5px; float:left;\" alt=\"Share Button\"\/><\/a><script type=\"text\/javascript\">var hupso_services_t=new Array();var hupso_background_t=\"#EAF4FF\";var hupso_border_t=\"#66CCFF\";var hupso_toolbar_size_t=\"medium\";var hupso_image_folder_url = \"\";var hupso_url_t=\"\";var hupso_title_t=\"CONTACT\";<\/script><script type=\"text\/javascript\" src=\"https:\/\/static.hupso.com\/share\/js\/share_toolbar.js\"><\/script><!-- Hupso Share Buttons --><\/div>","protected":false},"excerpt":{"rendered":"<p>Mairie de Max\u00e9ville 14 rue du 15 Septembre 1944 &#8211; 54320 MAX\u00c9VILLE Horaires d&#8217;ouverture : Du lundi au vendredi de 8h30 \u00e0 12h et de 13h30 \u00e0 17h&#8230;<\/p>\n","protected":false},"author":1,"featured_media":0,"parent":0,"menu_order":7,"comment_status":"closed","ping_status":"closed","template":"","meta":[],"_links":{"self":[{"href":"https:\/\/maxeville.fr\/index.php\/wp-json\/wp\/v2\/pages\/1490"}],"collection":[{"href":"https:\/\/maxeville.fr\/index.php\/wp-json\/wp\/v2\/pages"}],"about":[{"href":"https:\/\/maxeville.fr\/index.php\/wp-json\/wp\/v2\/types\/page"}],"author":[{"embeddable":true,"href":"https:\/\/maxeville.fr\/index.php\/wp-json\/wp\/v2\/users\/1"}],"replies":[{"embeddable":true,"href":"https:\/\/maxeville.fr\/index.php\/wp-json\/wp\/v2\/comments?post=1490"}],"version-history":[{"count":21,"href":"https:\/\/maxeville.fr\/index.php\/wp-json\/wp\/v2\/pages\/1490\/revisions"}],"predecessor-version":[{"id":15448,"href":"https:\/\/maxeville.fr\/index.php\/wp-json\/wp\/v2\/pages\/1490\/revisions\/15448"}],"wp:attachment":[{"href":"https:\/\/maxeville.fr\/index.php\/wp-json\/wp\/v2\/media?parent=1490"}],"curies":[{"name":"wp","href":"https:\/\/api.w.org\/{rel}","templated":true}]}}