{"id":1615,"date":"2017-10-26T11:08:14","date_gmt":"2017-10-26T09:08:14","guid":{"rendered":"http:\/\/www.maxeville.fr\/?page_id=1615"},"modified":"2017-10-31T12:05:17","modified_gmt":"2017-10-31T11:05:17","slug":"rapport-audit-comptes-maxeville","status":"publish","type":"page","link":"https:\/\/maxeville.fr\/index.php\/ma-ville\/rapport-audit-comptes-maxeville\/","title":{"rendered":"Rapport d&#8217;audit des comptes de Max\u00e9ville"},"content":{"rendered":"<p>T\u00e9l\u00e9chargez le rapport d\u2019audit financier de la commune de Max\u00e9ville :<\/p>\n<p><a href=\"http:\/\/www.maxeville.fr\/wp-content\/uploads\/2017\/10\/Rapport-daudit-Max\u00e9ville-2014-.pdf\" rel=\"\">Rapport d&#8217;audit Max\u00e9ville-2014<\/a><\/p>\n<div style=\"padding-bottom:20px; padding-top:10px;\" class=\"hupso-share-buttons\"><!-- Hupso Share Buttons - https:\/\/www.hupso.com\/share\/ --><a class=\"hupso_toolbar\" href=\"https:\/\/www.hupso.com\/share\/\"><img src=\"https:\/\/static.hupso.com\/share\/buttons\/lang\/fr\/share-medium.png\" style=\"border:0px; padding-top: 5px; float:left;\" alt=\"Share Button\"\/><\/a><script type=\"text\/javascript\">var hupso_services_t=new Array();var hupso_background_t=\"#EAF4FF\";var hupso_border_t=\"#66CCFF\";var hupso_toolbar_size_t=\"medium\";var hupso_image_folder_url = \"\";var hupso_url_t=\"\";var hupso_title_t=\"Rapport%20d%27audit%20des%20comptes%20de%20Max%C3%A9ville\";<\/script><script type=\"text\/javascript\" src=\"https:\/\/static.hupso.com\/share\/js\/share_toolbar.js\"><\/script><!-- Hupso Share Buttons --><\/div>","protected":false},"excerpt":{"rendered":"<p>T\u00e9l\u00e9chargez le rapport d\u2019audit financier de la commune de Max\u00e9ville : Rapport d&#8217;audit Max\u00e9ville-2014<\/p>\n","protected":false},"author":1,"featured_media":0,"parent":73,"menu_order":39,"comment_status":"closed","ping_status":"closed","template":"","meta":[],"_links":{"self":[{"href":"https:\/\/maxeville.fr\/index.php\/wp-json\/wp\/v2\/pages\/1615"}],"collection":[{"href":"https:\/\/maxeville.fr\/index.php\/wp-json\/wp\/v2\/pages"}],"about":[{"href":"https:\/\/maxeville.fr\/index.php\/wp-json\/wp\/v2\/types\/page"}],"author":[{"embeddable":true,"href":"https:\/\/maxeville.fr\/index.php\/wp-json\/wp\/v2\/users\/1"}],"replies":[{"embeddable":true,"href":"https:\/\/maxeville.fr\/index.php\/wp-json\/wp\/v2\/comments?post=1615"}],"version-history":[{"count":5,"href":"https:\/\/maxeville.fr\/index.php\/wp-json\/wp\/v2\/pages\/1615\/revisions"}],"predecessor-version":[{"id":2575,"href":"https:\/\/maxeville.fr\/index.php\/wp-json\/wp\/v2\/pages\/1615\/revisions\/2575"}],"up":[{"embeddable":true,"href":"https:\/\/maxeville.fr\/index.php\/wp-json\/wp\/v2\/pages\/73"}],"wp:attachment":[{"href":"https:\/\/maxeville.fr\/index.php\/wp-json\/wp\/v2\/media?parent=1615"}],"curies":[{"name":"wp","href":"https:\/\/api.w.org\/{rel}","templated":true}]}}