{"id":1617,"date":"2017-10-26T11:08:34","date_gmt":"2017-10-26T09:08:34","guid":{"rendered":"http:\/\/www.maxeville.fr\/?page_id=1617"},"modified":"2026-01-21T16:04:18","modified_gmt":"2026-01-21T15:04:18","slug":"rapport-orientation-budgetaire","status":"publish","type":"page","link":"https:\/\/maxeville.fr\/index.php\/ma-ville\/rapport-orientation-budgetaire\/","title":{"rendered":"Rapport d&#8217;Orientation Budg\u00e9taire"},"content":{"rendered":"<h5>Ann\u00e9e 2026<\/h5>\n<p><a href=\"https:\/\/maxeville.fr\/wp-content\/uploads\/2026\/01\/ROB-26-web.pdf\" target=\"_blank\" rel=\"noopener\">Conseil municipal du 9 d\u00e9cembre 2025 &#8211; consulter le Rapport d&#8217;Orientation Budg\u00e9taire &#8211; ville de Max\u00e9ville<\/a><\/p>\n<h5>Ann\u00e9e 2025<\/h5>\n<p><a href=\"https:\/\/maxeville.fr\/wp-content\/uploads\/2026\/01\/ROB-25-web.pdf\" target=\"_blank\" rel=\"noopener\">Conseil municipal du 17 d\u00e9cembre 2024 &#8211; consulter le Rapport d&#8217;Orientation Budg\u00e9taire &#8211; ville de Max\u00e9ville<\/a><\/p>\n<h5>Ann\u00e9e 2024<\/h5>\n<p><a href=\"https:\/\/maxeville.fr\/wp-content\/uploads\/2026\/01\/ROB-24_WEB.pdf\" target=\"_blank\" rel=\"noopener\">Conseil du 16 f\u00e9vrier 2024 &#8211; consulter le Rapport d&#8217;Orientation Budg\u00e9taire &#8211; ville de Max\u00e9ville<\/a><\/p>\n<h5>Ann\u00e9e 2023<\/h5>\n<p><a href=\"https:\/\/maxeville.fr\/wp-content\/uploads\/2022\/12\/ROB-23_planche_web.pdf\" target=\"_blank\" rel=\"noopener\">9 d\u00e9cembre 2022 &#8211; Consulter le Rapport d&#8217;Orientation Budg\u00e9taire &#8211; ville de Max\u00e9ville<\/a><\/p>\n<h5>Ann\u00e9e 2022<\/h5>\n<p><a href=\"https:\/\/maxeville.fr\/wp-content\/uploads\/2021\/12\/ROB-22-planches.pdf\" target=\"_blank\" rel=\"noopener\">10 d\u00e9cembre 2021 &#8211; Consulter le Rapport d&#8217;Orientation Budg\u00e9taire &#8211; ville de Max\u00e9ville<\/a><\/p>\n<h5>Ann\u00e9e 2021<\/h5>\n<p><a href=\"https:\/\/maxeville.fr\/wp-content\/uploads\/2020\/12\/ROB-2021.pdf\">11-12-20 ROB 2021 Ville de Max\u00e9ville\u00a0<\/a><\/p>\n<h5>Ann\u00e9e 2020<\/h5>\n<p><a href=\"https:\/\/maxeville.fr\/wp-content\/uploads\/2019\/12\/ROB-2020-LIGHT.pdf\" target=\"_blank\" rel=\"noopener noreferrer\">19-12-19 ROB 2020 Ville de Max\u00e9ville<\/a><\/p>\n<h5>Ann\u00e9e 2019<\/h5>\n<p><a href=\"https:\/\/maxeville.fr\/wp-content\/uploads\/2019\/02\/ROB-2019_web.pdf\">08-02-19 ROB 2019 Ville de Max\u00e9ville<\/a><\/p>\n<h5>Ann\u00e9e 2018<\/h5>\n<p><a href=\"https:\/\/maxeville.fr\/wp-content\/uploads\/2018\/02\/ROB-2018-Ville-de-Max\u00e9ville.pdf\">26-02-18 ROB 2018 Ville de Max\u00e9ville<\/a><\/p>\n<h5>Ann\u00e9e 2017<\/h5>\n<p><a href=\"http:\/\/www.maxeville.fr\/wp-content\/uploads\/2017\/10\/28-02-17-ROB-2017-Ville-de-Max\u00e9ville.pdf\" rel=\"\">28-02-17-ROB-2017-Ville-de-Max\u00e9ville<\/a><\/p>\n<h5>Ann\u00e9e 2016<\/h5>\n<p><a href=\"http:\/\/www.maxeville.fr\/wp-content\/uploads\/2017\/10\/25-02-16-DOB-Ville-de-Max\u00e9ville.pdf\" rel=\"\">25-02-16-DOB Ville-de-Max\u00e9ville<\/a><\/p>\n<h5>Ann\u00e9e 2015<\/h5>\n<p><a href=\"http:\/\/www.maxeville.fr\/wp-content\/uploads\/2017\/10\/20-02-15-DOB-2015-Ville-Max\u00e9ville.pdf\" rel=\"\">20-02-15-DOB-2015-Ville-Max\u00e9ville<\/a><\/p>\n<h5>Ann\u00e9e 2025<\/h5>\n<p><a href=\"https:\/\/maxeville.fr\/wp-content\/uploads\/2024\/12\/ROB-25-web.pdf\" target=\"_blank\" rel=\"noopener\">Conseil municipal du 17 d\u00e9cembre 2024 &#8211; consulter le Rapport d&#8217;Orientation Budg\u00e9taire &#8211; ville de Max\u00e9ville<\/a><\/p>\n<h5>Ann\u00e9e 2024<\/h5>\n<p><a href=\"https:\/\/maxeville.fr\/wp-content\/uploads\/2024\/02\/ROB-24_WEB.pdf\" target=\"_blank\" rel=\"noopener\">Conseil du 16 f\u00e9vrier 2024 &#8211; consulter le Rapport d&#8217;Orientation Budg\u00e9taire &#8211; ville de Max\u00e9ville<\/a><\/p>\n<h5>Ann\u00e9e 2023<\/h5>\n<p><a href=\"https:\/\/maxeville.fr\/wp-content\/uploads\/2022\/12\/ROB-23_planche_web.pdf\" target=\"_blank\" rel=\"noopener\">9 d\u00e9cembre 2022 &#8211; Consulter le Rapport d&#8217;Orientation Budg\u00e9taire &#8211; ville de Max\u00e9ville<\/a><\/p>\n<h5>Ann\u00e9e 2022<\/h5>\n<p><a href=\"https:\/\/maxeville.fr\/wp-content\/uploads\/2021\/12\/ROB-22-planches.pdf\" target=\"_blank\" rel=\"noopener\">10 d\u00e9cembre 2021 &#8211; Consulter le Rapport d&#8217;Orientation Budg\u00e9taire &#8211; ville de Max\u00e9ville<\/a><\/p>\n<h5>Ann\u00e9e 2021<\/h5>\n<p><a href=\"https:\/\/maxeville.fr\/wp-content\/uploads\/2020\/12\/ROB-2021.pdf\">11-12-20 ROB 2021 Ville de Max\u00e9ville\u00a0<\/a><\/p>\n<h5>Ann\u00e9e 2020<\/h5>\n<p><a href=\"https:\/\/maxeville.fr\/wp-content\/uploads\/2019\/12\/ROB-2020-LIGHT.pdf\" target=\"_blank\" rel=\"noopener noreferrer\">19-12-19 ROB 2020 Ville de Max\u00e9ville<\/a><\/p>\n<h5>Ann\u00e9e 2019<\/h5>\n<p><a href=\"https:\/\/maxeville.fr\/wp-content\/uploads\/2019\/02\/ROB-2019_web.pdf\">08-02-19 ROB 2019 Ville de Max\u00e9ville<\/a><\/p>\n<h5>Ann\u00e9e 2018<\/h5>\n<p><a href=\"https:\/\/maxeville.fr\/wp-content\/uploads\/2018\/02\/ROB-2018-Ville-de-Max\u00e9ville.pdf\">26-02-18 ROB 2018 Ville de Max\u00e9ville<\/a><\/p>\n<h5>Ann\u00e9e 2017<\/h5>\n<p><a href=\"http:\/\/www.maxeville.fr\/wp-content\/uploads\/2017\/10\/28-02-17-ROB-2017-Ville-de-Max\u00e9ville.pdf\" rel=\"\">28-02-17-ROB-2017-Ville-de-Max\u00e9ville<\/a><\/p>\n<h5>Ann\u00e9e 2016<\/h5>\n<p><a href=\"http:\/\/www.maxeville.fr\/wp-content\/uploads\/2017\/10\/25-02-16-DOB-Ville-de-Max\u00e9ville.pdf\" rel=\"\">25-02-16-DOB Ville-de-Max\u00e9ville<\/a><\/p>\n<h5>Ann\u00e9e 2015<\/h5>\n<p><a href=\"http:\/\/www.maxeville.fr\/wp-content\/uploads\/2017\/10\/20-02-15-DOB-2015-Ville-Max\u00e9ville.pdf\" rel=\"\">20-02-15-DOB-2015-Ville-Max\u00e9ville<\/a><\/p>\n<h5>Ann\u00e9e 2024<\/h5>\n<p><a href=\"https:\/\/maxeville.fr\/wp-content\/uploads\/2024\/02\/ROB-24_WEB.pdf\" target=\"_blank\" rel=\"noopener\">Conseil du 16 f\u00e9vrier 2024 &#8211; consulter le Rapport d&#8217;Orientation Budg\u00e9taire &#8211; ville de Max\u00e9ville<\/a><\/p>\n<h5>Ann\u00e9e 2023<\/h5>\n<p><a href=\"https:\/\/maxeville.fr\/wp-content\/uploads\/2022\/12\/ROB-23_planche_web.pdf\" target=\"_blank\" rel=\"noopener\">9 d\u00e9cembre 2022 &#8211; Consulter le Rapport d&#8217;Orientation Budg\u00e9taire &#8211; ville de Max\u00e9ville<\/a><\/p>\n<h5>Ann\u00e9e 2022<\/h5>\n<p><a href=\"https:\/\/maxeville.fr\/wp-content\/uploads\/2021\/12\/ROB-22-planches.pdf\" target=\"_blank\" rel=\"noopener\">10 d\u00e9cembre 2021 &#8211; Consulter le Rapport d&#8217;Orientation Budg\u00e9taire &#8211; ville de Max\u00e9ville<\/a><\/p>\n<h5>Ann\u00e9e 2021<\/h5>\n<p><a href=\"https:\/\/maxeville.fr\/wp-content\/uploads\/2020\/12\/ROB-2021.pdf\">11-12-20 ROB 2021 Ville de Max\u00e9ville\u00a0<\/a><\/p>\n<h5>Ann\u00e9e 2020<\/h5>\n<p><a href=\"https:\/\/maxeville.fr\/wp-content\/uploads\/2019\/12\/ROB-2020-LIGHT.pdf\" target=\"_blank\" rel=\"noopener noreferrer\">19-12-19 ROB 2020 Ville de Max\u00e9ville<\/a><\/p>\n<h5>Ann\u00e9e 2019<\/h5>\n<p><a href=\"https:\/\/maxeville.fr\/wp-content\/uploads\/2019\/02\/ROB-2019_web.pdf\">08-02-19 ROB 2019 Ville de Max\u00e9ville<\/a><\/p>\n<h5>Ann\u00e9e 2018<\/h5>\n<p><a href=\"https:\/\/maxeville.fr\/wp-content\/uploads\/2018\/02\/ROB-2018-Ville-de-Max\u00e9ville.pdf\">26-02-18 ROB 2018 Ville de Max\u00e9ville<\/a><\/p>\n<h5>Ann\u00e9e 2017<\/h5>\n<p><a href=\"http:\/\/www.maxeville.fr\/wp-content\/uploads\/2017\/10\/28-02-17-ROB-2017-Ville-de-Max\u00e9ville.pdf\" rel=\"\">28-02-17-ROB-2017-Ville-de-Max\u00e9ville<\/a><\/p>\n<h5>Ann\u00e9e 2016<\/h5>\n<p><a href=\"http:\/\/www.maxeville.fr\/wp-content\/uploads\/2017\/10\/25-02-16-DOB-Ville-de-Max\u00e9ville.pdf\" rel=\"\">25-02-16-DOB Ville-de-Max\u00e9ville<\/a><\/p>\n<h5>Ann\u00e9e 2015<\/h5>\n<p><a href=\"http:\/\/www.maxeville.fr\/wp-content\/uploads\/2017\/10\/20-02-15-DOB-2015-Ville-Max\u00e9ville.pdf\" rel=\"\">20-02-15-DOB-2015-Ville-Max\u00e9ville<\/a><\/p>\n<h5>Ann\u00e9e 2025<\/h5>\n<p><a href=\"https:\/\/maxeville.fr\/wp-content\/uploads\/2024\/12\/ROB-25-web.pdf\" target=\"_blank\" rel=\"noopener\">Conseil municipal du 17 d\u00e9cembre 2024 &#8211; consulter le Rapport d&#8217;Orientation Budg\u00e9taire &#8211; ville de Max\u00e9ville<\/a><\/p>\n<h5>Ann\u00e9e 2024<\/h5>\n<p><a href=\"https:\/\/maxeville.fr\/wp-content\/uploads\/2024\/02\/ROB-24_WEB.pdf\" target=\"_blank\" rel=\"noopener\">Conseil du 16 f\u00e9vrier 2024 &#8211; consulter le Rapport d&#8217;Orientation Budg\u00e9taire &#8211; ville de Max\u00e9ville<\/a><\/p>\n<h5>Ann\u00e9e 2023<\/h5>\n<p><a href=\"https:\/\/maxeville.fr\/wp-content\/uploads\/2022\/12\/ROB-23_planche_web.pdf\" target=\"_blank\" rel=\"noopener\">9 d\u00e9cembre 2022 &#8211; Consulter le Rapport d&#8217;Orientation Budg\u00e9taire &#8211; ville de Max\u00e9ville<\/a><\/p>\n<h5>Ann\u00e9e 2022<\/h5>\n<p><a href=\"https:\/\/maxeville.fr\/wp-content\/uploads\/2021\/12\/ROB-22-planches.pdf\" target=\"_blank\" rel=\"noopener\">10 d\u00e9cembre 2021 &#8211; Consulter le Rapport d&#8217;Orientation Budg\u00e9taire &#8211; ville de Max\u00e9ville<\/a><\/p>\n<h5>Ann\u00e9e 2021<\/h5>\n<p><a href=\"https:\/\/maxeville.fr\/wp-content\/uploads\/2020\/12\/ROB-2021.pdf\">11-12-20 ROB 2021 Ville de Max\u00e9ville\u00a0<\/a><\/p>\n<h5>Ann\u00e9e 2020<\/h5>\n<p><a href=\"https:\/\/maxeville.fr\/wp-content\/uploads\/2019\/12\/ROB-2020-LIGHT.pdf\" target=\"_blank\" rel=\"noopener noreferrer\">19-12-19 ROB 2020 Ville de Max\u00e9ville<\/a><\/p>\n<h5>Ann\u00e9e 2019<\/h5>\n<p><a href=\"https:\/\/maxeville.fr\/wp-content\/uploads\/2019\/02\/ROB-2019_web.pdf\">08-02-19 ROB 2019 Ville de Max\u00e9ville<\/a><\/p>\n<h5>Ann\u00e9e 2018<\/h5>\n<p><a href=\"https:\/\/maxeville.fr\/wp-content\/uploads\/2018\/02\/ROB-2018-Ville-de-Max\u00e9ville.pdf\">26-02-18 ROB 2018 Ville de Max\u00e9ville<\/a><\/p>\n<h5>Ann\u00e9e 2017<\/h5>\n<p><a href=\"http:\/\/www.maxeville.fr\/wp-content\/uploads\/2017\/10\/28-02-17-ROB-2017-Ville-de-Max\u00e9ville.pdf\" rel=\"\">28-02-17-ROB-2017-Ville-de-Max\u00e9ville<\/a><\/p>\n<h5>Ann\u00e9e 2016<\/h5>\n<p><a href=\"http:\/\/www.maxeville.fr\/wp-content\/uploads\/2017\/10\/25-02-16-DOB-Ville-de-Max\u00e9ville.pdf\" rel=\"\">25-02-16-DOB Ville-de-Max\u00e9ville<\/a><\/p>\n<h5>Ann\u00e9e 2015<\/h5>\n<p><a href=\"http:\/\/www.maxeville.fr\/wp-content\/uploads\/2017\/10\/20-02-15-DOB-2015-Ville-Max\u00e9ville.pdf\" rel=\"\">20-02-15-DOB-2015-Ville-Max\u00e9ville<\/a><\/p>\n<div style=\"padding-bottom:20px; padding-top:10px;\" class=\"hupso-share-buttons\"><!-- Hupso Share Buttons - https:\/\/www.hupso.com\/share\/ --><a class=\"hupso_toolbar\" href=\"https:\/\/www.hupso.com\/share\/\"><img src=\"https:\/\/static.hupso.com\/share\/buttons\/lang\/fr\/share-medium.png\" style=\"border:0px; padding-top: 5px; float:left;\" alt=\"Share Button\"\/><\/a><script type=\"text\/javascript\">var hupso_services_t=new Array();var hupso_background_t=\"#EAF4FF\";var hupso_border_t=\"#66CCFF\";var hupso_toolbar_size_t=\"medium\";var hupso_image_folder_url = \"\";var hupso_url_t=\"\";var hupso_title_t=\"Rapport%20d%27Orientation%20Budg%C3%A9taire\";<\/script><script type=\"text\/javascript\" src=\"https:\/\/static.hupso.com\/share\/js\/share_toolbar.js\"><\/script><!-- Hupso Share Buttons --><\/div>","protected":false},"excerpt":{"rendered":"<p>Ann\u00e9e 2026 Conseil municipal du 9 d\u00e9cembre 2025 &#8211; consulter le Rapport d&#8217;Orientation Budg\u00e9taire &#8211; ville de Max\u00e9ville Ann\u00e9e 2025 Conseil municipal du 17 d\u00e9cembre 2024 &#8211; consulter&#8230;<\/p>\n","protected":false},"author":1,"featured_media":0,"parent":73,"menu_order":41,"comment_status":"closed","ping_status":"closed","template":"","meta":[],"_links":{"self":[{"href":"https:\/\/maxeville.fr\/index.php\/wp-json\/wp\/v2\/pages\/1617"}],"collection":[{"href":"https:\/\/maxeville.fr\/index.php\/wp-json\/wp\/v2\/pages"}],"about":[{"href":"https:\/\/maxeville.fr\/index.php\/wp-json\/wp\/v2\/types\/page"}],"author":[{"embeddable":true,"href":"https:\/\/maxeville.fr\/index.php\/wp-json\/wp\/v2\/users\/1"}],"replies":[{"embeddable":true,"href":"https:\/\/maxeville.fr\/index.php\/wp-json\/wp\/v2\/comments?post=1617"}],"version-history":[{"count":17,"href":"https:\/\/maxeville.fr\/index.php\/wp-json\/wp\/v2\/pages\/1617\/revisions"}],"predecessor-version":[{"id":18998,"href":"https:\/\/maxeville.fr\/index.php\/wp-json\/wp\/v2\/pages\/1617\/revisions\/18998"}],"up":[{"embeddable":true,"href":"https:\/\/maxeville.fr\/index.php\/wp-json\/wp\/v2\/pages\/73"}],"wp:attachment":[{"href":"https:\/\/maxeville.fr\/index.php\/wp-json\/wp\/v2\/media?parent=1617"}],"curies":[{"name":"wp","href":"https:\/\/api.w.org\/{rel}","templated":true}]}}