{"id":1639,"date":"2017-10-26T11:38:21","date_gmt":"2017-10-26T09:38:21","guid":{"rendered":"http:\/\/www.maxeville.fr\/?page_id=1639"},"modified":"2026-03-20T10:25:28","modified_gmt":"2026-03-20T09:25:28","slug":"cimetiere","status":"publish","type":"page","link":"https:\/\/maxeville.fr\/index.php\/mon-quotidien\/cimetiere\/","title":{"rendered":"Cimeti\u00e8re"},"content":{"rendered":"<h3>Adresse :<\/h3>\n<p>Le cimeti\u00e8re communal se situe au Chemin C\u00f4te Lepr\u00eatre, 54320 Max\u00e9ville.<\/p>\n<h3>Horaires d&#8217;ouverture :<\/h3>\n<p>Du 1er avril au 1er novembre inclus : de 8h \u00e0 22h<br \/>\nDu 2 novembre au 31 mars inclus : de 8h \u00e0 20h.<\/p>\n<p><a href=\"https:\/\/maxeville.fr\/wp-content\/uploads\/2019\/12\/R\u00e9glement-cimeti\u00e8re-de-Max\u00e9ville-2018.pdf\" target=\"_blank\" rel=\"noopener noreferrer\">R\u00e8glement du cimeti\u00e8re de Max\u00e9ville<\/a><\/p>\n<h3>Entretien :<\/h3>\n<p>La municipalit\u00e9 veille au bon entretien du cimeti\u00e8re. Il est demand\u00e9 \u00e0 chacun de respecter le r\u00e8glement et de s&#8217;assurer de l&#8217;entretien de sa concession, ainsi que de l&#8217;espace inter(tombes.<\/p>\n<p><strong>Contact pour tout renseignement :<\/strong> Corinne GENIN | Point Accueil Seniors au 03 83 32 30 00.<\/p>\n<p><strong><em>Pour toutes demandes de tarifs, merci de vous rapprocher des services de la ville.<\/em><\/strong><\/p>\n<div style=\"padding-bottom:20px; padding-top:10px;\" class=\"hupso-share-buttons\"><!-- Hupso Share Buttons - https:\/\/www.hupso.com\/share\/ --><a class=\"hupso_toolbar\" href=\"https:\/\/www.hupso.com\/share\/\"><img src=\"https:\/\/static.hupso.com\/share\/buttons\/lang\/fr\/share-medium.png\" style=\"border:0px; padding-top: 5px; float:left;\" alt=\"Share Button\"\/><\/a><script type=\"text\/javascript\">var hupso_services_t=new Array();var hupso_background_t=\"#EAF4FF\";var hupso_border_t=\"#66CCFF\";var hupso_toolbar_size_t=\"medium\";var hupso_image_folder_url = \"\";var hupso_url_t=\"\";var hupso_title_t=\"Cimeti%C3%A8re\";<\/script><script type=\"text\/javascript\" src=\"https:\/\/static.hupso.com\/share\/js\/share_toolbar.js\"><\/script><!-- Hupso Share Buttons --><\/div>","protected":false},"excerpt":{"rendered":"<p>Adresse : Le cimeti\u00e8re communal se situe au Chemin C\u00f4te Lepr\u00eatre, 54320 Max\u00e9ville. Horaires d&#8217;ouverture : Du 1er avril au 1er novembre inclus : de 8h \u00e0 22h&#8230;<\/p>\n","protected":false},"author":1,"featured_media":0,"parent":242,"menu_order":4,"comment_status":"closed","ping_status":"closed","template":"","meta":[],"_links":{"self":[{"href":"https:\/\/maxeville.fr\/index.php\/wp-json\/wp\/v2\/pages\/1639"}],"collection":[{"href":"https:\/\/maxeville.fr\/index.php\/wp-json\/wp\/v2\/pages"}],"about":[{"href":"https:\/\/maxeville.fr\/index.php\/wp-json\/wp\/v2\/types\/page"}],"author":[{"embeddable":true,"href":"https:\/\/maxeville.fr\/index.php\/wp-json\/wp\/v2\/users\/1"}],"replies":[{"embeddable":true,"href":"https:\/\/maxeville.fr\/index.php\/wp-json\/wp\/v2\/comments?post=1639"}],"version-history":[{"count":9,"href":"https:\/\/maxeville.fr\/index.php\/wp-json\/wp\/v2\/pages\/1639\/revisions"}],"predecessor-version":[{"id":19281,"href":"https:\/\/maxeville.fr\/index.php\/wp-json\/wp\/v2\/pages\/1639\/revisions\/19281"}],"up":[{"embeddable":true,"href":"https:\/\/maxeville.fr\/index.php\/wp-json\/wp\/v2\/pages\/242"}],"wp:attachment":[{"href":"https:\/\/maxeville.fr\/index.php\/wp-json\/wp\/v2\/media?parent=1639"}],"curies":[{"name":"wp","href":"https:\/\/api.w.org\/{rel}","templated":true}]}}