{"id":1701,"date":"2017-10-26T13:01:04","date_gmt":"2017-10-26T11:01:04","guid":{"rendered":"http:\/\/www.maxeville.fr\/?page_id=1701"},"modified":"2024-03-25T10:49:59","modified_gmt":"2024-03-25T09:49:59","slug":"concours-maisons-fleuries","status":"publish","type":"page","link":"https:\/\/maxeville.fr\/index.php\/mon-quotidien\/concours-maisons-fleuries\/","title":{"rendered":""},"content":{"rendered":"<p style=\"text-align: left;\">Le prix pour le fleurissement des jardins et des balcons et les plantations des potagers se transforme en :<\/p>\n<h5 style=\"text-align: left;\"><strong>Le concours des balcons et jardins \u00e9cologiques<\/strong><\/h5>\n<p><em>En raison du changement d\u00e9j\u00e0 constat\u00e9 du climat tel que nous le<\/em><br \/>\n<em>vivons maintenant marqu\u00e9 par de fortes chaleurs et peu de pluie,<\/em><br \/>\n<em>la ville a souhait\u00e9 faire \u00e9voluer le Concours des jardins fleuris.<\/em><br \/>\n<em>Aujourd&#8217;hui un jardin, un balcon, m\u00eame un bord de fen\u00eatre doit<\/em><br \/>\n<em>s&#8217;adapter \u00e0 ce changement climatique qu\u2019on le veuille ou non et<\/em><br \/>\n<em>chaque geste pour pr\u00e9server notre environnement compte.<br \/>\n<\/em><\/p>\n<h5>Vous habitez Max\u00e9ville et vous avez commenc\u00e9 modestement \u00e0 modifier<br \/>\nvotre fa\u00e7on de jardiner ?<\/h5>\n<p>Vous r\u00e9cup\u00e9rez l\u2019eau de pluie,<br \/>\nVous mulchez vos massifs,<br \/>\nVous espacez les tontes,<br \/>\nVous posez des nichoirs pour les oiseaux<br \/>\nVous \u00eates un mordu de permaculture ?<br \/>\n<em><strong>Ce concours s&#8217;adresse \u00e0 vous !<\/strong><\/em><\/p>\n<p><em>3 prix \u00e0 100\u20ac et 6 \u00e0 50\u20ac seront d\u00e9cern\u00e9s pour soutenir et encourager<\/em><br \/>\n<em>les jardiniers et jardini\u00e8res qui s&#8217;engagent dans la transition \u00e9cologique.<\/em><\/p>\n<h5>Comment proc\u00e9der ?<\/h5>\n<p><strong>Tout d&#8217;abord inscrivez-vous par mail \u00e0 l\u2019adresse :<\/strong><br \/>\n<strong>contact@mairie-maxeville.fr <\/strong><br \/>\n<strong>en indiquant votre nom, pr\u00e9nom, adresse<\/strong><\/p>\n<p><strong><br \/>\n<\/strong><a href=\"https:\/\/maxeville.fr\/wp-content\/uploads\/2022\/06\/dossier-JARDINS-ECOLO-2021.pdf\" target=\"_blank\" rel=\"noreferrer noopener\" data-type=\"URL\" data-id=\"https:\/\/maxeville.fr\/wp-content\/uploads\/2022\/06\/dossier-JARDINS-ECOLO-2021.pdf\">Consulter le dossier sp\u00e9cial sur les laur\u00e9ats 2021<\/a><\/p>\n<p><em>Un jury compos\u00e9 d&#8217;un agent des espaces verts et d&#8217;un \u00e9lu passera <\/em><em>chez vous pour constater vos plantations, vos am\u00e9nagements\u2026 <\/em><em>et d\u00e9cernera un prix aux jardins et balcons les plus respectueux de <\/em><em>l\u2019environnement quel que soit leur taille, aux id\u00e9es les plus int\u00e9ressantes <\/em><em>et innovantes&#8230;<\/em><\/p>\n<h5><\/h5>\n<div style=\"padding-bottom:20px; padding-top:10px;\" class=\"hupso-share-buttons\"><!-- Hupso Share Buttons - https:\/\/www.hupso.com\/share\/ --><a class=\"hupso_toolbar\" href=\"https:\/\/www.hupso.com\/share\/\"><img src=\"https:\/\/static.hupso.com\/share\/buttons\/lang\/fr\/share-medium.png\" style=\"border:0px; padding-top: 5px; float:left;\" alt=\"Share Button\"\/><\/a><script type=\"text\/javascript\">var hupso_services_t=new Array();var hupso_background_t=\"#EAF4FF\";var hupso_border_t=\"#66CCFF\";var hupso_toolbar_size_t=\"medium\";var hupso_image_folder_url = \"\";var hupso_url_t=\"\";var hupso_title_t=\"\";<\/script><script type=\"text\/javascript\" src=\"https:\/\/static.hupso.com\/share\/js\/share_toolbar.js\"><\/script><!-- Hupso Share Buttons --><\/div>","protected":false},"excerpt":{"rendered":"<p>Le prix pour le fleurissement des jardins et des balcons et les plantations des potagers se transforme en : Le concours des balcons et jardins \u00e9cologiques En raison&#8230;<\/p>\n","protected":false},"author":1,"featured_media":9859,"parent":242,"menu_order":27,"comment_status":"closed","ping_status":"closed","template":"","meta":[],"_links":{"self":[{"href":"https:\/\/maxeville.fr\/index.php\/wp-json\/wp\/v2\/pages\/1701"}],"collection":[{"href":"https:\/\/maxeville.fr\/index.php\/wp-json\/wp\/v2\/pages"}],"about":[{"href":"https:\/\/maxeville.fr\/index.php\/wp-json\/wp\/v2\/types\/page"}],"author":[{"embeddable":true,"href":"https:\/\/maxeville.fr\/index.php\/wp-json\/wp\/v2\/users\/1"}],"replies":[{"embeddable":true,"href":"https:\/\/maxeville.fr\/index.php\/wp-json\/wp\/v2\/comments?post=1701"}],"version-history":[{"count":10,"href":"https:\/\/maxeville.fr\/index.php\/wp-json\/wp\/v2\/pages\/1701\/revisions"}],"predecessor-version":[{"id":15686,"href":"https:\/\/maxeville.fr\/index.php\/wp-json\/wp\/v2\/pages\/1701\/revisions\/15686"}],"up":[{"embeddable":true,"href":"https:\/\/maxeville.fr\/index.php\/wp-json\/wp\/v2\/pages\/242"}],"wp:featuredmedia":[{"embeddable":true,"href":"https:\/\/maxeville.fr\/index.php\/wp-json\/wp\/v2\/media\/9859"}],"wp:attachment":[{"href":"https:\/\/maxeville.fr\/index.php\/wp-json\/wp\/v2\/media?parent=1701"}],"curies":[{"name":"wp","href":"https:\/\/api.w.org\/{rel}","templated":true}]}}