{"id":1712,"date":"2017-10-26T13:08:45","date_gmt":"2017-10-26T11:08:45","guid":{"rendered":"http:\/\/www.maxeville.fr\/?page_id=1712"},"modified":"2026-01-23T16:17:34","modified_gmt":"2026-01-23T15:17:34","slug":"publicite-exterieure","status":"publish","type":"page","link":"https:\/\/maxeville.fr\/index.php\/mon-quotidien\/publicite-exterieure\/","title":{"rendered":"Publicit\u00e9 ext\u00e9rieure : Taxe locale sur la publicit\u00e9 ext\u00e9rieure TLPE"},"content":{"rendered":"<h5><\/h5>\n<p><strong>La taxe locale sur la publicit\u00e9 ext\u00e9rieure<\/strong> TLPE est une taxe cr\u00e9\u00e9e par la loi du 4 ao\u00fbt 2008 pour la modernisation de l\u2019\u00e9conomie. Elle concerne toutes les entreprises qui exploitent des supports publicitaires fixes, ext\u00e9rieurs et visibles d\u2019une voie publique.<\/p>\n<p>La TLPE s\u2019applique donc aux dispositifs visibles de toute voie ouverte \u00e0 la circulation publique.<\/p>\n<hr \/>\n<h4><em>Supports publicitaires : les dispositifs concern\u00e9s<\/em><\/h4>\n<ul>\n<li><strong>Les enseignes<\/strong>\u00a0: toute inscription, forme ou image appos\u00e9e sur un immeuble (unit\u00e9 fonci\u00e8re) destin\u00e9e \u00e0 informer le public sur l\u2019activit\u00e9 exerc\u00e9e et les produits vendus (hors soldes temporaires et hors mentions r\u00e9glementaires obligatoires).<\/li>\n<li><strong>Les dispositifs publicitaires<\/strong>\u00a0: tout support susceptible de contenir une publicit\u00e9. L\u2019encadrement du support \u00a0n\u2019est pas pris en compte.<\/li>\n<li><strong>Les pr\u00e9 enseignes<\/strong> : toute inscription, forme ou image indiquant la proximit\u00e9 d\u2019un immeuble (unit\u00e9 fonci\u00e8re) o\u00f9 s\u2019exerce une activit\u00e9 d\u00e9termin\u00e9e<\/li>\n<\/ul>\n<hr \/>\n<p><strong><span style=\"color: #ff0000;\">Vous vous installez \u00e0 Max\u00e9ville et souhaitez faire de la publicit\u00e9 sur votre entreprise ?\u00a0<\/span><\/strong><\/p>\n<p><a href=\"https:\/\/maxeville.fr\/wp-content\/uploads\/2019\/12\/La-TLPE-2020-quest-ce-que-cest.pdf\" target=\"_blank\" rel=\"noopener noreferrer\">&gt; Qu&#8217;est ce qu&#8217;une TLPE ?<\/a><br \/>\n<a href=\"https:\/\/maxeville.fr\/wp-content\/uploads\/2023\/02\/Taxe-locale-sur-la-publicite-exterieure-Actualisation-des-tarifs-applicables-en-2023.pdf\" target=\"_blank\" rel=\"noopener\">&gt;Tarifs de la TLPE \u00e0 Max\u00e9ville depuis 2023 | <\/a><a href=\"https:\/\/maxeville.fr\/wp-content\/uploads\/2023\/02\/Taxe-locale-sur-la-publicite-exterieure-Actualisation-des-tarifs-applicables-en-2023.pdf\" target=\"_blank\" rel=\"noopener\"> Consulter la d\u00e9lib\u00e9ration <\/a><\/p>\n<p><a href=\"https:\/\/maxeville.fr\/wp-content\/uploads\/2026\/01\/TLPE-cerfa_15702-02.pdf\" target=\"_blank\" rel=\"noopener noreferrer\">&gt; Formulaire CERFA N\u00b0 15702*02<\/a><br \/>\n<a href=\"https:\/\/maxeville.fr\/wp-content\/uploads\/2026\/01\/TLPE-notice_5215602.pdf\" target=\"_blank\" rel=\"noopener noreferrer\">&gt; Notice relative<\/a><\/p>\n<hr \/>\n<p>Attention, l&#8217;installation, le remplacement ou la modification de dispositif ou de mat\u00e9riel qui supporte de la\u00a0<b>publicit\u00e9\u00a0<\/b>(ou une\u00a0<b>pr\u00e9-enseigne<\/b>) sont soumis \u00e9galement \u00e0 une <strong>demande d&#8217;autorisation<\/strong> et une <b>d\u00e9claration pr\u00e9alable<\/b>\u00a0(article L.581-6 du Code de l&#8217;Environnement).<\/p>\n<p>Ces documents doivent \u00eatre <b><u>adress\u00e9s \u00e0 la mairie du lieu d&#8217;installation du dispositif<\/u><\/b>\u00a0par pli recommand\u00e9 avec demande d&#8217;avis de r\u00e9ception ou d\u00e9pos\u00e9 contre r\u00e9c\u00e9piss\u00e9.<\/p>\n<p><strong><span style=\"color: #ff0000;\">Demande d\u2019autorisation pr\u00e9alable<\/span> <\/strong>de nouvelle installation, de remplacement, de modification d\u2019un dispositif ou d\u2019un mat\u00e9riel supportant de la publicit\u00e9, une pr\u00e9 enseigne ou une enseigne :<br \/>\n<a href=\"http:\/\/www.maxeville.fr\/wp-content\/uploads\/2017\/10\/cerfa_14798-imprime-enseigne-1.pdf\" target=\"_blank\" rel=\"noopener\">&gt;cerfa_14798 imprime enseigne<\/a><\/p>\n<p><span style=\"color: #ff0000;\"><strong>D\u00e9claration pr\u00e9alable<\/strong> <\/span>N\u00b0 14799*01 de nouvelle installation, de remplacement, de modification, d\u2019un dispositif ou d\u2019un mat\u00e9riel supportant de la publicit\u00e9 ou une pr\u00e9 enseigne :<\/p>\n<p><a href=\"http:\/\/www.maxeville.fr\/wp-content\/uploads\/2017\/10\/cerfa_14799-imprim\u00e9-pub-1.pdf\" target=\"_blank\" rel=\"noopener\">&gt;cerfa_14799 imprim\u00e9 pub<\/a><\/p>\n<div style=\"padding-bottom:20px; padding-top:10px;\" class=\"hupso-share-buttons\"><!-- Hupso Share Buttons - https:\/\/www.hupso.com\/share\/ --><a class=\"hupso_toolbar\" href=\"https:\/\/www.hupso.com\/share\/\"><img src=\"https:\/\/static.hupso.com\/share\/buttons\/lang\/fr\/share-medium.png\" style=\"border:0px; padding-top: 5px; float:left;\" alt=\"Share Button\"\/><\/a><script type=\"text\/javascript\">var hupso_services_t=new Array();var hupso_background_t=\"#EAF4FF\";var hupso_border_t=\"#66CCFF\";var hupso_toolbar_size_t=\"medium\";var hupso_image_folder_url = \"\";var hupso_url_t=\"\";var hupso_title_t=\"Publicit%C3%A9%20ext%C3%A9rieure%20%3A%20Taxe%20locale%20sur%20la%20publicit%C3%A9%20ext%C3%A9rieure%20TLPE\";<\/script><script type=\"text\/javascript\" src=\"https:\/\/static.hupso.com\/share\/js\/share_toolbar.js\"><\/script><!-- Hupso Share Buttons --><\/div>","protected":false},"excerpt":{"rendered":"<p>La taxe locale sur la publicit\u00e9 ext\u00e9rieure TLPE est une taxe cr\u00e9\u00e9e par la loi du 4 ao\u00fbt 2008 pour la modernisation de l\u2019\u00e9conomie. Elle concerne toutes les&#8230;<\/p>\n","protected":false},"author":1,"featured_media":0,"parent":242,"menu_order":34,"comment_status":"closed","ping_status":"closed","template":"","meta":[],"_links":{"self":[{"href":"https:\/\/maxeville.fr\/index.php\/wp-json\/wp\/v2\/pages\/1712"}],"collection":[{"href":"https:\/\/maxeville.fr\/index.php\/wp-json\/wp\/v2\/pages"}],"about":[{"href":"https:\/\/maxeville.fr\/index.php\/wp-json\/wp\/v2\/types\/page"}],"author":[{"embeddable":true,"href":"https:\/\/maxeville.fr\/index.php\/wp-json\/wp\/v2\/users\/1"}],"replies":[{"embeddable":true,"href":"https:\/\/maxeville.fr\/index.php\/wp-json\/wp\/v2\/comments?post=1712"}],"version-history":[{"count":20,"href":"https:\/\/maxeville.fr\/index.php\/wp-json\/wp\/v2\/pages\/1712\/revisions"}],"predecessor-version":[{"id":19023,"href":"https:\/\/maxeville.fr\/index.php\/wp-json\/wp\/v2\/pages\/1712\/revisions\/19023"}],"up":[{"embeddable":true,"href":"https:\/\/maxeville.fr\/index.php\/wp-json\/wp\/v2\/pages\/242"}],"wp:attachment":[{"href":"https:\/\/maxeville.fr\/index.php\/wp-json\/wp\/v2\/media?parent=1712"}],"curies":[{"name":"wp","href":"https:\/\/api.w.org\/{rel}","templated":true}]}}