{"id":17583,"date":"2025-03-05T13:55:25","date_gmt":"2025-03-05T12:55:25","guid":{"rendered":"https:\/\/maxeville.fr\/?page_id=17583"},"modified":"2025-03-05T13:57:18","modified_gmt":"2025-03-05T12:57:18","slug":"sac-de-naissance-nouveau-nes","status":"publish","type":"page","link":"https:\/\/maxeville.fr\/index.php\/sac-de-naissance-nouveau-nes\/","title":{"rendered":"Sac de naissance offert aux nouveau-n\u00e9s"},"content":{"rendered":"\n<p class=\"has-normal-font-size\"><strong><mark style=\"background-color:#ffc74f\" class=\"has-inline-color\"><em>Sans conditions de ressources, ni de revenus !<\/em><\/mark><\/strong><\/p>\n\n\n\n<p>Si vous habitez Max\u00e9ville et que vous attendez un enfant, un sac de naissance vous est offert, quels que soient vos revenus ou votre situation. <strong><mark style=\"background-color:rgba(0, 0, 0, 0);color:#cb4a4a\" class=\"has-inline-color\">Pour l\u2019obtenir, il vous suffit de prendre rendez-vous aupr\u00e8s de l\u2019une des antennes ci-dessous, selon l\u2019implantation de votre domicile.<\/mark><\/strong> Ce rendez-vous vous permet \u00e9galement de rencontrer des professionnels de la petite enfance \u00e0 votre disposition, et de d\u00e9couvrir les diff\u00e9rents dispositifs et services d\u00e9ploy\u00e9s \u00e0 Max\u00e9ville.<\/p>\n\n\n\n<p><strong>Quartier Centre et Meurthe-canal :<br><\/strong>R\u00e9f\u00e9rence : Corinne PELTE, coordinatrice du Relais Petite Enfance &#8220;Le Nid&#8221;<br>03 57 80 06 96<\/p>\n\n\n\n<p><strong>Plateau de Haye :<br><\/strong>R\u00e9f\u00e9rence : Aur\u00e9lie DUBOIS, coordinatrice petite enfance de la Cit\u00e9 \u00c9ducative &#8211; Plateau de Haye<br>06 20 95 71 44<\/p>\n\n\n\n<p class=\"has-normal-font-size\"><strong><mark style=\"background-color:#ffc74f\" class=\"has-inline-color\"><em>Valeur estim\u00e9e du sac et de son contenu : environ 250 \u20ac<\/em><\/mark><\/strong><\/p>\n\n\n\n<p class=\"has-large-font-size\"><strong>Dans ce sac, vous trouverez :<\/strong><\/p>\n\n\n\n<p><strong>Des produits de soin et d&#8217;hygi\u00e8ne :<\/strong> savon, s\u00e9rum physiologique, liniment, coussinets d\u2019allaitement lavables\u2026<br><strong>Des v\u00eatements :<\/strong> pyjamas, bodys, turbulette \u00e9volutive\u2026<br><strong>Des accessoires divers :<\/strong> tapis de change nomade, thermom\u00e8tre, livres, mouche b\u00e9b\u00e9\u2026<em><br>NB : le contenu peut l\u00e9g\u00e8rement diff\u00e9rer d&#8217;un sac \u00e0 l&#8217;autre, notamment sur les coloris.<\/em> <\/p>\n\n\n\n<p><strong><em><mark style=\"background-color:rgba(0, 0, 0, 0);color:#cb4a4a\" class=\"has-inline-color\">Il existe un <a href=\"https:\/\/maxeville.fr\/index.php\/les-services-petite-enfance-de-maxeville\/\" data-type=\"URL\" data-id=\"https:\/\/maxeville.fr\/index.php\/les-services-petite-enfance-de-maxeville\/\" target=\"_blank\" rel=\"noreferrer noopener\">guide petite enfance et parentalit\u00e9<\/a> pour r\u00e9pondre \u00e0 toutes vos questions dans cette nouvelle \u00e9tape de votre vie !<\/mark><\/em><\/strong><\/p>\n\n\n\n<figure class=\"wp-block-image size-large\"><img decoding=\"async\" loading=\"lazy\" width=\"1024\" height=\"684\" src=\"https:\/\/maxeville.fr\/wp-content\/uploads\/2025\/03\/edito-1024x684.jpg\" alt=\"\" class=\"wp-image-17585\" srcset=\"https:\/\/maxeville.fr\/wp-content\/uploads\/2025\/03\/edito-1024x684.jpg 1024w, https:\/\/maxeville.fr\/wp-content\/uploads\/2025\/03\/edito-300x200.jpg 300w, https:\/\/maxeville.fr\/wp-content\/uploads\/2025\/03\/edito-768x513.jpg 768w, https:\/\/maxeville.fr\/wp-content\/uploads\/2025\/03\/edito-1536x1025.jpg 1536w, https:\/\/maxeville.fr\/wp-content\/uploads\/2025\/03\/edito-2048x1367.jpg 2048w, https:\/\/maxeville.fr\/wp-content\/uploads\/2025\/03\/edito-973x650.jpg 973w, https:\/\/maxeville.fr\/wp-content\/uploads\/2025\/03\/edito-508x339.jpg 508w, https:\/\/maxeville.fr\/wp-content\/uploads\/2025\/03\/edito-24x16.jpg 24w, https:\/\/maxeville.fr\/wp-content\/uploads\/2025\/03\/edito-36x24.jpg 36w, https:\/\/maxeville.fr\/wp-content\/uploads\/2025\/03\/edito-48x32.jpg 48w\" sizes=\"(max-width: 1024px) 100vw, 1024px\" \/><\/figure>\n<div style=\"padding-bottom:20px; padding-top:10px;\" class=\"hupso-share-buttons\"><!-- Hupso Share Buttons - https:\/\/www.hupso.com\/share\/ --><a class=\"hupso_toolbar\" href=\"https:\/\/www.hupso.com\/share\/\"><img src=\"https:\/\/static.hupso.com\/share\/buttons\/lang\/fr\/share-medium.png\" style=\"border:0px; padding-top: 5px; float:left;\" alt=\"Share Button\"\/><\/a><script type=\"text\/javascript\">var hupso_services_t=new Array();var hupso_background_t=\"#EAF4FF\";var hupso_border_t=\"#66CCFF\";var hupso_toolbar_size_t=\"medium\";var hupso_image_folder_url = \"\";var hupso_url_t=\"\";var hupso_title_t=\"Sac%20de%20naissance%20offert%20aux%20nouveau-n%C3%A9s\";<\/script><script type=\"text\/javascript\" src=\"https:\/\/static.hupso.com\/share\/js\/share_toolbar.js\"><\/script><!-- Hupso Share Buttons --><\/div>","protected":false},"excerpt":{"rendered":"<p>Sans conditions de ressources, ni de revenus ! Si vous habitez Max\u00e9ville et que vous attendez un enfant, un sac de naissance vous est offert, quels que soient&#8230;<\/p>\n","protected":false},"author":1,"featured_media":17584,"parent":0,"menu_order":0,"comment_status":"closed","ping_status":"closed","template":"","meta":[],"_links":{"self":[{"href":"https:\/\/maxeville.fr\/index.php\/wp-json\/wp\/v2\/pages\/17583"}],"collection":[{"href":"https:\/\/maxeville.fr\/index.php\/wp-json\/wp\/v2\/pages"}],"about":[{"href":"https:\/\/maxeville.fr\/index.php\/wp-json\/wp\/v2\/types\/page"}],"author":[{"embeddable":true,"href":"https:\/\/maxeville.fr\/index.php\/wp-json\/wp\/v2\/users\/1"}],"replies":[{"embeddable":true,"href":"https:\/\/maxeville.fr\/index.php\/wp-json\/wp\/v2\/comments?post=17583"}],"version-history":[{"count":3,"href":"https:\/\/maxeville.fr\/index.php\/wp-json\/wp\/v2\/pages\/17583\/revisions"}],"predecessor-version":[{"id":17588,"href":"https:\/\/maxeville.fr\/index.php\/wp-json\/wp\/v2\/pages\/17583\/revisions\/17588"}],"wp:featuredmedia":[{"embeddable":true,"href":"https:\/\/maxeville.fr\/index.php\/wp-json\/wp\/v2\/media\/17584"}],"wp:attachment":[{"href":"https:\/\/maxeville.fr\/index.php\/wp-json\/wp\/v2\/media?parent=17583"}],"curies":[{"name":"wp","href":"https:\/\/api.w.org\/{rel}","templated":true}]}}

Sac de naissance offert aux nouveau-nés

<p class="has-normal-font-size"><strong><mark style="background-color:#ffc74f" class="has-inline-color"><em>Sans conditions de ressources, ni de revenus !</em></mark></strong></p>



<p>Si vous habitez Maxéville et que vous attendez un enfant, un sac de naissance vous est offert, quels que soient vos revenus ou votre situation. <strong><mark style="background-color:rgba(0, 0, 0, 0);color:#cb4a4a" class="has-inline-color">Pour l’obtenir, il vous suffit de prendre rendez-vous auprès de l’une des antennes ci-dessous, selon l’implantation de votre domicile.</mark></strong> Ce rendez-vous vous permet également de rencontrer des professionnels de la petite enfance à votre disposition, et de découvrir les différents dispositifs et services déployés à Maxéville.</p>



<p><strong>Quartier Centre et Meurthe-canal :<br></strong>Référence : Corinne PELTE, coordinatrice du Relais Petite Enfance &#8220;Le Nid&#8221;<br>03 57 80 06 96</p>



<p><strong>Plateau de Haye :<br></strong>Référence : Aurélie DUBOIS, coordinatrice petite enfance de la Cité Éducative &#8211; Plateau de Haye<br>06 20 95 71 44</p>



<p class="has-normal-font-size"><strong><mark style="background-color:#ffc74f" class="has-inline-color"><em>Valeur estimée du sac et de son contenu : environ 250 €</em></mark></strong></p>



<p class="has-large-font-size"><strong>Dans ce sac, vous trouverez :</strong></p>



<p><strong>Des produits de soin et d&#8217;hygiène :</strong> savon, sérum physiologique, liniment, coussinets d’allaitement lavables…<br><strong>Des vêtements :</strong> pyjamas, bodys, turbulette évolutive…<br><strong>Des accessoires divers :</strong> tapis de change nomade, thermomètre, livres, mouche bébé…<em><br>NB : le contenu peut légèrement différer d&#8217;un sac à l&#8217;autre, notamment sur les coloris.</em> </p>



<p><strong><em><mark style="background-color:rgba(0, 0, 0, 0);color:#cb4a4a" class="has-inline-color">Il existe un <a href="https://maxeville.fr/index.php/les-services-petite-enfance-de-maxeville/" data-type="URL" data-id="https://maxeville.fr/index.php/les-services-petite-enfance-de-maxeville/" target="_blank" rel="noreferrer noopener">guide petite enfance et parentalité</a> pour répondre à toutes vos questions dans cette nouvelle étape de votre vie !</mark></em></strong></p>



<figure class="wp-block-image size-large"><img decoding="async" loading="lazy" width="1024" height="684" src="https://maxeville.fr/wp-content/uploads/2025/03/edito-1024x684.jpg" alt="" class="wp-image-17585" srcset="https://maxeville.fr/wp-content/uploads/2025/03/edito-1024x684.jpg 1024w, https://maxeville.fr/wp-content/uploads/2025/03/edito-300x200.jpg 300w, https://maxeville.fr/wp-content/uploads/2025/03/edito-768x513.jpg 768w, https://maxeville.fr/wp-content/uploads/2025/03/edito-1536x1025.jpg 1536w, https://maxeville.fr/wp-content/uploads/2025/03/edito-2048x1367.jpg 2048w, https://maxeville.fr/wp-content/uploads/2025/03/edito-973x650.jpg 973w, https://maxeville.fr/wp-content/uploads/2025/03/edito-508x339.jpg 508w, https://maxeville.fr/wp-content/uploads/2025/03/edito-24x16.jpg 24w, https://maxeville.fr/wp-content/uploads/2025/03/edito-36x24.jpg 36w, https://maxeville.fr/wp-content/uploads/2025/03/edito-48x32.jpg 48w" sizes="(max-width: 1024px) 100vw, 1024px" /></figure>
<div style="padding-bottom:20px; padding-top:10px;" class="hupso-share-buttons"><!-- Hupso Share Buttons - https://www.hupso.com/share/ --><a class="hupso_toolbar" href="https://www.hupso.com/share/"><img src="https://static.hupso.com/share/buttons/lang/fr/share-medium.png" style="border:0px; padding-top: 5px; float:left;" alt="Share Button"/></a><script type="text/javascript">var hupso_services_t=new Array();var hupso_background_t="#EAF4FF";var hupso_border_t="#66CCFF";var hupso_toolbar_size_t="medium";var hupso_image_folder_url = "";var hupso_url_t="";var hupso_title_t="Sac%20de%20naissance%20offert%20aux%20nouveau-n%C3%A9s";</script><script type="text/javascript" src="https://static.hupso.com/share/js/share_toolbar.js"></script><!-- Hupso Share Buttons --></div>

<p>Sans conditions de ressources, ni de revenus ! Si vous habitez Maxéville et que vous attendez un enfant, un sac de naissance vous est offert, quels que soient&#8230;</p>
