{"id":1817,"date":"2017-10-26T14:37:07","date_gmt":"2017-10-26T12:37:07","guid":{"rendered":"http:\/\/www.maxeville.fr\/?page_id=1817"},"modified":"2017-11-02T10:00:19","modified_gmt":"2017-11-02T09:00:19","slug":"monalisa","status":"publish","type":"page","link":"https:\/\/maxeville.fr\/index.php\/ma-famille\/monalisa\/","title":{"rendered":"Monalisa"},"content":{"rendered":"<h5>La Mobilisation de tous pour chacun<\/h5>\n<p>MONALISA (Mobilisation Nationale contre l\u2019Isolement des personnes \u00e2g\u00e9es) rassemble depuis 2014 ceux qui font cause commune contre l\u2019isolement social des personnes \u00e2g\u00e9es \u00e0 travers un partenariat in\u00e9dit entre la soci\u00e9t\u00e9 civile et la puissance publique : associations, collectivit\u00e9s, caisses de retraite\u2026<\/p>\n<p>MONALISA est une d\u00e9marche exemplaire et collaborative d\u2019int\u00e9r\u00eat g\u00e9n\u00e9ral\u00a0n\u00e9e de la r\u00e9flexion lanc\u00e9e en 2012 par Mich\u00e8le Delaunay, ministre d\u00e9l\u00e9gu\u00e9e aux Personnes \u00e2g\u00e9es et \u00e0 l\u2019Autonomie autour de l\u2019isolement des \u00e2g\u00e9s : une trentaine d\u2019organisations r\u00e9unies dans un groupe de travail anim\u00e9 par Jean-Fran\u00e7ois Serres, alors d\u00e9l\u00e9gu\u00e9 g\u00e9n\u00e9ral des petits fr\u00e8res des Pauvres, a pr\u00e9conis\u00e9 dans un rapport une \u00ab mobilisation \u00bb avec et pour les personnes \u00e2g\u00e9es \u00e0 diff\u00e9rents niveaux :<\/p>\n<ul>\n<li>Un engagement national dans une charte commune<\/li>\n<li>Une coop\u00e9ration des parties prenantes au niveau d\u00e9partemental<\/li>\n<li>Une promotion de l\u2019implication et la solidarit\u00e9 des citoyens avec les \u00e2g\u00e9s<\/li>\n<\/ul>\n<p>Cette feuille de route concr\u00e9tise aussi l\u2019alliance des professionnels et des b\u00e9n\u00e9voles pour lutter contre la solitude subie dont souffrent 5 millions de Fran\u00e7ais.<\/p>\n<p><strong>Max\u00e9ville a rejoint le r\u00e9seau MONALISA en 2016.<\/strong><\/p>\n<p><a href=\"https:\/\/www.monalisa-asso.fr\/\" target=\"_blank\">www.monalisa-asso.fr<\/a><\/p>\n<div style=\"padding-bottom:20px; padding-top:10px;\" class=\"hupso-share-buttons\"><!-- Hupso Share Buttons - https:\/\/www.hupso.com\/share\/ --><a class=\"hupso_toolbar\" href=\"https:\/\/www.hupso.com\/share\/\"><img src=\"https:\/\/static.hupso.com\/share\/buttons\/lang\/fr\/share-medium.png\" style=\"border:0px; padding-top: 5px; float:left;\" alt=\"Share Button\"\/><\/a><script type=\"text\/javascript\">var hupso_services_t=new Array();var hupso_background_t=\"#EAF4FF\";var hupso_border_t=\"#66CCFF\";var hupso_toolbar_size_t=\"medium\";var hupso_image_folder_url = \"\";var hupso_url_t=\"\";var hupso_title_t=\"Monalisa\";<\/script><script type=\"text\/javascript\" src=\"https:\/\/static.hupso.com\/share\/js\/share_toolbar.js\"><\/script><!-- Hupso Share Buttons --><\/div>","protected":false},"excerpt":{"rendered":"<p>La Mobilisation de tous pour chacun MONALISA (Mobilisation Nationale contre l\u2019Isolement des personnes \u00e2g\u00e9es) rassemble depuis 2014 ceux qui font cause commune contre l\u2019isolement social des personnes \u00e2g\u00e9es&#8230;<\/p>\n","protected":false},"author":1,"featured_media":0,"parent":341,"menu_order":25,"comment_status":"closed","ping_status":"closed","template":"","meta":[],"_links":{"self":[{"href":"https:\/\/maxeville.fr\/index.php\/wp-json\/wp\/v2\/pages\/1817"}],"collection":[{"href":"https:\/\/maxeville.fr\/index.php\/wp-json\/wp\/v2\/pages"}],"about":[{"href":"https:\/\/maxeville.fr\/index.php\/wp-json\/wp\/v2\/types\/page"}],"author":[{"embeddable":true,"href":"https:\/\/maxeville.fr\/index.php\/wp-json\/wp\/v2\/users\/1"}],"replies":[{"embeddable":true,"href":"https:\/\/maxeville.fr\/index.php\/wp-json\/wp\/v2\/comments?post=1817"}],"version-history":[{"count":4,"href":"https:\/\/maxeville.fr\/index.php\/wp-json\/wp\/v2\/pages\/1817\/revisions"}],"predecessor-version":[{"id":2717,"href":"https:\/\/maxeville.fr\/index.php\/wp-json\/wp\/v2\/pages\/1817\/revisions\/2717"}],"up":[{"embeddable":true,"href":"https:\/\/maxeville.fr\/index.php\/wp-json\/wp\/v2\/pages\/341"}],"wp:attachment":[{"href":"https:\/\/maxeville.fr\/index.php\/wp-json\/wp\/v2\/media?parent=1817"}],"curies":[{"name":"wp","href":"https:\/\/api.w.org\/{rel}","templated":true}]}}