{"id":208,"date":"2016-04-01T11:24:56","date_gmt":"2016-04-01T13:24:56","guid":{"rendered":"http:\/\/www.maxeville.fr\/?page_id=208"},"modified":"2025-03-05T14:02:41","modified_gmt":"2025-03-05T13:02:41","slug":"collecte-des-dechets","status":"publish","type":"page","link":"https:\/\/maxeville.fr\/index.php\/mon-quotidien\/collecte-des-dechets\/","title":{"rendered":"Collecte des d\u00e9chets"},"content":{"rendered":"\n<h5 class=\"wp-block-heading\">D\u00e9chets alimentaires<\/h5>\n\n\n\n<p>Conform\u00e9ment au droit europ\u00e9en et \u00e0 la loi antigaspillage pour une \u00e9conomie circulaire de 2020 (loi AGEC), et dans le cadre de son engagement constant pour baisser les tonnages d\u2019ordures m\u00e9nag\u00e8res, la M\u00e9tropole du Grand Nancy propose \u00e0 l\u2019ensemble des habitants du territoire une solution, adapt\u00e9e \u00e0 leur typologie d\u2019habitat, pour trier leurs d\u00e9chets alimentaires.<\/p>\n\n\n\n<p><a href=\"https:\/\/mhdd.grandnancy.eu\/actus-agenda\/details\/news\/dechets-alimentaires-le-deploiement-progressif-des-points-dapport-volontaire-debute\" data-type=\"URL\" data-id=\"https:\/\/mhdd.grandnancy.eu\/actus-agenda\/details\/news\/dechets-alimentaires-le-deploiement-progressif-des-points-dapport-volontaire-debute\" target=\"_blank\" rel=\"noreferrer noopener\">+ d&#8217;infos ici !<\/a><\/p>\n\n\n\n<h5 class=\"wp-block-heading\">&nbsp;<\/h5>\n\n\n\n<h5 class=\"wp-block-heading\">G\u00e9rer ses d\u00e9chets<\/h5>\n\n\n\n<p>Collecte des d\u00e9chets m\u00e9nagers, cartons, recyclables et h\u00e9t\u00e9rog\u00e8nes, entretien des conteneurs verre \u2013 papier et gestion des d\u00e9chetteries sont assur\u00e9es par <a href=\"https:\/\/www.grandnancy.eu\/vivre-habiter\/dechets\/\">la M\u00e9tropole du Grand Nancy.<\/a><\/p>\n\n\n\n<p><a href=\"https:\/\/mhdd.grandnancy.eu\/\">La Maison de l\u2019Habitat et du D\u00e9veloppement Durable<\/a> met \u00e0 votre disposition un M\u00e9mo-Guide du Tri pour vous aider quotidiennement.<\/p>\n\n\n\n<p>Vous pouvez \u00e9galement la contacter pour toute sorte de renseignement:<br>22-24 viaduc Kennedy &#8211; Esplanade Philippe Seguin \u00e0 Nancy<br>03 54 50 20 40<\/p>\n\n\n\n<p><\/p>\n\n\n\n<h5 class=\"wp-block-heading\"><b>La d\u00e9chetterie de Max\u00e9ville<\/b><\/h5>\n\n\n\n<p>Elle se trouve sur le site des anciennes carri\u00e8res Solvay \u00e0 proximit\u00e9 du Z\u00e9nith et est dot\u00e9e d\u2019un acc\u00e8s s\u00e9curis\u00e9 par une barri\u00e8re \u00e9lectrique, d\u2019un gardien et d\u2019un ma\u00eetre-chien sur place 24h\/24.<\/p>\n\n\n\n<p><strong>Horaires d&#8217;ouverture de la d\u00e9chetterie de Max\u00e9ville \u00e0 retrouver <a href=\"https:\/\/mhdd.grandnancy.eu\/developpement_durable\/dechetteries\/maxeville\">ici<\/a><\/strong><\/p>\n\n\n\n<p><\/p>\n\n\n\n\n\n\n\n\n\n<p><a href=\"https:\/\/www.grandnancy.eu\/vivre-habiter\/dechets\/dechetteries\/\" target=\"_blank\" rel=\"noopener noreferrer\">Les d\u00e9chetteries de la M\u00e9tropole du Grand Nancy<\/a><\/p>\n\n\n\n<h5 class=\"wp-block-heading\">Ramassage des d\u00e9chets m\u00e9nagers<\/h5>\n\n\n\n<p>Les collectes sont actuellement effectu\u00e9es le&nbsp;<b>vendredi<\/b><b>&nbsp;<\/b>\u00e0 partir de 4h du matin.<\/p>\n\n\n\n<h3 class=\"wp-block-heading\">Le dispositif particulier des Aulnes :<\/h3>\n\n\n\n<p>4 types de Moloks ( conteneurs semi-enterr\u00e9s de 5 m3 de volume) sont plac\u00e9s en pied d\u2019immeuble. L\u2019un d\u2019eux est destin\u00e9 \u00e0 recueillir les ordures m\u00e9nag\u00e8res non recyclables.<\/p>\n\n\n\n<h5 class=\"wp-block-heading\">D\u00e9chets recyclables<\/h5>\n\n\n\n<p>Les occupants d\u2019habitations individuelles re\u00e7oivent des \u00e9cosacs, ceux des immeubles collectifs disposent de conteneurs (ou de Moloks pour les Aulnes) \u00e0 bordures jaunes. Les d\u00e9chets recyclables sont ramass\u00e9s le&nbsp;<b>jeudi&nbsp;<\/b>\u00e0 partir de 4h du matin.<\/p>\n\n\n\n<p>Le recyclage permet de participer \u00e0 la transition \u00e9cologique mise en place par le gouvernement. Le site <a href=\"https:\/\/www.ecologie.gouv.fr\/\" target=\"_blank\" rel=\"noopener noreferrer\">ecologie.gouv.fr<\/a> vous propose plusieurs ressources pour mieux comprendre les enjeux environnementaux. L\u2019empreinte carbone est une mesure qui quantifie les \u00e9missions de CO2 quant \u00e0 notre mode de vie. Son calcul s\u2019effectue \u00e0 partir de nos actions de la vie quotidienne. Le recyclage et le tri de ses d\u00e9chets est une premi\u00e8re \u00e9tape pour <a href=\"https:\/\/climate.selectra.com\/fr\/empreinte-carbone\/\" target=\"_blank\" rel=\"noopener noreferrer\">am\u00e9liorer l\u2019empreinte carbone<\/a> en France.<\/p>\n\n\n\n<h5 class=\"wp-block-heading\">Conteneurs verre et papier<\/h5>\n\n\n\n<p>Sur chaque quartier de la commune vous trouverez \u00e0 votre disposition des conteneurs pour la collecte du verre et du papier \u00e0 recycler.<\/p>\n\n\n\n<h5 class=\"wp-block-heading\">Collecte des encombrants<\/h5>\n\n\n\n<p>La M\u00e9tropole fait \u00e9voluer son service de collecte des encombrants en s\u2019inscrivant davantage dans les enjeux soci\u00e9taux et environnementaux actuels. <strong>Act\u00e9 en Conseil m\u00e9tropolitain ce jeudi 12 mai 2022, le nouveau service de collecte d\u2019objets encombrants se fera d\u00e9sormais sur rendez-vous et remplacera l\u2019habituel ramassage en porte-\u00e0-porte r\u00e9alis\u00e9 une fois par an au printemps.<a href=\"https:\/\/www.grandnancy.eu\/actualites\/actualite\/news\/encombrants\" target=\"_blank\" rel=\"noopener\"> Tout savoir, par ici !<\/a><\/strong><\/p>\n<div style=\"padding-bottom:20px; padding-top:10px;\" class=\"hupso-share-buttons\"><!-- Hupso Share Buttons - https:\/\/www.hupso.com\/share\/ --><a class=\"hupso_toolbar\" href=\"https:\/\/www.hupso.com\/share\/\"><img src=\"https:\/\/static.hupso.com\/share\/buttons\/lang\/fr\/share-medium.png\" style=\"border:0px; padding-top: 5px; float:left;\" alt=\"Share Button\"\/><\/a><script type=\"text\/javascript\">var hupso_services_t=new Array();var hupso_background_t=\"#EAF4FF\";var hupso_border_t=\"#66CCFF\";var hupso_toolbar_size_t=\"medium\";var hupso_image_folder_url = \"\";var hupso_url_t=\"\";var hupso_title_t=\"Collecte%20des%20d%C3%A9chets\";<\/script><script type=\"text\/javascript\" src=\"https:\/\/static.hupso.com\/share\/js\/share_toolbar.js\"><\/script><!-- Hupso Share Buttons --><\/div>","protected":false},"excerpt":{"rendered":"<p>D\u00e9chets alimentaires Conform\u00e9ment au droit europ\u00e9en et \u00e0 la loi antigaspillage pour une \u00e9conomie circulaire de 2020 (loi AGEC), et dans le cadre de son engagement constant pour&#8230;<\/p>\n","protected":false},"author":1,"featured_media":0,"parent":242,"menu_order":5,"comment_status":"closed","ping_status":"closed","template":"","meta":[],"_links":{"self":[{"href":"https:\/\/maxeville.fr\/index.php\/wp-json\/wp\/v2\/pages\/208"}],"collection":[{"href":"https:\/\/maxeville.fr\/index.php\/wp-json\/wp\/v2\/pages"}],"about":[{"href":"https:\/\/maxeville.fr\/index.php\/wp-json\/wp\/v2\/types\/page"}],"author":[{"embeddable":true,"href":"https:\/\/maxeville.fr\/index.php\/wp-json\/wp\/v2\/users\/1"}],"replies":[{"embeddable":true,"href":"https:\/\/maxeville.fr\/index.php\/wp-json\/wp\/v2\/comments?post=208"}],"version-history":[{"count":28,"href":"https:\/\/maxeville.fr\/index.php\/wp-json\/wp\/v2\/pages\/208\/revisions"}],"predecessor-version":[{"id":17594,"href":"https:\/\/maxeville.fr\/index.php\/wp-json\/wp\/v2\/pages\/208\/revisions\/17594"}],"up":[{"embeddable":true,"href":"https:\/\/maxeville.fr\/index.php\/wp-json\/wp\/v2\/pages\/242"}],"wp:attachment":[{"href":"https:\/\/maxeville.fr\/index.php\/wp-json\/wp\/v2\/media?parent=208"}],"curies":[{"name":"wp","href":"https:\/\/api.w.org\/{rel}","templated":true}]}}