{"id":2122,"date":"2017-10-27T16:28:42","date_gmt":"2017-10-27T14:28:42","guid":{"rendered":"http:\/\/www.maxeville.fr\/?page_id=2122"},"modified":"2026-01-02T09:36:00","modified_gmt":"2026-01-02T08:36:00","slug":"plan-local-urbanisme-intercommunal","status":"publish","type":"page","link":"https:\/\/maxeville.fr\/index.php\/ma-ville\/plan-local-urbanisme-intercommunal\/","title":{"rendered":"Plan Local d&#8217;Urbanisme intercommunal : dessiner l&#8217;avenir de la m\u00e9tropole ensemble"},"content":{"rendered":"\n<div class=\"wp-block-media-text alignwide is-stacked-on-mobile\" style=\"grid-template-columns:26% auto\"><figure class=\"wp-block-media-text__media\"><img decoding=\"async\" loading=\"lazy\" width=\"400\" height=\"400\" src=\"https:\/\/maxeville.fr\/wp-content\/uploads\/2025\/03\/csm_2023_11_27_PLUi_e7261154c0.jpg\" alt=\"\" class=\"wp-image-17630 size-full\" srcset=\"https:\/\/maxeville.fr\/wp-content\/uploads\/2025\/03\/csm_2023_11_27_PLUi_e7261154c0.jpg 400w, https:\/\/maxeville.fr\/wp-content\/uploads\/2025\/03\/csm_2023_11_27_PLUi_e7261154c0-300x300.jpg 300w, https:\/\/maxeville.fr\/wp-content\/uploads\/2025\/03\/csm_2023_11_27_PLUi_e7261154c0-150x150.jpg 150w, https:\/\/maxeville.fr\/wp-content\/uploads\/2025\/03\/csm_2023_11_27_PLUi_e7261154c0-88x88.jpg 88w, https:\/\/maxeville.fr\/wp-content\/uploads\/2025\/03\/csm_2023_11_27_PLUi_e7261154c0-24x24.jpg 24w, https:\/\/maxeville.fr\/wp-content\/uploads\/2025\/03\/csm_2023_11_27_PLUi_e7261154c0-36x36.jpg 36w, https:\/\/maxeville.fr\/wp-content\/uploads\/2025\/03\/csm_2023_11_27_PLUi_e7261154c0-48x48.jpg 48w\" sizes=\"(max-width: 400px) 100vw, 400px\" \/><\/figure><div class=\"wp-block-media-text__content\">\n<p><em><mark style=\"background-color:rgba(0, 0, 0, 0)\" class=\"has-inline-color has-accent-color\">Inventer un territoire de qualit\u00e9, respectueux des principes du d\u00e9veloppement durable et o\u00f9 il fait bon vivre, c&#8217;est tout l&#8217;enjeu du Plan Local d&#8217;Urbanisme intercommunal du Grand Nancy.<\/mark><\/em><\/p>\n<\/div><\/div>\n\n\n<p>Le Plan Local d\u2019Urbanisme Intercommunal (PLUi) est en vigueur et opposable depuis le 17 d\u00e9cembre 2025.<\/p>\n<p>Il fixe les r\u00e8gles d\u2019urbanisme applicables sur le territoire et constitue d\u00e9sormais le document de r\u00e9f\u00e9rence pour l\u2019instruction des autorisations d\u2019urbanisme.<u><\/u><\/p>\n<p><strong><u>D\u00e9couvrez le d\u00e8s \u00e0 pr\u00e9sent en consultant les liens ci-dessous :<\/u><\/strong><br \/><a href=\"https:\/\/geo.grandnancy.eu\/portal\/apps\/aob-exb\/experience\/?id=a0ba0b256cf5710df870e4a394046d13\/\" target=\"_blank\" rel=\"noopener\">&gt; le site cartographique du PLUi du Grand Nancy<\/a><br \/><a href=\"https:\/\/plui.grandnancy.eu\/accueil\" target=\"_blank\" rel=\"noopener\">&gt; les d\u00e9tails et documents en vigueur aff\u00e9rents au PLUi du Grand Nancy<\/a><\/p>\n<p>\u00a0<\/p>\n<p>\u00a0<\/p><div style=\"padding-bottom:20px; padding-top:10px;\" class=\"hupso-share-buttons\"><!-- Hupso Share Buttons - https:\/\/www.hupso.com\/share\/ --><a class=\"hupso_toolbar\" href=\"https:\/\/www.hupso.com\/share\/\"><img src=\"https:\/\/static.hupso.com\/share\/buttons\/lang\/fr\/share-medium.png\" style=\"border:0px; padding-top: 5px; float:left;\" alt=\"Share Button\"\/><\/a><script type=\"text\/javascript\">var hupso_services_t=new Array();var hupso_background_t=\"#EAF4FF\";var hupso_border_t=\"#66CCFF\";var hupso_toolbar_size_t=\"medium\";var hupso_image_folder_url = \"\";var hupso_url_t=\"\";var hupso_title_t=\"Plan%20Local%20d%27Urbanisme%20intercommunal%20%3A%20dessiner%20l%27avenir%20de%20la%20m%C3%A9tropole%20ensemble\";<\/script><script type=\"text\/javascript\" src=\"https:\/\/static.hupso.com\/share\/js\/share_toolbar.js\"><\/script><!-- Hupso Share Buttons --><\/div>","protected":false},"excerpt":{"rendered":"<p>Inventer un territoire de qualit\u00e9, respectueux des principes du d\u00e9veloppement durable et o\u00f9 il fait bon vivre, c&#8217;est tout l&#8217;enjeu du Plan Local d&#8217;Urbanisme intercommunal du Grand Nancy&#8230;.<\/p>\n","protected":false},"author":1,"featured_media":0,"parent":73,"menu_order":1,"comment_status":"closed","ping_status":"closed","template":"","meta":[],"_links":{"self":[{"href":"https:\/\/maxeville.fr\/index.php\/wp-json\/wp\/v2\/pages\/2122"}],"collection":[{"href":"https:\/\/maxeville.fr\/index.php\/wp-json\/wp\/v2\/pages"}],"about":[{"href":"https:\/\/maxeville.fr\/index.php\/wp-json\/wp\/v2\/types\/page"}],"author":[{"embeddable":true,"href":"https:\/\/maxeville.fr\/index.php\/wp-json\/wp\/v2\/users\/1"}],"replies":[{"embeddable":true,"href":"https:\/\/maxeville.fr\/index.php\/wp-json\/wp\/v2\/comments?post=2122"}],"version-history":[{"count":46,"href":"https:\/\/maxeville.fr\/index.php\/wp-json\/wp\/v2\/pages\/2122\/revisions"}],"predecessor-version":[{"id":18907,"href":"https:\/\/maxeville.fr\/index.php\/wp-json\/wp\/v2\/pages\/2122\/revisions\/18907"}],"up":[{"embeddable":true,"href":"https:\/\/maxeville.fr\/index.php\/wp-json\/wp\/v2\/pages\/73"}],"wp:attachment":[{"href":"https:\/\/maxeville.fr\/index.php\/wp-json\/wp\/v2\/media?parent=2122"}],"curies":[{"name":"wp","href":"https:\/\/api.w.org\/{rel}","templated":true}]}}