{"id":277,"date":"2016-04-06T12:23:31","date_gmt":"2016-04-06T14:23:31","guid":{"rendered":"http:\/\/www.maxeville.fr\/?page_id=277"},"modified":"2023-03-03T09:19:29","modified_gmt":"2023-03-03T08:19:29","slug":"activites-comite-jumelage","status":"publish","type":"page","link":"https:\/\/maxeville.fr\/index.php\/ma-ville\/activites-comite-jumelage\/","title":{"rendered":"Comit\u00e9 de jumelage"},"content":{"rendered":"\n<blockquote class=\"wp-block-quote\"><p><strong>\u00ab\u00a0Les jumelages naissent avant tout du d\u00e9sir de rencontres\u2026\u00a0\u00bb<\/strong><\/p><\/blockquote>\n\n\n\n<p>Historiquement, l&#8217;id\u00e9e du jumelage de communes en Europe est n\u00e9e apr\u00e8s guerre dans les ann\u00e9es 50 et officialis\u00e9s en 1963 par le trait\u00e9 de l\u2019Elys\u00e9e pour sceller la r\u00e9conciliation franco-allemande.<\/p>\n\n\n\n<p>Les jumelages sont centr\u00e9s sur rapprochement des peuples et ont pour objectif l\u2019\u00e9change : de connaissances, d\u2019exp\u00e9riences, de savoir-faire dans tous les domaines de la vie locale.<\/p>\n\n\n\n<p>Le Comit\u00e9 de Jumelage de Max\u00e9ville a pris naissance avec le rapprochement de Max\u00e9ville et <strong>Ramstein-Miesenbach en Allemagne en 1991<\/strong> et s\u2019est enrichi d\u2019un second rapprochement avec <strong>Po\u00e9nile Iz\u00e9i en Roumanie en 2005<\/strong>.<\/p>\n\n\n\n<p><strong>Le Comit\u00e9 de Jumelage de Max\u00e9ville est une association missionn\u00e9e par la Municipalit\u00e9 de Max\u00e9ville pour faire vivre et d\u00e9velopper ses relations avec l\u2019ensemble de ses villes jumel\u00e9es.<\/strong><\/p>\n\n\n\n<p>Il a pour but de favoriser les \u00e9changes scolaires, sportifs, culturels, sociaux-\u00e9conomiques, festifs et d\u2019organiser ou de favoriser les rencontres, les visites ou s\u00e9jours avec nos villes jumel\u00e9es.<\/p>\n\n\n\n<p>C\u2019est aussi une envie de dialogue, d\u2019\u00e9change, de partage d\u2019exp\u00e9riences de vie, de d\u00e9couverte de cultures \u00e9trang\u00e8res dans un esprit convivial, amical et fraternel hors de tout mouvement politique ou religieux.<\/p>\n\n\n\n<p>Le Comit\u00e9 de jumelage est g\u00e9r\u00e9 et anim\u00e9 par un Conseil d\u2019Administration compos\u00e9 de 16 membres qui se r\u00e9unissent une fois tous les deux mois pour pr\u00e9parer les diff\u00e9rentes manifestations. Concernant les relations Franco\/Allemande, le programme est pr\u00e9par\u00e9 et arr\u00eat\u00e9 en commun avec nos homologues de Ramstein.<\/p>\n\n\n\n<p><em>Les informations concernant les manifestations et leurs organisations sont diffus\u00e9es par le journal municipal.<\/em><\/p>\n\n\n\n<p><strong>Pour tous renseignements\u00a0:<\/strong><br><em>Bernadette STALDER<br>Pr\u00e9sidente du Comit\u00e9 de jumelage<br>Mobile\u00a0: 06 83 31 58 90<br>Mail\u00a0: <a href=\"mailto:b.staltun@wanadoo.fr\">b.staltun@wanadoo.fr<\/a><\/em><\/p>\n<div style=\"padding-bottom:20px; padding-top:10px;\" class=\"hupso-share-buttons\"><!-- Hupso Share Buttons - https:\/\/www.hupso.com\/share\/ --><a class=\"hupso_toolbar\" href=\"https:\/\/www.hupso.com\/share\/\"><img src=\"https:\/\/static.hupso.com\/share\/buttons\/lang\/fr\/share-medium.png\" style=\"border:0px; padding-top: 5px; float:left;\" alt=\"Share Button\"\/><\/a><script type=\"text\/javascript\">var hupso_services_t=new Array();var hupso_background_t=\"#EAF4FF\";var hupso_border_t=\"#66CCFF\";var hupso_toolbar_size_t=\"medium\";var hupso_image_folder_url = \"\";var hupso_url_t=\"\";var hupso_title_t=\"Comit%C3%A9%20de%20jumelage\";<\/script><script type=\"text\/javascript\" src=\"https:\/\/static.hupso.com\/share\/js\/share_toolbar.js\"><\/script><!-- Hupso Share Buttons --><\/div>","protected":false},"excerpt":{"rendered":"<p>\u00ab\u00a0Les jumelages naissent avant tout du d\u00e9sir de rencontres\u2026\u00a0\u00bb Historiquement, l&#8217;id\u00e9e du jumelage de communes en Europe est n\u00e9e apr\u00e8s guerre dans les ann\u00e9es 50 et officialis\u00e9s en&#8230;<\/p>\n","protected":false},"author":1,"featured_media":0,"parent":73,"menu_order":27,"comment_status":"closed","ping_status":"closed","template":"","meta":[],"_links":{"self":[{"href":"https:\/\/maxeville.fr\/index.php\/wp-json\/wp\/v2\/pages\/277"}],"collection":[{"href":"https:\/\/maxeville.fr\/index.php\/wp-json\/wp\/v2\/pages"}],"about":[{"href":"https:\/\/maxeville.fr\/index.php\/wp-json\/wp\/v2\/types\/page"}],"author":[{"embeddable":true,"href":"https:\/\/maxeville.fr\/index.php\/wp-json\/wp\/v2\/users\/1"}],"replies":[{"embeddable":true,"href":"https:\/\/maxeville.fr\/index.php\/wp-json\/wp\/v2\/comments?post=277"}],"version-history":[{"count":15,"href":"https:\/\/maxeville.fr\/index.php\/wp-json\/wp\/v2\/pages\/277\/revisions"}],"predecessor-version":[{"id":13396,"href":"https:\/\/maxeville.fr\/index.php\/wp-json\/wp\/v2\/pages\/277\/revisions\/13396"}],"up":[{"embeddable":true,"href":"https:\/\/maxeville.fr\/index.php\/wp-json\/wp\/v2\/pages\/73"}],"wp:attachment":[{"href":"https:\/\/maxeville.fr\/index.php\/wp-json\/wp\/v2\/media?parent=277"}],"curies":[{"name":"wp","href":"https:\/\/api.w.org\/{rel}","templated":true}]}}