{"id":330,"date":"2016-04-06T12:40:39","date_gmt":"2016-04-06T10:40:39","guid":{"rendered":"http:\/\/www.maxeville.fr\/?page_id=330"},"modified":"2017-10-26T15:53:03","modified_gmt":"2017-10-26T13:53:03","slug":"je-participe","status":"publish","type":"page","link":"https:\/\/maxeville.fr\/index.php\/ma-ville\/je-participe\/","title":{"rendered":"&#8220;Je participe&#8221;"},"content":{"rendered":"<h5><strong>La participation citoyenne \u00e0 Max\u00e9ville<\/strong><\/h5>\n<p>A Max\u00e9ville, la participation citoyenne est un axe fort dans la mani\u00e8re de conduire l\u2019action municipale. C\u2019est un \u00e9tat d\u2019esprit qui consiste d\u2019embl\u00e9e \u00e0 accorder une attention toute particuli\u00e8re \u00e0 la parole des habitants, \u00e0 leur expertise du territoire, \u00e0 leur donner les moyens de s\u2019impliquer dans la vie de leur rue, de leur quartier, de leur ville ; au sein de diff\u00e9rentes instances, les occasions sont nombreuses pour que chacun puisse s\u2019exprimer, faire part des difficult\u00e9s rencontr\u00e9es au quotidien mais aussi de ses envies pour la ville de demain.<\/p>\n<h5><strong>Un syst\u00e8me souple, ouvert et \u00e9volutif<\/strong><\/h5>\n<p>Les diff\u00e9rentes instances mises en place dans le cadre de la participation citoyenne r\u00e9pondent volontairement \u00e0 un mode de fonctionnement tr\u00e8s souple permettant ainsi \u00e0 qui le souhaite, de participer aux conseils de quartier, de s\u2019impliquer de mani\u00e8re active sur un projet au sein d\u2019un atelier. Deux th\u00e9matiques principales ressortent des nombreux \u00e9changes : celle du \u00ab vivre ensemble \u00bb comme l\u2019am\u00e9nagement d\u2019aires de jeux, d\u2019espaces communs et celle du \u00ab cadre de vie \u2013 stationnement \u2013 circulation \u00bb.<\/p>\n<p>Les conseils de quartier sont ouverts \u00e0 tous et sont organis\u00e9s une fois par an. Ils constituent un v\u00e9ritable lieu d\u2019information, d\u2019\u00e9changes et de d\u00e9bat entre les habitants, les associations, les \u00e9lus, les agents municipaux et les partenaires si cela le n\u00e9cessite&#8230; Ils permettent d\u2019aborder les pr\u00e9occupations quotidiennes des habitants et de trouver ensemble des solutions, de r\u00e9fl\u00e9chir ensemble \u00e0 des actions nouvelles. Lors de ces conseils, des ateliers r\u00e9unissant un groupe d\u2019habitants plus restreint peuvent \u00eatre mis en place sur des sujets plus pr\u00e9cis. Une fois le sujet de l\u2019atelier r\u00e9solu, ce dernier disparait.<\/p>\n<p>Enfin, r\u00e9guli\u00e8rement, l\u2019\u00e9quipe municipale se rend dans un quartier et va \u00e0 la rencontre des habitants. L&#8217;objectif est de discuter et d\u2019\u00e9changer autour des probl\u00e8mes d&#8217;am\u00e9nagement urbain et de pointer du doigt les points noirs li\u00e9s au stationnement, \u00e0 la circulation ou encore \u00e0 la propret\u00e9. Etre sur le terrain permet de voir des \u00ab petites choses qu\u2019on ne voit pas autrement.<\/p>\n<h5><strong>Les demandes des habitants : comment sont-elles g\u00e9r\u00e9es ?<\/strong><\/h5>\n<p>A chaque dol\u00e9ance, des r\u00e9ponses sont donn\u00e9es. Ces derni\u00e8res peuvent prendre diff\u00e9rents formes en fonction de l\u2019objet, de l\u2019autorit\u00e9 comp\u00e9tente, du budget disponible (ou non) ; la r\u00e9solution du \u00ab probl\u00e8me \u00bb et l\u2019apport d\u2019une solution concr\u00e8te peuvent n\u00e9cessiter plus ou moins de temps. Ainsi, aux remarques formul\u00e9es, une information claire et pr\u00e9cise donn\u00e9e en r\u00e9union ou par courrier peut suffire. Pour d\u2019autres, elles seront relay\u00e9es dans les plus brefs d\u00e9lais \u00e0 la collectivit\u00e9 comp\u00e9tente. Tandis que d\u2019autres n\u00e9cessiteront de les inclure dans le travail au quasi quotidien des services (patrouille de la Police Municipale par exemple) ; d\u2019autres enfin, n\u00e9cessiteront une r\u00e9ponse via la concertation et la co-construction de projet (d\u00e9marche men\u00e9e en atelier).<\/p>\n<p>Pour ce faire, la mairie a mis en place en interne :<\/p>\n<ul>\n<li>Un service d\u00e9di\u00e9<\/li>\n<li>Un travail transversal entre d\u00e9l\u00e9gations (p\u00f4le espace public, police municipale, \u2026)<\/li>\n<li>Un travail avec les diff\u00e9rents partenaires (M\u00e9tropole du Grand Nancy, bailleurs, CAUE, associations, &#8230;)<\/li>\n<li>Des outils mis en place : base de suivi des demandes des habitants, r\u00e9unions r\u00e9guli\u00e8res entre services, une adresse internet, \u2026<\/li>\n<\/ul>\n<h5><strong>Je participe\u00a0!<\/strong><\/h5>\n<p>Vous souhaitez rejoindre un atelier\u00a0? Nous faire part d\u2019une remarque, d\u2019une proposition, d\u2019un projet pour votre rue, votre quartier\u00a0?<\/p>\n<p>Une seule adresse\u00a0: <a href=\"mailto:participation@mairie-maxeville.fr\">participation@mairie-maxeville.fr<\/a><\/p>\n<div style=\"padding-bottom:20px; padding-top:10px;\" class=\"hupso-share-buttons\"><!-- Hupso Share Buttons - https:\/\/www.hupso.com\/share\/ --><a class=\"hupso_toolbar\" href=\"https:\/\/www.hupso.com\/share\/\"><img src=\"https:\/\/static.hupso.com\/share\/buttons\/lang\/fr\/share-medium.png\" style=\"border:0px; padding-top: 5px; float:left;\" alt=\"Share Button\"\/><\/a><script type=\"text\/javascript\">var hupso_services_t=new Array();var hupso_background_t=\"#EAF4FF\";var hupso_border_t=\"#66CCFF\";var hupso_toolbar_size_t=\"medium\";var hupso_image_folder_url = \"\";var hupso_url_t=\"\";var hupso_title_t=\"%22Je%20participe%22\";<\/script><script type=\"text\/javascript\" src=\"https:\/\/static.hupso.com\/share\/js\/share_toolbar.js\"><\/script><!-- Hupso Share Buttons --><\/div>","protected":false},"excerpt":{"rendered":"<p>La participation citoyenne \u00e0 Max\u00e9ville A Max\u00e9ville, la participation citoyenne est un axe fort dans la mani\u00e8re de conduire l\u2019action municipale. C\u2019est un \u00e9tat d\u2019esprit qui consiste d\u2019embl\u00e9e&#8230;<\/p>\n","protected":false},"author":1,"featured_media":0,"parent":73,"menu_order":33,"comment_status":"closed","ping_status":"closed","template":"","meta":[],"_links":{"self":[{"href":"https:\/\/maxeville.fr\/index.php\/wp-json\/wp\/v2\/pages\/330"}],"collection":[{"href":"https:\/\/maxeville.fr\/index.php\/wp-json\/wp\/v2\/pages"}],"about":[{"href":"https:\/\/maxeville.fr\/index.php\/wp-json\/wp\/v2\/types\/page"}],"author":[{"embeddable":true,"href":"https:\/\/maxeville.fr\/index.php\/wp-json\/wp\/v2\/users\/1"}],"replies":[{"embeddable":true,"href":"https:\/\/maxeville.fr\/index.php\/wp-json\/wp\/v2\/comments?post=330"}],"version-history":[{"count":4,"href":"https:\/\/maxeville.fr\/index.php\/wp-json\/wp\/v2\/pages\/330\/revisions"}],"predecessor-version":[{"id":1870,"href":"https:\/\/maxeville.fr\/index.php\/wp-json\/wp\/v2\/pages\/330\/revisions\/1870"}],"up":[{"embeddable":true,"href":"https:\/\/maxeville.fr\/index.php\/wp-json\/wp\/v2\/pages\/73"}],"wp:attachment":[{"href":"https:\/\/maxeville.fr\/index.php\/wp-json\/wp\/v2\/media?parent=330"}],"curies":[{"name":"wp","href":"https:\/\/api.w.org\/{rel}","templated":true}]}}