{"id":338,"date":"2016-04-06T12:41:55","date_gmt":"2016-04-06T14:41:55","guid":{"rendered":"http:\/\/www.maxeville.fr\/?page_id=338"},"modified":"2022-02-01T13:03:54","modified_gmt":"2022-02-01T12:03:54","slug":"developpement-durable","status":"publish","type":"page","link":"https:\/\/maxeville.fr\/index.php\/mon-quotidien\/developpement-durable\/","title":{"rendered":"D\u00e9veloppement durable"},"content":{"rendered":"<h5>Max\u00e9ville : une ville qui s&#8217;engage pour la pr\u00e9servation de l\u2019environnement !<\/h5>\n<p>L&#8217;accord international sur le climat vot\u00e9 \u00e0 Paris lors de la COP 21 par tous les pays et visant \u00e0 r\u00e9duire les \u00e9missions de gaz \u00e0 effet de serre nous concerne tous nous l\u2019avons particuli\u00e8rement vu durant l&#8217; hiver 2017 avec les alertes \u00e0 la pollution de l&#8217;air.<br \/>\nAujourd&#8217;hui, selon l&#8217;Insee, nous sommes 48 millions d&#8217;habitants \u00e0 vivre en ville soit pr\u00e8s de 80 % de la population fran\u00e7aise, en tant qu\u2019habitants et encore plus en tant qu&#8217;\u00e9lus nous devons \u00eatre vigilants \u00e0 la pr\u00e9servation de l&#8217;environnement et \u00e0 la place que nous r\u00e9servons \u00e0 la nature en ville.<\/p>\n<p>Parce nous y vivons aujourd&#8217;hui : pour notre sant\u00e9, notre bien \u00eatre, pour nos enfants et petits enfants &#8230;<\/p>\n<p>Parce que nous repr\u00e9sentons plus de 20 % du territoire, nous, les citadins devenons responsables de cet espace, et devons le pr\u00e9server dans sa vari\u00e9t\u00e9, sa diversit\u00e9 et sa qualit\u00e9.<\/p>\n<h5>Par quels moyens ?<\/h5>\n<ul>\n<li>En faisant des choix responsables et \u00e9clair\u00e9s : chaque fois qu&#8217;il en a \u00e9t\u00e9 possible\u00a0Max\u00e9ville pr\u00e9serve les espaces verts existants comme rue de Lorraine avec la cr\u00e9ation d&#8217;un jardin p\u00e9dagogique sur un terrain communal initialement pr\u00e9vu \u00e0 la construction, ou encore rue Aristide Briand o\u00f9\u00a0la commune a choisi\u00a0de conserver pr\u00e9s et arbres au lieu de lancer un programme d&#8217;habitat,<\/li>\n<li>En mettant \u00e0 disposition de nouvelles parcelles de jardins familiaux sur des terrains appartenant \u00e0 la ville,<\/li>\n<li>En cr\u00e9ant des bacs en centre ville pour amener de la v\u00e9g\u00e9tation, en installant des bancs pour susciter plus de convivialit\u00e9,<\/li>\n<li>En permettant \u00e0 l&#8217;Association Fran\u00e7aise des Traumatis\u00e9s Cr\u00e2niens (AFTC) de cr\u00e9er\u00a0de toutes pi\u00e8ces\u00a0un jardin \u00e0\u00a0partir d&#8217;un espace inutilis\u00e9 au pied de la Tour panoramique,<\/li>\n<li>En supprimant les produits phytosanitaires (d\u00e9sherbants et pesticides) dans les espaces verts communaux,<\/li>\n<li>En plantant des arbres, des arbustes et des plantes vivaces,<\/li>\n<li>En cr\u00e9ant un parc nature et loisirs de plus de 600 m2 avec les habitants sur le site L\u00e9o Lagrange,<\/li>\n<li>En organisant une op\u00e9ration nettoyage\u00a0avec les habitants, chaque ann\u00e9e, en for\u00eat de Haye pour sensibiliser au respect des bois,<\/li>\n<li>En incitant \u00e0 l&#8217;installation de composteurs partag\u00e9s en pied d&#8217;immeubles,<\/li>\n<li>En adh\u00e9rant et en soutenant l\u2019association Flore 54 et son Festival Nature,<\/li>\n<li>En installant des h\u00f4tels \u00e0 insectes, des ruches, en favorisant les tontes avec des moutons plut\u00f4t que des machines &#8230;<\/li>\n<li>En cr\u00e9ant un march\u00e9 de producteurs qui favorise les produits locaux,<\/li>\n<li>En soutenant le v\u00e9lo en ville et la nouvelle association &#8220;L&#8217;atelier v\u00e9lo&#8221;,<\/li>\n<li>En imaginant de nouveaux cheminements doux pour les pi\u00e9tons,<\/li>\n<li>En nous mobilisant pour un transport en commun au plus pr\u00e8s des besoins des habitants&#8230;<\/li>\n<\/ul>\n<p>Cette liste montre comment des \u00e9lus responsables avec des services concern\u00e9s et gr\u00e2ce au soutien des Max\u00e9villois, peuvent changer les choses en moins de 3 ans. Petit ou grand, individuel ou collectif, chacun de nos gestes, chacun de nos engagements, compte.<\/p>\n<div style=\"padding-bottom:20px; padding-top:10px;\" class=\"hupso-share-buttons\"><!-- Hupso Share Buttons - https:\/\/www.hupso.com\/share\/ --><a class=\"hupso_toolbar\" href=\"https:\/\/www.hupso.com\/share\/\"><img src=\"https:\/\/static.hupso.com\/share\/buttons\/lang\/fr\/share-medium.png\" style=\"border:0px; padding-top: 5px; float:left;\" alt=\"Share Button\"\/><\/a><script type=\"text\/javascript\">var hupso_services_t=new Array();var hupso_background_t=\"#EAF4FF\";var hupso_border_t=\"#66CCFF\";var hupso_toolbar_size_t=\"medium\";var hupso_image_folder_url = \"\";var hupso_url_t=\"\";var hupso_title_t=\"D%C3%A9veloppement%20durable\";<\/script><script type=\"text\/javascript\" src=\"https:\/\/static.hupso.com\/share\/js\/share_toolbar.js\"><\/script><!-- Hupso Share Buttons --><\/div>","protected":false},"excerpt":{"rendered":"<p>Max\u00e9ville : une ville qui s&#8217;engage pour la pr\u00e9servation de l\u2019environnement ! L&#8217;accord international sur le climat vot\u00e9 \u00e0 Paris lors de la COP 21 par tous les&#8230;<\/p>\n","protected":false},"author":1,"featured_media":0,"parent":242,"menu_order":29,"comment_status":"closed","ping_status":"closed","template":"","meta":[],"_links":{"self":[{"href":"https:\/\/maxeville.fr\/index.php\/wp-json\/wp\/v2\/pages\/338"}],"collection":[{"href":"https:\/\/maxeville.fr\/index.php\/wp-json\/wp\/v2\/pages"}],"about":[{"href":"https:\/\/maxeville.fr\/index.php\/wp-json\/wp\/v2\/types\/page"}],"author":[{"embeddable":true,"href":"https:\/\/maxeville.fr\/index.php\/wp-json\/wp\/v2\/users\/1"}],"replies":[{"embeddable":true,"href":"https:\/\/maxeville.fr\/index.php\/wp-json\/wp\/v2\/comments?post=338"}],"version-history":[{"count":7,"href":"https:\/\/maxeville.fr\/index.php\/wp-json\/wp\/v2\/pages\/338\/revisions"}],"predecessor-version":[{"id":11406,"href":"https:\/\/maxeville.fr\/index.php\/wp-json\/wp\/v2\/pages\/338\/revisions\/11406"}],"up":[{"embeddable":true,"href":"https:\/\/maxeville.fr\/index.php\/wp-json\/wp\/v2\/pages\/242"}],"wp:attachment":[{"href":"https:\/\/maxeville.fr\/index.php\/wp-json\/wp\/v2\/media?parent=338"}],"curies":[{"name":"wp","href":"https:\/\/api.w.org\/{rel}","templated":true}]}}

Développement durable

<h5>Maxéville : une ville qui s&#8217;engage pour la préservation de l’environnement !</h5>
<p>L&#8217;accord international sur le climat voté à Paris lors de la COP 21 par tous les pays et visant à réduire les émissions de gaz à effet de serre nous concerne tous nous l’avons particulièrement vu durant l&#8217; hiver 2017 avec les alertes à la pollution de l&#8217;air.<br />
Aujourd&#8217;hui, selon l&#8217;Insee, nous sommes 48 millions d&#8217;habitants à vivre en ville soit près de 80 % de la population française, en tant qu’habitants et encore plus en tant qu&#8217;élus nous devons être vigilants à la préservation de l&#8217;environnement et à la place que nous réservons à la nature en ville.</p>
<p>Parce nous y vivons aujourd&#8217;hui : pour notre santé, notre bien être, pour nos enfants et petits enfants &#8230;</p>
<p>Parce que nous représentons plus de 20 % du territoire, nous, les citadins devenons responsables de cet espace, et devons le préserver dans sa variété, sa diversité et sa qualité.</p>
<h5>Par quels moyens ?</h5>
<ul>
<li>En faisant des choix responsables et éclairés : chaque fois qu&#8217;il en a été possible Maxéville préserve les espaces verts existants comme rue de Lorraine avec la création d&#8217;un jardin pédagogique sur un terrain communal initialement prévu à la construction, ou encore rue Aristide Briand où la commune a choisi de conserver prés et arbres au lieu de lancer un programme d&#8217;habitat,</li>
<li>En mettant à disposition de nouvelles parcelles de jardins familiaux sur des terrains appartenant à la ville,</li>
<li>En créant des bacs en centre ville pour amener de la végétation, en installant des bancs pour susciter plus de convivialité,</li>
<li>En permettant à l&#8217;Association Française des Traumatisés Crâniens (AFTC) de créer de toutes pièces un jardin à partir d&#8217;un espace inutilisé au pied de la Tour panoramique,</li>
<li>En supprimant les produits phytosanitaires (désherbants et pesticides) dans les espaces verts communaux,</li>
<li>En plantant des arbres, des arbustes et des plantes vivaces,</li>
<li>En créant un parc nature et loisirs de plus de 600 m2 avec les habitants sur le site Léo Lagrange,</li>
<li>En organisant une opération nettoyage avec les habitants, chaque année, en forêt de Haye pour sensibiliser au respect des bois,</li>
<li>En incitant à l&#8217;installation de composteurs partagés en pied d&#8217;immeubles,</li>
<li>En adhérant et en soutenant l’association Flore 54 et son Festival Nature,</li>
<li>En installant des hôtels à insectes, des ruches, en favorisant les tontes avec des moutons plutôt que des machines &#8230;</li>
<li>En créant un marché de producteurs qui favorise les produits locaux,</li>
<li>En soutenant le vélo en ville et la nouvelle association &#8220;L&#8217;atelier vélo&#8221;,</li>
<li>En imaginant de nouveaux cheminements doux pour les piétons,</li>
<li>En nous mobilisant pour un transport en commun au plus près des besoins des habitants&#8230;</li>
</ul>
<p>Cette liste montre comment des élus responsables avec des services concernés et grâce au soutien des Maxévillois, peuvent changer les choses en moins de 3 ans. Petit ou grand, individuel ou collectif, chacun de nos gestes, chacun de nos engagements, compte.</p>
<div style="padding-bottom:20px; padding-top:10px;" class="hupso-share-buttons"><!-- Hupso Share Buttons - https://www.hupso.com/share/ --><a class="hupso_toolbar" href="https://www.hupso.com/share/"><img src="https://static.hupso.com/share/buttons/lang/fr/share-medium.png" style="border:0px; padding-top: 5px; float:left;" alt="Share Button"/></a><script type="text/javascript">var hupso_services_t=new Array();var hupso_background_t="#EAF4FF";var hupso_border_t="#66CCFF";var hupso_toolbar_size_t="medium";var hupso_image_folder_url = "";var hupso_url_t="";var hupso_title_t="D%C3%A9veloppement%20durable";</script><script type="text/javascript" src="https://static.hupso.com/share/js/share_toolbar.js"></script><!-- Hupso Share Buttons --></div>

<p>Maxéville : une ville qui s&#8217;engage pour la préservation de l’environnement ! L&#8217;accord international sur le climat voté à Paris lors de la COP 21 par tous les&#8230;</p>
