{"id":395,"date":"2016-04-06T12:48:48","date_gmt":"2016-04-06T14:48:48","guid":{"rendered":"http:\/\/www.maxeville.fr\/?page_id=395"},"modified":"2026-03-12T16:43:22","modified_gmt":"2026-03-12T15:43:22","slug":"ludotheque","status":"publish","type":"page","link":"https:\/\/maxeville.fr\/index.php\/mes-loisirs\/ludotheque\/","title":{"rendered":"Ludoth\u00e8ques"},"content":{"rendered":"\n<p><\/p>\n\n\n\n<hr class=\"wp-block-separator has-alpha-channel-opacity\"\/>\n\n\n\n<p class=\"has-normal-font-size\"><strong>Visite guid\u00e9e en vid\u00e9o de la nouvelle ludo&#8217; au quartier centre ! <\/strong><br>8 rue du 15 septembre 1944<\/p>\n\n\n\n<figure class=\"wp-block-embed is-type-video is-provider-youtube wp-block-embed-youtube wp-embed-aspect-16-9 wp-has-aspect-ratio\"><div class=\"wp-block-embed__wrapper\">\n<iframe loading=\"lazy\" title=\"Visite guid\u00e9e de la nouvelle ludoth\u00e8que - centre !\" width=\"620\" height=\"349\" src=\"https:\/\/www.youtube.com\/embed\/l-C2Qd0Pkjk?feature=oembed\" frameborder=\"0\" allow=\"accelerometer; autoplay; clipboard-write; encrypted-media; gyroscope; picture-in-picture; web-share\" referrerpolicy=\"strict-origin-when-cross-origin\" allowfullscreen><\/iframe>\n<\/div><\/figure>\n\n\n\n<hr class=\"wp-block-separator has-alpha-channel-opacity\"\/>\n\n\n\n<hr class=\"wp-block-separator has-css-opacity\"\/>\n\n\n\n<div class=\"wp-block-media-text alignwide is-stacked-on-mobile\" style=\"grid-template-columns:15% auto\"><figure class=\"wp-block-media-text__media\"><img decoding=\"async\" loading=\"lazy\" width=\"664\" height=\"928\" src=\"https:\/\/maxeville.fr\/wp-content\/uploads\/2024\/05\/xl.png\" alt=\"\" class=\"wp-image-15963 size-full\" srcset=\"https:\/\/maxeville.fr\/wp-content\/uploads\/2024\/05\/xl.png 664w, https:\/\/maxeville.fr\/wp-content\/uploads\/2024\/05\/xl-215x300.png 215w, https:\/\/maxeville.fr\/wp-content\/uploads\/2024\/05\/xl-508x710.png 508w, https:\/\/maxeville.fr\/wp-content\/uploads\/2024\/05\/xl-17x24.png 17w, https:\/\/maxeville.fr\/wp-content\/uploads\/2024\/05\/xl-26x36.png 26w, https:\/\/maxeville.fr\/wp-content\/uploads\/2024\/05\/xl-34x48.png 34w\" sizes=\"(max-width: 664px) 100vw, 664px\" \/><\/figure><div class=\"wp-block-media-text__content\">\n<p><strong>Pr\u00eat de jeux XL pour vos \u00e9v\u00e9nements familiaux ?  <a rel=\"noreferrer noopener\" href=\"https:\/\/maxeville.fr\/wp-content\/uploads\/2024\/05\/130524-MAQUETTE_CATA_XL.pdf\" target=\"_blank\">consultez le catalogue<\/a><\/strong><br><em>Informations et conditions au 07 88 51 31 56 ou au 03 83 30 28 52<\/em><\/p>\n<\/div><\/div>\n\n\n\n<p><\/p>\n\n\n\n<hr class=\"wp-block-separator has-css-opacity\"\/>\n\n\n\n<p><a rel=\"noreferrer noopener\" href=\"http:\/\/www.dyade-fr.com\/WD150AWP\/WD150Awp.exe\/CONNECT\/e-Kawa-Ludotheque?Ludotheque=maxeville\" data-type=\"URL\" data-id=\"http:\/\/www.dyade-fr.com\/WD150AWP\/WD150Awp.exe\/CONNECT\/e-Kawa-Ludotheque?Ludotheque=maxeville\" target=\"_blank\"> <\/a><\/p>\n\n\n\n<h2 class=\"wp-block-heading\"><\/h2>\n\n\n\n<p><strong>Le saviez-vous ?<\/strong> Le catalogue des jeux et jouets des Jardins des Jeux est en ligne !  <a rel=\"noreferrer noopener\" href=\"http:\/\/www.dyade-fr.com\/WD150AWP\/WD150Awp.exe\/CONNECT\/e-Kawa-Ludotheque?Ludotheque=maxeville\" data-type=\"URL\" data-id=\"http:\/\/www.dyade-fr.com\/WD150AWP\/WD150Awp.exe\/CONNECT\/e-Kawa-Ludotheque?Ludotheque=maxeville\" target=\"_blank\">PAR ICI<\/a><\/p>\n\n\n\n<p><\/p>\n\n\n\n<p><\/p>\n\n\n\n<div class=\"wp-block-media-text alignwide is-stacked-on-mobile\"><figure class=\"wp-block-media-text__media\"><img decoding=\"async\" loading=\"lazy\" width=\"932\" height=\"934\" src=\"https:\/\/maxeville.fr\/wp-content\/uploads\/2024\/09\/1-1.jpg\" alt=\"\" class=\"wp-image-16695 size-full\" srcset=\"https:\/\/maxeville.fr\/wp-content\/uploads\/2024\/09\/1-1.jpg 932w, https:\/\/maxeville.fr\/wp-content\/uploads\/2024\/09\/1-1-300x300.jpg 300w, https:\/\/maxeville.fr\/wp-content\/uploads\/2024\/09\/1-1-150x150.jpg 150w, https:\/\/maxeville.fr\/wp-content\/uploads\/2024\/09\/1-1-768x770.jpg 768w, https:\/\/maxeville.fr\/wp-content\/uploads\/2024\/09\/1-1-88x88.jpg 88w, https:\/\/maxeville.fr\/wp-content\/uploads\/2024\/09\/1-1-508x509.jpg 508w, https:\/\/maxeville.fr\/wp-content\/uploads\/2024\/09\/1-1-24x24.jpg 24w, https:\/\/maxeville.fr\/wp-content\/uploads\/2024\/09\/1-1-36x36.jpg 36w, https:\/\/maxeville.fr\/wp-content\/uploads\/2024\/09\/1-1-48x48.jpg 48w\" sizes=\"(max-width: 932px) 100vw, 932px\" \/><\/figure><div class=\"wp-block-media-text__content\">\n<p><\/p>\n\n\n\n<p>La ludoth\u00e8que municipale \u00ab Le Jardin des Jeux \u00bb est un lieu de d\u00e9tente, de d\u00e9couverte, de divertissement, mais aussi de rencontres et d\u2019\u00e9changes, d\u2019animation et de convivialit\u00e9.<\/p>\n\n\n\n<p><strong>Sa mission est de \u00ab donner \u00e0 jouer \u00bb.<\/strong><\/p>\n\n\n\n<p>Plus de 2 000 jeux sont \u00e0 votre disposition pour le jeu sur place ou l\u2019emprunt.<\/p>\n\n\n\n<p>Adulte ou enfant, entre amis ou en famille, ancien ou jeune, chanceux ou malchanceux, mauvais joueur ou bon perdant, adroit ou maladroit, s\u00e9rieux ou farceur\u2026 Qui que vous soyez\u2026 Il y a forc\u00e9ment un jeu qui vous attend au Jardin&nbsp;!<\/p>\n<\/div><\/div>\n\n\n\n<h1 class=\"wp-block-heading\"><mark style=\"background-color:rgba(0, 0, 0, 0)\" class=\"has-inline-color has-accent-color\">Deux quartiers&#8230; deux adresses :<\/mark><\/h1>\n\n\n\n<ul>\n<li><strong>Max\u00e9ville Centre :<\/strong>&nbsp;8 rue du 15 septembre 1944 &#8211; 03 83 30 28 52<br>Mardi de 14h \u00e0 19h<br>Mercredi de 9h \u00e0 12h<br>Samedi de 9h30 \u00e0 12h30<br><\/li>\n\n\n\n<li><strong>Max\u00e9ville Champ-le-B\u0153uf :<\/strong>&nbsp;19 rue de la Meuse \u2013 03 83 56 54 28<br>Rez-de-chauss\u00e9e du CILM (Centre Intercommunal de Laxou Max\u00e9ville)<br>Mardi de 9h \u00e0 12h <br>Mercredi de 14h \u00e0 18h<\/li>\n<\/ul>\n\n\n\n<figure class=\"wp-block-image size-large\"><img decoding=\"async\" loading=\"lazy\" width=\"1024\" height=\"576\" src=\"https:\/\/maxeville.fr\/wp-content\/uploads\/2025\/08\/Video-ludo-horaires-1024x576.jpg\" alt=\"\" class=\"wp-image-18384\" srcset=\"https:\/\/maxeville.fr\/wp-content\/uploads\/2025\/08\/Video-ludo-horaires-1024x576.jpg 1024w, https:\/\/maxeville.fr\/wp-content\/uploads\/2025\/08\/Video-ludo-horaires-300x169.jpg 300w, https:\/\/maxeville.fr\/wp-content\/uploads\/2025\/08\/Video-ludo-horaires-768x432.jpg 768w, https:\/\/maxeville.fr\/wp-content\/uploads\/2025\/08\/Video-ludo-horaires-1536x864.jpg 1536w, https:\/\/maxeville.fr\/wp-content\/uploads\/2025\/08\/Video-ludo-horaires-2048x1152.jpg 2048w, https:\/\/maxeville.fr\/wp-content\/uploads\/2025\/08\/Video-ludo-horaires-973x547.jpg 973w, https:\/\/maxeville.fr\/wp-content\/uploads\/2025\/08\/Video-ludo-horaires-508x286.jpg 508w, https:\/\/maxeville.fr\/wp-content\/uploads\/2025\/08\/Video-ludo-horaires-24x14.jpg 24w, https:\/\/maxeville.fr\/wp-content\/uploads\/2025\/08\/Video-ludo-horaires-36x20.jpg 36w, https:\/\/maxeville.fr\/wp-content\/uploads\/2025\/08\/Video-ludo-horaires-48x27.jpg 48w\" sizes=\"(max-width: 1024px) 100vw, 1024px\" \/><\/figure>\n\n\n\n<p><a href=\"https:\/\/maxeville.fr\/wp-content\/uploads\/2025\/08\/Ludotheque-plaquette-2025-web.pdf\" data-type=\"URL\" data-id=\"https:\/\/maxeville.fr\/wp-content\/uploads\/2025\/08\/Ludotheque-plaquette-2025-web.pdf\" target=\"_blank\" rel=\"noreferrer noopener\">Consulter la plaquette de rentr\u00e9e 2025 !<\/a><\/p>\n\n\n\n<hr class=\"wp-block-separator has-css-opacity\"\/>\n\n\n\n<h1 class=\"wp-block-heading\"><mark style=\"background-color:rgba(0, 0, 0, 0)\" class=\"has-inline-color has-accent-color\">Les\u00a0animations<\/mark><\/h1>\n\n\n\n<figure class=\"wp-block-image size-large\"><img decoding=\"async\" loading=\"lazy\" width=\"1024\" height=\"307\" src=\"https:\/\/maxeville.fr\/wp-content\/uploads\/2021\/09\/ENTETE-BEBE-1024x307.jpg\" alt=\"\" class=\"wp-image-10763\" srcset=\"https:\/\/maxeville.fr\/wp-content\/uploads\/2021\/09\/ENTETE-BEBE-1024x307.jpg 1024w, https:\/\/maxeville.fr\/wp-content\/uploads\/2021\/09\/ENTETE-BEBE-300x90.jpg 300w, https:\/\/maxeville.fr\/wp-content\/uploads\/2021\/09\/ENTETE-BEBE-768x230.jpg 768w, https:\/\/maxeville.fr\/wp-content\/uploads\/2021\/09\/ENTETE-BEBE-1536x461.jpg 1536w, https:\/\/maxeville.fr\/wp-content\/uploads\/2021\/09\/ENTETE-BEBE-2048x614.jpg 2048w, https:\/\/maxeville.fr\/wp-content\/uploads\/2021\/09\/ENTETE-BEBE-973x292.jpg 973w, https:\/\/maxeville.fr\/wp-content\/uploads\/2021\/09\/ENTETE-BEBE-508x152.jpg 508w, https:\/\/maxeville.fr\/wp-content\/uploads\/2021\/09\/ENTETE-BEBE-250x75.jpg 250w, https:\/\/maxeville.fr\/wp-content\/uploads\/2021\/09\/ENTETE-BEBE-550x165.jpg 550w, https:\/\/maxeville.fr\/wp-content\/uploads\/2021\/09\/ENTETE-BEBE-800x240.jpg 800w, https:\/\/maxeville.fr\/wp-content\/uploads\/2021\/09\/ENTETE-BEBE-600x180.jpg 600w, https:\/\/maxeville.fr\/wp-content\/uploads\/2021\/09\/ENTETE-BEBE-1000x300.jpg 1000w, https:\/\/maxeville.fr\/wp-content\/uploads\/2021\/09\/ENTETE-BEBE-1667x500.jpg 1667w, https:\/\/maxeville.fr\/wp-content\/uploads\/2021\/09\/ENTETE-BEBE-24x7.jpg 24w, https:\/\/maxeville.fr\/wp-content\/uploads\/2021\/09\/ENTETE-BEBE-36x11.jpg 36w, https:\/\/maxeville.fr\/wp-content\/uploads\/2021\/09\/ENTETE-BEBE-48x14.jpg 48w\" sizes=\"(max-width: 1024px) 100vw, 1024px\" \/><\/figure>\n\n\n\n<p><strong>Du&nbsp; fait de l&#8217;ouverture de la ludoth\u00e8que Champ le B\u0153uf tous les mardis matins, les animations B\u00e9b\u00e9 Joue n\u2019ont lieu qu\u2019au Jardin des Jeux Centre,<\/strong><br><strong>de 9h \u00e0 12h.<\/strong><\/p>\n\n\n\n<p>Dates pour la saison 2025 &#8211; 2026 : <\/p>\n\n\n\n<div class=\"wp-block-columns is-layout-flex wp-container-3\">\n<div class=\"wp-block-column is-layout-flow\">\n<ul>\n<li>16 septembre<\/li>\n\n\n\n<li>14 octobre<\/li>\n\n\n\n<li>18 novembre<\/li>\n\n\n\n<li>16 d\u00e9cembre<\/li>\n<\/ul>\n<\/div>\n\n\n\n<div class=\"wp-block-column is-layout-flow\">\n<ul>\n<li>13 janvier<\/li>\n\n\n\n<li>10 mars<\/li>\n\n\n\n<li>7 avril<\/li>\n\n\n\n<li>5 mai<\/li>\n\n\n\n<li>2 juin<\/li>\n<\/ul>\n<\/div>\n<\/div>\n\n\n\n<p><\/p>\n\n\n\n<hr class=\"wp-block-separator has-css-opacity\"\/>\n\n\n\n<figure class=\"wp-block-image size-large\"><img decoding=\"async\" loading=\"lazy\" width=\"1024\" height=\"307\" src=\"https:\/\/maxeville.fr\/wp-content\/uploads\/2021\/09\/ENTETE-JEUX-1024x307.jpg\" alt=\"\" class=\"wp-image-10762\" srcset=\"https:\/\/maxeville.fr\/wp-content\/uploads\/2021\/09\/ENTETE-JEUX-1024x307.jpg 1024w, https:\/\/maxeville.fr\/wp-content\/uploads\/2021\/09\/ENTETE-JEUX-300x90.jpg 300w, https:\/\/maxeville.fr\/wp-content\/uploads\/2021\/09\/ENTETE-JEUX-768x230.jpg 768w, https:\/\/maxeville.fr\/wp-content\/uploads\/2021\/09\/ENTETE-JEUX-1536x461.jpg 1536w, https:\/\/maxeville.fr\/wp-content\/uploads\/2021\/09\/ENTETE-JEUX-2048x614.jpg 2048w, https:\/\/maxeville.fr\/wp-content\/uploads\/2021\/09\/ENTETE-JEUX-973x292.jpg 973w, https:\/\/maxeville.fr\/wp-content\/uploads\/2021\/09\/ENTETE-JEUX-508x152.jpg 508w, https:\/\/maxeville.fr\/wp-content\/uploads\/2021\/09\/ENTETE-JEUX-250x75.jpg 250w, https:\/\/maxeville.fr\/wp-content\/uploads\/2021\/09\/ENTETE-JEUX-550x165.jpg 550w, https:\/\/maxeville.fr\/wp-content\/uploads\/2021\/09\/ENTETE-JEUX-800x240.jpg 800w, https:\/\/maxeville.fr\/wp-content\/uploads\/2021\/09\/ENTETE-JEUX-600x180.jpg 600w, https:\/\/maxeville.fr\/wp-content\/uploads\/2021\/09\/ENTETE-JEUX-1000x300.jpg 1000w, https:\/\/maxeville.fr\/wp-content\/uploads\/2021\/09\/ENTETE-JEUX-1667x500.jpg 1667w, https:\/\/maxeville.fr\/wp-content\/uploads\/2021\/09\/ENTETE-JEUX-24x7.jpg 24w, https:\/\/maxeville.fr\/wp-content\/uploads\/2021\/09\/ENTETE-JEUX-36x11.jpg 36w, https:\/\/maxeville.fr\/wp-content\/uploads\/2021\/09\/ENTETE-JEUX-48x14.jpg 48w\" sizes=\"(max-width: 1024px) 100vw, 1024px\" \/><\/figure>\n\n\n\n<p><em>Un moment ludique \u00e0 passer en famille pour d\u00e9buter le week-end en s\u2019amusant&nbsp;!<\/em><br> <strong>Certains vendredis de 17h \u00e0 20h.<\/strong><em> (horaires susceptibles de varier en fonction des animations)<\/em><\/p>\n\n\n\n<p>Dates pour la saison 2025 &#8211; 2026 : <\/p>\n\n\n\n<div class=\"wp-block-columns is-layout-flex wp-container-6\">\n<div class=\"wp-block-column is-layout-flow\">\n<ul>\n<li>17 octobre<\/li>\n\n\n\n<li><s>13 f\u00e9vrier<\/s> <strong><em><mark style=\"background-color:rgba(0, 0, 0, 0);color:#e40000\" class=\"has-inline-color\">annul\u00e9e<\/mark><\/em><\/strong><\/li>\n<\/ul>\n<\/div>\n\n\n\n<div class=\"wp-block-column is-layout-flow\">\n<ul>\n<li>10 avril<\/li>\n\n\n\n<li>3 juillet<\/li>\n<\/ul>\n<\/div>\n<\/div>\n\n\n\n<hr class=\"wp-block-separator has-css-opacity\"\/>\n\n\n\n<h2 class=\"wp-block-heading\"><strong><span class=\"has-inline-color has-accent-color\">\u00c9v\u00e9nements annuels de la ludoth\u00e8que de Max\u00e9ville&nbsp;:<\/span><\/strong><\/h2>\n\n\n\n<p>&gt;<strong> Jeux et Familles en F\u00eate<\/strong>  : dimanche 8 f\u00e9vrier 2026 de 14h \u00e0 18h<\/p>\n\n\n\n<p>&gt; <strong>La F\u00eate mondiale du Jeu<\/strong> <\/p>\n\n\n\n<hr class=\"wp-block-separator has-css-opacity\"\/>\n\n\n\n<figure class=\"wp-block-image size-large\"><img decoding=\"async\" loading=\"lazy\" width=\"1024\" height=\"307\" src=\"https:\/\/maxeville.fr\/wp-content\/uploads\/2021\/09\/ENTETE_INFOS-1024x307.jpg\" alt=\"\" class=\"wp-image-10764\" srcset=\"https:\/\/maxeville.fr\/wp-content\/uploads\/2021\/09\/ENTETE_INFOS-1024x307.jpg 1024w, https:\/\/maxeville.fr\/wp-content\/uploads\/2021\/09\/ENTETE_INFOS-300x90.jpg 300w, https:\/\/maxeville.fr\/wp-content\/uploads\/2021\/09\/ENTETE_INFOS-768x230.jpg 768w, https:\/\/maxeville.fr\/wp-content\/uploads\/2021\/09\/ENTETE_INFOS-1536x461.jpg 1536w, https:\/\/maxeville.fr\/wp-content\/uploads\/2021\/09\/ENTETE_INFOS-2048x614.jpg 2048w, https:\/\/maxeville.fr\/wp-content\/uploads\/2021\/09\/ENTETE_INFOS-973x292.jpg 973w, https:\/\/maxeville.fr\/wp-content\/uploads\/2021\/09\/ENTETE_INFOS-508x152.jpg 508w, https:\/\/maxeville.fr\/wp-content\/uploads\/2021\/09\/ENTETE_INFOS-250x75.jpg 250w, https:\/\/maxeville.fr\/wp-content\/uploads\/2021\/09\/ENTETE_INFOS-550x165.jpg 550w, https:\/\/maxeville.fr\/wp-content\/uploads\/2021\/09\/ENTETE_INFOS-800x240.jpg 800w, https:\/\/maxeville.fr\/wp-content\/uploads\/2021\/09\/ENTETE_INFOS-600x180.jpg 600w, https:\/\/maxeville.fr\/wp-content\/uploads\/2021\/09\/ENTETE_INFOS-1000x300.jpg 1000w, https:\/\/maxeville.fr\/wp-content\/uploads\/2021\/09\/ENTETE_INFOS-1667x500.jpg 1667w, https:\/\/maxeville.fr\/wp-content\/uploads\/2021\/09\/ENTETE_INFOS-24x7.jpg 24w, https:\/\/maxeville.fr\/wp-content\/uploads\/2021\/09\/ENTETE_INFOS-36x11.jpg 36w, https:\/\/maxeville.fr\/wp-content\/uploads\/2021\/09\/ENTETE_INFOS-48x14.jpg 48w\" sizes=\"(max-width: 1024px) 100vw, 1024px\" \/><\/figure>\n\n\n\n<h1 class=\"wp-block-heading\"><mark style=\"background-color:rgba(0, 0, 0, 0)\" class=\"has-inline-color has-accent-color\">Adh\u00e9sion \u2013 Carte d\u2019abonnement<\/mark><\/h1>\n\n\n\n<p>Nouveau tarif : le jeu sur place est d\u00e9sormais gratuit pour max\u00e9villois et habitants du quartier Champ-le-B\u0153uf.&nbsp; Consulter la d\u00e9cision municipale.<\/p>\n\n\n\n<p><strong>Tarifs Max\u00e9villois et habitants du quartier CLB :<\/strong><\/p>\n\n\n\n<p>&gt; Pr\u00eat de jeux et jouets&nbsp; : 15\u20ac\/ ann\u00e9e scolaire<br>&gt; \u00e9coles et assistantes maternelles : jeu sur place et pr\u00eat gratuit<\/p>\n\n\n\n<p><strong>Tarifs ext\u00e9rieur :<\/strong><\/p>\n\n\n\n<p>&gt; familles et assistant.e.s maternel.le.s ext\u00e9rieur.e.s : 30\u20ac\/ ann\u00e9e scolaire<\/p>\n\n\n\n<hr class=\"wp-block-separator has-css-opacity\"\/>\n\n\n\n<p><em>L\u2019inscription se fait sur place, merci de vous munir d\u2019une pi\u00e8ce d\u2019identit\u00e9 et d\u2019un justificatif de domicile, et si vous \u00eates assistante maternelle, l\u2019attestation de la PMI.<\/em><\/p>\n\n\n\n<hr class=\"wp-block-separator has-css-opacity\"\/>\n\n\n\n<p><strong>Adh\u00e9sion structures<\/strong><\/p>\n\n\n\n<p>Les jardins accueillent \u00e9galement sur rendez-vous, des structures, des \u00e9coles, des associations &nbsp;Max\u00e9villoises et ext\u00e9rieures \u00e0 la commune.<\/p>\n\n\n\n<p>L\u2019adh\u00e9sion vous permet d\u2019emprunter 6 jeux pour une dur\u00e9e de 6 semaines.<\/p>\n\n\n\n<p><strong>Max\u00e9villois et CLB :<\/strong> 40\u20ac<\/p>\n\n\n\n<p><strong>Ext\u00e9rieurs&nbsp;:<\/strong> 50\u20ac<\/p>\n\n\n\n<p><strong>Jeu sur place&nbsp;:<\/strong>&nbsp; Avec convention entre la mairie et la structure utilisatrice<\/p>\n\n\n\n<p><strong>Max\u00e9villois et CLB :<\/strong> 1.50\u20ac par heure et par usager<\/p>\n\n\n\n<p><strong>Ext\u00e9rieurs&nbsp;:<\/strong> 2 \u20ac par heure et par usager<\/p>\n\n\n\n<p>&gt; Horaires des groupes quartier CLB : lundi 14h-17h &#8211; jeudi 14h-17h &#8211; vendredi 9h-12h et 13h30-15h30&nbsp;<br>&gt; Horaires des groupes quartier centre : lundi 14h-17h &#8211; mardi 9h-12h &#8211; jeudi 14h-17h &#8211; vendredi 9h-12h<\/p>\n\n\n\n<h2 class=\"wp-block-heading\"><strong>Nouvelles adh\u00e9sions<\/strong><\/h2>\n\n\n\n<p>Les nouvelles adh\u00e9sions peuvent se faire sur place, aux heures d\u2019ouverture.<\/p>\n\n\n\n<p><strong>R\u00e8glement par ch\u00e8que ou en esp\u00e8ce&nbsp;(merci d\u2019apporter la somme exacte).<\/strong><\/p>\n\n\n\n<p><\/p>\n\n\n\n<p><a rel=\"noreferrer noopener\" href=\"https:\/\/maxeville.fr\/wp-content\/uploads\/2025\/09\/formulaire_inscription2025_2026.pdf\" data-type=\"URL\" data-id=\"https:\/\/maxeville.fr\/wp-content\/uploads\/2025\/09\/formulaire_inscription2025_2026.pdf\" target=\"_blank\">Formulaire d&#8217;inscription saison 2025-2026<br><\/a><a href=\"https:\/\/maxeville.fr\/wp-content\/uploads\/2025\/09\/RI_2025_signe.pdf\" data-type=\"URL\" data-id=\"https:\/\/maxeville.fr\/wp-content\/uploads\/2025\/09\/RI_2025_signe.pdf\" target=\"_blank\" rel=\"noreferrer noopener\">R\u00e8glement du service<\/a><\/p>\n\n\n\n<p><\/p>\n\n\n\n<h1 class=\"wp-block-heading\"><\/h1>\n\n\n\n<div class=\"wp-block-columns is-layout-flex wp-container-9\">\n<div class=\"wp-block-column is-layout-flow\"><\/div>\n\n\n\n<div class=\"wp-block-column is-layout-flow\"><\/div>\n<\/div>\n<div style=\"padding-bottom:20px; padding-top:10px;\" class=\"hupso-share-buttons\"><!-- Hupso Share Buttons - https:\/\/www.hupso.com\/share\/ --><a class=\"hupso_toolbar\" href=\"https:\/\/www.hupso.com\/share\/\"><img src=\"https:\/\/static.hupso.com\/share\/buttons\/lang\/fr\/share-medium.png\" style=\"border:0px; padding-top: 5px; float:left;\" alt=\"Share Button\"\/><\/a><script type=\"text\/javascript\">var hupso_services_t=new Array();var hupso_background_t=\"#EAF4FF\";var hupso_border_t=\"#66CCFF\";var hupso_toolbar_size_t=\"medium\";var hupso_image_folder_url = \"\";var hupso_url_t=\"\";var hupso_title_t=\"Ludoth%C3%A8ques\";<\/script><script type=\"text\/javascript\" src=\"https:\/\/static.hupso.com\/share\/js\/share_toolbar.js\"><\/script><!-- Hupso Share Buttons --><\/div>","protected":false},"excerpt":{"rendered":"<p>Visite guid\u00e9e en vid\u00e9o de la nouvelle ludo&#8217; au quartier centre ! 8 rue du 15 septembre 1944 Pr\u00eat de jeux XL pour vos \u00e9v\u00e9nements familiaux ? consultez&#8230;<\/p>\n","protected":false},"author":1,"featured_media":10742,"parent":391,"menu_order":2,"comment_status":"closed","ping_status":"closed","template":"","meta":[],"_links":{"self":[{"href":"https:\/\/maxeville.fr\/index.php\/wp-json\/wp\/v2\/pages\/395"}],"collection":[{"href":"https:\/\/maxeville.fr\/index.php\/wp-json\/wp\/v2\/pages"}],"about":[{"href":"https:\/\/maxeville.fr\/index.php\/wp-json\/wp\/v2\/types\/page"}],"author":[{"embeddable":true,"href":"https:\/\/maxeville.fr\/index.php\/wp-json\/wp\/v2\/users\/1"}],"replies":[{"embeddable":true,"href":"https:\/\/maxeville.fr\/index.php\/wp-json\/wp\/v2\/comments?post=395"}],"version-history":[{"count":180,"href":"https:\/\/maxeville.fr\/index.php\/wp-json\/wp\/v2\/pages\/395\/revisions"}],"predecessor-version":[{"id":19221,"href":"https:\/\/maxeville.fr\/index.php\/wp-json\/wp\/v2\/pages\/395\/revisions\/19221"}],"up":[{"embeddable":true,"href":"https:\/\/maxeville.fr\/index.php\/wp-json\/wp\/v2\/pages\/391"}],"wp:featuredmedia":[{"embeddable":true,"href":"https:\/\/maxeville.fr\/index.php\/wp-json\/wp\/v2\/media\/10742"}],"wp:attachment":[{"href":"https:\/\/maxeville.fr\/index.php\/wp-json\/wp\/v2\/media?parent=395"}],"curies":[{"name":"wp","href":"https:\/\/api.w.org\/{rel}","templated":true}]}}