{"id":399,"date":"2016-04-06T12:49:06","date_gmt":"2016-04-06T14:49:06","guid":{"rendered":"http:\/\/www.maxeville.fr\/?page_id=399"},"modified":"2023-02-06T11:24:07","modified_gmt":"2023-02-06T10:24:07","slug":"le-preau-des-arts","status":"publish","type":"page","link":"https:\/\/maxeville.fr\/index.php\/mes-loisirs\/le-preau-des-arts\/","title":{"rendered":"Le Pr\u00e9au des Arts"},"content":{"rendered":"<p><strong>Adresse :<\/strong> 5 rue Paul Richard, 54320 Max\u00e9ville<\/p>\n<p>Salle d\u2019exposition situ\u00e9e au sein de l\u2019Insp\u00e9 de Lorraine, le Pr\u00e9au des Arts organise et accueille cinq \u00e0 sept expositions chaque ann\u00e9e avec des artistes contemporains reconnus et r\u00e9gionaux.<\/p>\n<p>Le pr\u00e9au des Arts accueille r\u00e9guli\u00e8rement les \u00e9l\u00e8ves de Max\u00e9ville lors d\u2019actions p\u00e9dagogiques et de m\u00e9diations autour des expositions.<\/p>\n<p><strong>Ouvert du lundi au vendredi du 8h \u00e0 18h &#8211; Acc\u00e8s gratuit.<\/strong><\/p>\n<p>Afin de suivre son actualit\u00e9 et \u00eatre invit\u00e9 aux vernissages des expositions, suivez l&#8217;actualit\u00e9 du Pr\u00e9au sur sa page Facebook : <a href=\"https:\/\/www.facebook.com\/lepreaudesarts\">https:\/\/www.facebook.com\/lepreaudesarts<\/a><\/p>\n<p><em>(c) en couverture : Exposition de Marine Rivoal &#8211; \u00e9ditions Le Rouergue Jeunesse &#8211; f\u00e9vrier 2023<\/em><\/p>\n<div style=\"padding-bottom:20px; padding-top:10px;\" class=\"hupso-share-buttons\"><!-- Hupso Share Buttons - https:\/\/www.hupso.com\/share\/ --><a class=\"hupso_toolbar\" href=\"https:\/\/www.hupso.com\/share\/\"><img src=\"https:\/\/static.hupso.com\/share\/buttons\/lang\/fr\/share-medium.png\" style=\"border:0px; padding-top: 5px; float:left;\" alt=\"Share Button\"\/><\/a><script type=\"text\/javascript\">var hupso_services_t=new Array();var hupso_background_t=\"#EAF4FF\";var hupso_border_t=\"#66CCFF\";var hupso_toolbar_size_t=\"medium\";var hupso_image_folder_url = \"\";var hupso_url_t=\"\";var hupso_title_t=\"Le%20Pr%C3%A9au%20des%20Arts\";<\/script><script type=\"text\/javascript\" src=\"https:\/\/static.hupso.com\/share\/js\/share_toolbar.js\"><\/script><!-- Hupso Share Buttons --><\/div>","protected":false},"excerpt":{"rendered":"<p>Adresse : 5 rue Paul Richard, 54320 Max\u00e9ville Salle d\u2019exposition situ\u00e9e au sein de l\u2019Insp\u00e9 de Lorraine, le Pr\u00e9au des Arts organise et accueille cinq \u00e0 sept expositions&#8230;<\/p>\n","protected":false},"author":1,"featured_media":13242,"parent":391,"menu_order":5,"comment_status":"closed","ping_status":"closed","template":"","meta":[],"_links":{"self":[{"href":"https:\/\/maxeville.fr\/index.php\/wp-json\/wp\/v2\/pages\/399"}],"collection":[{"href":"https:\/\/maxeville.fr\/index.php\/wp-json\/wp\/v2\/pages"}],"about":[{"href":"https:\/\/maxeville.fr\/index.php\/wp-json\/wp\/v2\/types\/page"}],"author":[{"embeddable":true,"href":"https:\/\/maxeville.fr\/index.php\/wp-json\/wp\/v2\/users\/1"}],"replies":[{"embeddable":true,"href":"https:\/\/maxeville.fr\/index.php\/wp-json\/wp\/v2\/comments?post=399"}],"version-history":[{"count":6,"href":"https:\/\/maxeville.fr\/index.php\/wp-json\/wp\/v2\/pages\/399\/revisions"}],"predecessor-version":[{"id":13244,"href":"https:\/\/maxeville.fr\/index.php\/wp-json\/wp\/v2\/pages\/399\/revisions\/13244"}],"up":[{"embeddable":true,"href":"https:\/\/maxeville.fr\/index.php\/wp-json\/wp\/v2\/pages\/391"}],"wp:featuredmedia":[{"embeddable":true,"href":"https:\/\/maxeville.fr\/index.php\/wp-json\/wp\/v2\/media\/13242"}],"wp:attachment":[{"href":"https:\/\/maxeville.fr\/index.php\/wp-json\/wp\/v2\/media?parent=399"}],"curies":[{"name":"wp","href":"https:\/\/api.w.org\/{rel}","templated":true}]}}