{"id":447,"date":"2022-04-28T09:00:00","date_gmt":"2022-04-28T07:00:00","guid":{"rendered":"http:\/\/www.maxeville.fr\/?page_id=447"},"modified":"2025-05-06T15:27:47","modified_gmt":"2025-05-06T13:27:47","slug":"fete-des-fraises","status":"publish","type":"page","link":"https:\/\/maxeville.fr\/index.php\/mes-loisirs\/fete-des-fraises\/","title":{"rendered":"La F\u00eate des Fraises"},"content":{"rendered":"\n<p><strong><em>En juin \u00e0 Max\u00e9ville&nbsp;: 4 jours de fraises, rythm\u00e9s de festivit\u00e9s&nbsp;!<\/em><\/strong><\/p>\n\n\n\n<p>Comme chaque ann\u00e9e, la ville de Max\u00e9ville organise la F\u00eate des Fraises en partenariat avec les associations du territoire. <\/p>\n\n\n\n<p class=\"has-large-font-size\"><strong><em>RETOUR EN VID\u00c9O SUR L&#8217;\u00c9DITION 2024 !<\/em><\/strong><\/p>\n\n\n\n<figure class=\"wp-block-embed is-type-video is-provider-youtube wp-block-embed-youtube wp-embed-aspect-16-9 wp-has-aspect-ratio\"><div class=\"wp-block-embed__wrapper\">\n<iframe loading=\"lazy\" title=\"LA F\u00caTE DES FRAISES \u00c0 MAX\u00c9VILLE\" width=\"620\" height=\"349\" src=\"https:\/\/www.youtube.com\/embed\/in1zlqw7V_0?feature=oembed\" frameborder=\"0\" allow=\"accelerometer; autoplay; clipboard-write; encrypted-media; gyroscope; picture-in-picture; web-share\" referrerpolicy=\"strict-origin-when-cross-origin\" allowfullscreen><\/iframe>\n<\/div><\/figure>\n\n\n\n<hr class=\"wp-block-separator has-alpha-channel-opacity\"\/>\n\n\n\n<p>&nbsp;<\/p>\n\n\n\n<figure class=\"wp-block-gallery has-nested-images columns-default is-cropped wp-block-gallery-1 is-layout-flex\"><\/figure>\n\n\n\n<p><strong>\u00e9dition 2025<\/strong> : les 5, 13, 14 et 15 juin 2025 | <a href=\"https:\/\/maxeville.fr\/wp-content\/uploads\/2025\/05\/FDF_25_Programme.pdf\" data-type=\"URL\" data-id=\"https:\/\/maxeville.fr\/wp-content\/uploads\/2025\/05\/FDF_25_Programme.pdf\" target=\"_blank\" rel=\"noreferrer noopener\">Consulter la programmation<\/a><\/p>\n\n\n\n<p><strong>\u00e9dition 2024<\/strong> : le 23 mai et du 30 mai au 2 juin 2024 | <a rel=\"noreferrer noopener\" href=\"https:\/\/maxeville.fr\/wp-content\/uploads\/2024\/05\/FDF-programmation-2024.pdf\" data-type=\"URL\" data-id=\"https:\/\/maxeville.fr\/wp-content\/uploads\/2024\/05\/FDF-programmation-2024.pdf\" target=\"_blank\">Consulter la programmation<\/a><\/p>\n\n\n\n<p><strong>\u00e9dition 2023<\/strong> : du 8 au 11 juin 2023 | <a href=\"https:\/\/maxeville.fr\/wp-content\/uploads\/2024\/04\/FDF_23_Depliant_3volets.pdf\">Consulter la programmation<\/a><\/p>\n\n\n\n<p><strong>\u00e9dition 2022 : <\/strong><em>annul\u00e9e \u00e0 cause d&#8217;une d\u00e9cision pr\u00e9fectorale &#8211; ALERTE ORAGE<\/em><\/p>\n\n\n\n<p><strong>\u00e9dition 2021<\/strong> : du 10 au 13 juin 2021 | <a href=\"https:\/\/maxeville.fr\/wp-content\/uploads\/2024\/04\/PROGRAMME-FDF2021.pdf\">Consulter la programmation<\/a><\/p>\n\n\n\n<p><b>\u00e9dition 2019 : d<\/b>u 6 au 8 juin 2019 | <a href=\"https:\/\/maxeville.fr\/wp-content\/uploads\/2024\/04\/FDF_programme2019_HD-V2.pdf\" target=\"_blank\" rel=\"noopener noreferrer\">Consulter le programme<\/a><\/p>\n<div style=\"padding-bottom:20px; padding-top:10px;\" class=\"hupso-share-buttons\"><!-- Hupso Share Buttons - https:\/\/www.hupso.com\/share\/ --><a class=\"hupso_toolbar\" href=\"https:\/\/www.hupso.com\/share\/\"><img src=\"https:\/\/static.hupso.com\/share\/buttons\/lang\/fr\/share-medium.png\" style=\"border:0px; padding-top: 5px; float:left;\" alt=\"Share Button\"\/><\/a><script type=\"text\/javascript\">var hupso_services_t=new Array();var hupso_background_t=\"#EAF4FF\";var hupso_border_t=\"#66CCFF\";var hupso_toolbar_size_t=\"medium\";var hupso_image_folder_url = \"\";var hupso_url_t=\"\";var hupso_title_t=\"La%20F%C3%AAte%20des%20Fraises\";<\/script><script type=\"text\/javascript\" src=\"https:\/\/static.hupso.com\/share\/js\/share_toolbar.js\"><\/script><!-- Hupso Share Buttons --><\/div>","protected":false},"excerpt":{"rendered":"<p>En juin \u00e0 Max\u00e9ville&nbsp;: 4 jours de fraises, rythm\u00e9s de festivit\u00e9s&nbsp;! Comme chaque ann\u00e9e, la ville de Max\u00e9ville organise la F\u00eate des Fraises en partenariat avec les associations&#8230;<\/p>\n","protected":false},"author":1,"featured_media":17814,"parent":391,"menu_order":18,"comment_status":"closed","ping_status":"closed","template":"","meta":[],"_links":{"self":[{"href":"https:\/\/maxeville.fr\/index.php\/wp-json\/wp\/v2\/pages\/447"}],"collection":[{"href":"https:\/\/maxeville.fr\/index.php\/wp-json\/wp\/v2\/pages"}],"about":[{"href":"https:\/\/maxeville.fr\/index.php\/wp-json\/wp\/v2\/types\/page"}],"author":[{"embeddable":true,"href":"https:\/\/maxeville.fr\/index.php\/wp-json\/wp\/v2\/users\/1"}],"replies":[{"embeddable":true,"href":"https:\/\/maxeville.fr\/index.php\/wp-json\/wp\/v2\/comments?post=447"}],"version-history":[{"count":49,"href":"https:\/\/maxeville.fr\/index.php\/wp-json\/wp\/v2\/pages\/447\/revisions"}],"predecessor-version":[{"id":17900,"href":"https:\/\/maxeville.fr\/index.php\/wp-json\/wp\/v2\/pages\/447\/revisions\/17900"}],"up":[{"embeddable":true,"href":"https:\/\/maxeville.fr\/index.php\/wp-json\/wp\/v2\/pages\/391"}],"wp:featuredmedia":[{"embeddable":true,"href":"https:\/\/maxeville.fr\/index.php\/wp-json\/wp\/v2\/media\/17814"}],"wp:attachment":[{"href":"https:\/\/maxeville.fr\/index.php\/wp-json\/wp\/v2\/media?parent=447"}],"curies":[{"name":"wp","href":"https:\/\/api.w.org\/{rel}","templated":true}]}}