{"id":455,"date":"2016-04-06T12:54:06","date_gmt":"2016-04-06T14:54:06","guid":{"rendered":"http:\/\/www.maxeville.fr\/?page_id=455"},"modified":"2026-01-20T11:44:43","modified_gmt":"2026-01-20T10:44:43","slug":"defile-des-lanternes","status":"publish","type":"page","link":"https:\/\/maxeville.fr\/index.php\/mes-loisirs\/defile-des-lanternes\/","title":{"rendered":"D\u00e9fil\u00e9 des lanternes"},"content":{"rendered":"<h5 align=\"JUSTIFY\"><span style=\"font-size: large;\">La Saint-Martin, d\u00e9fil\u00e9 aux lanternes, Laternenumzug<\/span><\/h5>\n<p align=\"JUSTIFY\">Depuis 1991, \u00e0 la mi-novembre, la ville de Max\u00e9ville en partenariat avec le Pumuckl jardin d\u2019enfants franco-allemand, perp\u00e9tue cette tradition germanique autour et dans le parc de la mairie.<\/p>\n<p align=\"JUSTIFY\">\u00c0\u00a0la nuit tomb\u00e9e, les enfants munis de leur lanterne color\u00e9e d\u00e9filent dans les rues de la ville, \u00e9teintes pour l\u2019occasion. Les habitants sont invit\u00e9s \u00e0 mettre des bougies \u00e0 leur fen\u00eatre, pour c\u00e9l\u00e9brer cette f\u00eate de la lumi\u00e8re. Le d\u00e9fil\u00e9 se termine dans le parc par un spectacle cr\u00e9\u00e9 par le jardin d\u2019enfants et un grand feu de joie. Boissons chaudes, soupe et sp\u00e9cialit\u00e9s allemandes viennent r\u00e9chauffer la fin de la soir\u00e9e.<\/p>\n<p align=\"JUSTIFY\"><img decoding=\"async\" loading=\"lazy\" class=\"alignnone size-medium wp-image-18709\" src=\"https:\/\/maxeville.fr\/wp-content\/uploads\/2025\/10\/MAXE-SAINT-MARTIN25-212x300.jpg\" alt=\"\" width=\"212\" height=\"300\" srcset=\"https:\/\/maxeville.fr\/wp-content\/uploads\/2025\/10\/MAXE-SAINT-MARTIN25-212x300.jpg 212w, https:\/\/maxeville.fr\/wp-content\/uploads\/2025\/10\/MAXE-SAINT-MARTIN25-724x1024.jpg 724w, https:\/\/maxeville.fr\/wp-content\/uploads\/2025\/10\/MAXE-SAINT-MARTIN25-768x1086.jpg 768w, https:\/\/maxeville.fr\/wp-content\/uploads\/2025\/10\/MAXE-SAINT-MARTIN25-1086x1536.jpg 1086w, https:\/\/maxeville.fr\/wp-content\/uploads\/2025\/10\/MAXE-SAINT-MARTIN25-1448x2048.jpg 1448w, https:\/\/maxeville.fr\/wp-content\/uploads\/2025\/10\/MAXE-SAINT-MARTIN25-973x1376.jpg 973w, https:\/\/maxeville.fr\/wp-content\/uploads\/2025\/10\/MAXE-SAINT-MARTIN25-508x719.jpg 508w, https:\/\/maxeville.fr\/wp-content\/uploads\/2025\/10\/MAXE-SAINT-MARTIN25-17x24.jpg 17w, https:\/\/maxeville.fr\/wp-content\/uploads\/2025\/10\/MAXE-SAINT-MARTIN25-25x36.jpg 25w, https:\/\/maxeville.fr\/wp-content\/uploads\/2025\/10\/MAXE-SAINT-MARTIN25-34x48.jpg 34w, https:\/\/maxeville.fr\/wp-content\/uploads\/2025\/10\/MAXE-SAINT-MARTIN25-scaled.jpg 1810w\" sizes=\"(max-width: 212px) 100vw, 212px\" \/><\/p>\n<p align=\"JUSTIFY\">\n<p align=\"JUSTIFY\">\n<div style=\"padding-bottom:20px; padding-top:10px;\" class=\"hupso-share-buttons\"><!-- Hupso Share Buttons - https:\/\/www.hupso.com\/share\/ --><a class=\"hupso_toolbar\" href=\"https:\/\/www.hupso.com\/share\/\"><img src=\"https:\/\/static.hupso.com\/share\/buttons\/lang\/fr\/share-medium.png\" style=\"border:0px; padding-top: 5px; float:left;\" alt=\"Share Button\"\/><\/a><script type=\"text\/javascript\">var hupso_services_t=new Array();var hupso_background_t=\"#EAF4FF\";var hupso_border_t=\"#66CCFF\";var hupso_toolbar_size_t=\"medium\";var hupso_image_folder_url = \"\";var hupso_url_t=\"\";var hupso_title_t=\"D%C3%A9fil%C3%A9%20des%20lanternes\";<\/script><script type=\"text\/javascript\" src=\"https:\/\/static.hupso.com\/share\/js\/share_toolbar.js\"><\/script><!-- Hupso Share Buttons --><\/div>","protected":false},"excerpt":{"rendered":"<p>La Saint-Martin, d\u00e9fil\u00e9 aux lanternes, Laternenumzug Depuis 1991, \u00e0 la mi-novembre, la ville de Max\u00e9ville en partenariat avec le Pumuckl jardin d\u2019enfants franco-allemand, perp\u00e9tue cette tradition germanique autour&#8230;<\/p>\n","protected":false},"author":1,"featured_media":5426,"parent":391,"menu_order":20,"comment_status":"closed","ping_status":"closed","template":"","meta":[],"_links":{"self":[{"href":"https:\/\/maxeville.fr\/index.php\/wp-json\/wp\/v2\/pages\/455"}],"collection":[{"href":"https:\/\/maxeville.fr\/index.php\/wp-json\/wp\/v2\/pages"}],"about":[{"href":"https:\/\/maxeville.fr\/index.php\/wp-json\/wp\/v2\/types\/page"}],"author":[{"embeddable":true,"href":"https:\/\/maxeville.fr\/index.php\/wp-json\/wp\/v2\/users\/1"}],"replies":[{"embeddable":true,"href":"https:\/\/maxeville.fr\/index.php\/wp-json\/wp\/v2\/comments?post=455"}],"version-history":[{"count":9,"href":"https:\/\/maxeville.fr\/index.php\/wp-json\/wp\/v2\/pages\/455\/revisions"}],"predecessor-version":[{"id":18980,"href":"https:\/\/maxeville.fr\/index.php\/wp-json\/wp\/v2\/pages\/455\/revisions\/18980"}],"up":[{"embeddable":true,"href":"https:\/\/maxeville.fr\/index.php\/wp-json\/wp\/v2\/pages\/391"}],"wp:featuredmedia":[{"embeddable":true,"href":"https:\/\/maxeville.fr\/index.php\/wp-json\/wp\/v2\/media\/5426"}],"wp:attachment":[{"href":"https:\/\/maxeville.fr\/index.php\/wp-json\/wp\/v2\/media?parent=455"}],"curies":[{"name":"wp","href":"https:\/\/api.w.org\/{rel}","templated":true}]}}