{"id":459,"date":"2016-04-06T12:54:26","date_gmt":"2016-04-06T14:54:26","guid":{"rendered":"http:\/\/www.maxeville.fr\/?page_id=459"},"modified":"2024-05-13T14:22:38","modified_gmt":"2024-05-13T12:22:38","slug":"les-fetes-du-jeu","status":"publish","type":"page","link":"https:\/\/maxeville.fr\/index.php\/mes-loisirs\/les-fetes-du-jeu\/","title":{"rendered":"Les F\u00eates du Jeu"},"content":{"rendered":"<p>Pour petits et grands, en famille, entre amis ou en solo !<\/p>\n<h5><strong>Jeux et Familles en f\u00eate<\/strong><\/h5>\n<p><img decoding=\"async\" loading=\"lazy\" class=\"alignnone size-medium wp-image-16003\" src=\"https:\/\/maxeville.fr\/wp-content\/uploads\/2024\/05\/JFF_Banniere-300x169.jpg\" alt=\"\" width=\"300\" height=\"169\" srcset=\"https:\/\/maxeville.fr\/wp-content\/uploads\/2024\/05\/JFF_Banniere-300x169.jpg 300w, https:\/\/maxeville.fr\/wp-content\/uploads\/2024\/05\/JFF_Banniere-768x432.jpg 768w, https:\/\/maxeville.fr\/wp-content\/uploads\/2024\/05\/JFF_Banniere-508x286.jpg 508w, https:\/\/maxeville.fr\/wp-content\/uploads\/2024\/05\/JFF_Banniere-24x13.jpg 24w, https:\/\/maxeville.fr\/wp-content\/uploads\/2024\/05\/JFF_Banniere-36x20.jpg 36w, https:\/\/maxeville.fr\/wp-content\/uploads\/2024\/05\/JFF_Banniere-48x27.jpg 48w, https:\/\/maxeville.fr\/wp-content\/uploads\/2024\/05\/JFF_Banniere.jpg 827w\" sizes=\"(max-width: 300px) 100vw, 300px\" \/><\/p>\n<p>Organis\u00e9 tous les ans, au mois de janvier, jeux et familles en f\u00eate est le rendez-vous immanquable des ludoth\u00e8ques de Max\u00e9ville. Toute l\u2019\u00e9quipe, aid\u00e9e par de nombreux b\u00e9n\u00e9voles, se met en quatre pour vous pr\u00e9senter animations, jeux, spectacles autour d\u2019une th\u00e9matique soigneusement choisie. L\u2019ensemble du rez-de-chauss\u00e9e du CILM est transform\u00e9 pour l\u2019occasion afin de vous accueillir dans une ambiance festive et haute en couleurs !<\/p>\n<h5><strong>F\u00eate\u00a0 du jeu<br \/>\n<\/strong><\/h5>\n<p><img decoding=\"async\" loading=\"lazy\" class=\"alignnone size-medium wp-image-15977\" src=\"https:\/\/maxeville.fr\/wp-content\/uploads\/2024\/05\/FDJ-Affiche_2024-coupe-212x300.jpg\" alt=\"\" width=\"212\" height=\"300\" srcset=\"https:\/\/maxeville.fr\/wp-content\/uploads\/2024\/05\/FDJ-Affiche_2024-coupe-212x300.jpg 212w, https:\/\/maxeville.fr\/wp-content\/uploads\/2024\/05\/FDJ-Affiche_2024-coupe-724x1024.jpg 724w, https:\/\/maxeville.fr\/wp-content\/uploads\/2024\/05\/FDJ-Affiche_2024-coupe-768x1086.jpg 768w, https:\/\/maxeville.fr\/wp-content\/uploads\/2024\/05\/FDJ-Affiche_2024-coupe-1086x1536.jpg 1086w, https:\/\/maxeville.fr\/wp-content\/uploads\/2024\/05\/FDJ-Affiche_2024-coupe-1448x2048.jpg 1448w, https:\/\/maxeville.fr\/wp-content\/uploads\/2024\/05\/FDJ-Affiche_2024-coupe-973x1376.jpg 973w, https:\/\/maxeville.fr\/wp-content\/uploads\/2024\/05\/FDJ-Affiche_2024-coupe-508x719.jpg 508w, https:\/\/maxeville.fr\/wp-content\/uploads\/2024\/05\/FDJ-Affiche_2024-coupe-17x24.jpg 17w, https:\/\/maxeville.fr\/wp-content\/uploads\/2024\/05\/FDJ-Affiche_2024-coupe-25x36.jpg 25w, https:\/\/maxeville.fr\/wp-content\/uploads\/2024\/05\/FDJ-Affiche_2024-coupe-34x48.jpg 34w, https:\/\/maxeville.fr\/wp-content\/uploads\/2024\/05\/FDJ-Affiche_2024-coupe-scaled.jpg 1810w\" sizes=\"(max-width: 212px) 100vw, 212px\" \/><\/p>\n<p>Organis\u00e9e dans le cadre de la f\u00eate nationale du jeu, cr\u00e9\u00e9e par l\u2019association des ludoth\u00e8ques de France, cette f\u00eate a lieu dans le parc de la mairie au mois de mai. Ludoth\u00e9caires et b\u00e9n\u00e9voles d\u00e9ploient\u00a0 leur savoir-faire et imagination pour vous faire passer un moment m\u00e9morable autour du jeu sous toutes ses formes.<\/p>\n<div style=\"padding-bottom:20px; padding-top:10px;\" class=\"hupso-share-buttons\"><!-- Hupso Share Buttons - https:\/\/www.hupso.com\/share\/ --><a class=\"hupso_toolbar\" href=\"https:\/\/www.hupso.com\/share\/\"><img src=\"https:\/\/static.hupso.com\/share\/buttons\/lang\/fr\/share-medium.png\" style=\"border:0px; padding-top: 5px; float:left;\" alt=\"Share Button\"\/><\/a><script type=\"text\/javascript\">var hupso_services_t=new Array();var hupso_background_t=\"#EAF4FF\";var hupso_border_t=\"#66CCFF\";var hupso_toolbar_size_t=\"medium\";var hupso_image_folder_url = \"\";var hupso_url_t=\"\";var hupso_title_t=\"Les%20F%C3%AAtes%20du%20Jeu\";<\/script><script type=\"text\/javascript\" src=\"https:\/\/static.hupso.com\/share\/js\/share_toolbar.js\"><\/script><!-- Hupso Share Buttons --><\/div>","protected":false},"excerpt":{"rendered":"<p>Pour petits et grands, en famille, entre amis ou en solo ! Jeux et Familles en f\u00eate Organis\u00e9 tous les ans, au mois de janvier, jeux et familles&#8230;<\/p>\n","protected":false},"author":1,"featured_media":0,"parent":391,"menu_order":22,"comment_status":"closed","ping_status":"closed","template":"","meta":[],"_links":{"self":[{"href":"https:\/\/maxeville.fr\/index.php\/wp-json\/wp\/v2\/pages\/459"}],"collection":[{"href":"https:\/\/maxeville.fr\/index.php\/wp-json\/wp\/v2\/pages"}],"about":[{"href":"https:\/\/maxeville.fr\/index.php\/wp-json\/wp\/v2\/types\/page"}],"author":[{"embeddable":true,"href":"https:\/\/maxeville.fr\/index.php\/wp-json\/wp\/v2\/users\/1"}],"replies":[{"embeddable":true,"href":"https:\/\/maxeville.fr\/index.php\/wp-json\/wp\/v2\/comments?post=459"}],"version-history":[{"count":8,"href":"https:\/\/maxeville.fr\/index.php\/wp-json\/wp\/v2\/pages\/459\/revisions"}],"predecessor-version":[{"id":16004,"href":"https:\/\/maxeville.fr\/index.php\/wp-json\/wp\/v2\/pages\/459\/revisions\/16004"}],"up":[{"embeddable":true,"href":"https:\/\/maxeville.fr\/index.php\/wp-json\/wp\/v2\/pages\/391"}],"wp:attachment":[{"href":"https:\/\/maxeville.fr\/index.php\/wp-json\/wp\/v2\/media?parent=459"}],"curies":[{"name":"wp","href":"https:\/\/api.w.org\/{rel}","templated":true}]}}