{"id":83,"date":"2016-04-01T11:08:45","date_gmt":"2016-04-01T13:08:45","guid":{"rendered":"http:\/\/www.maxeville.fr\/?page_id=83"},"modified":"2025-12-30T10:10:50","modified_gmt":"2025-12-30T09:10:50","slug":"marche-de-producteurs","status":"publish","type":"page","link":"https:\/\/maxeville.fr\/index.php\/mon-quotidien\/marche-de-producteurs\/","title":{"rendered":"Pr\u00e9sentation du march\u00e9"},"content":{"rendered":"\n<h3 class=\"wp-block-heading\">&nbsp;<\/h3>\n\n\n\n<hr class=\"wp-block-separator has-alpha-channel-opacity\"\/>\n\n\n\n<p><em>Au-del\u00e0 de vous donner la garantie de trouver des produits locaux venus tout droit de la ferme ou de l\u2019atelier de l\u2019artisan et de d\u00e9couvrir la richesse et la diversit\u00e9 du terroir lorrain, le march\u00e9 de producteurs de Max\u00e9ville est un v\u00e9ritable lieu de convivialit\u00e9 et d\u2019\u00e9changes.&nbsp; De mai \u00e0 septembre, profitez des rendez-vous musicaux du march\u00e9 o\u00f9 sont mis \u00e0 votre disposition barbecue table et autres bancs.<\/em><\/p>\n\n\n\n<p><strong>Tous les jeudis, Halle des quais &#8211; site des Brasseries de Max\u00e9ville &#8211; de 16h \u00e0 19h<\/strong><\/p>\n\n\n\n<p><strong><mark style=\"background-color:rgba(0, 0, 0, 0)\" class=\"has-inline-color has-accent-color\">FERMETURE LES JEUDIS : 1er &#8211; 8 &#8211; 15 janvier 2026<\/mark><\/strong><\/p>\n\n\n\n<hr class=\"wp-block-separator has-text-color has-black-color has-css-opacity has-black-background-color has-background\"\/>\n\n\n\n<hr class=\"wp-block-separator has-css-opacity\"\/>\n\n\n\n<p><strong><mark style=\"background-color:#ffe652\" class=\"has-inline-color\">Les Producteurs Locaux :<\/mark><\/strong><\/p>\n\n\n\n<ul>\n<li><strong>LES PTITS P\u00c2T\u00c9S DE STEPH<\/strong> &#8211; 54 390 FROUARD  : p\u00e2t\u00e9s et tourtes dans la pure tradition<\/li>\n\n\n\n<li><strong>GAEC LES FLEURS<\/strong> &#8211; 54 450 LEINTREY : viande et charcuterie.<\/li>\n\n\n\n<li><strong>FERME DU MOULNOT<\/strong>&#8211; 54 110 CREVIC : volailles de chair, \u0153ufs\u2026<em> <\/em><\/li>\n\n\n\n<li><strong>LA MATHILDE<\/strong> &#8211; 54 115 LALOEUF : fromages de ch\u00e8vre et faisselle<\/li>\n\n\n\n<li><strong>LE RUCHER DE LA REINE LOUISE<\/strong> &#8211; 54 610 NOMENY : miel<\/li>\n\n\n\n<li><strong>SANT\u00c9 NATURE SOLUTION <\/strong>&#8211; 54 220 MALZ\u00c9VILLE : th\u00e9s et thisanes<\/li>\n\n\n\n<li><strong>DOMAINE DEMANGE<\/strong> &#8211; 54 200 BRULEY : vins des c\u00f4tes de Toul et d&#8217;Alsace<\/li>\n\n\n\n<li><strong>BRUNO GUSTIN<\/strong> &#8211; 54 710 LUDRES : olives, tapenades et tomates s\u00e9ch\u00e9es<\/li>\n\n\n\n<li><strong>EARL FERME DES TERRES NOIRES<\/strong> &#8211; 54 950 LARONXE : l\u00e9gumes et fruits bio<\/li>\n\n\n\n<li><strong>CONFITURE DU PR\u00c9 DE LA SCIE<\/strong> &#8211; 54 120 LACHAPELLE : confitures artisanales<\/li>\n\n\n\n<li><strong>NICOLAS TAGHON<\/strong> &#8211; 54 840 GONDREVILLE : r\u00e2p\u00e9s de pommes de terre<\/li>\n\n\n\n<li><strong>BI\u00c8RE QUI ROULE<\/strong> &#8211; 54 130 ST MAX : bi\u00e8res bio<\/li>\n\n\n\n<li><strong>LES P\u00c2TES DE GIGI<\/strong> &#8211; 54 630 FLAVIGNY SUR MOSELLE : p\u00e2tes artisanales s\u00e8ches<\/li>\n\n\n\n<li><strong>P&#8217;TITS D\u00c9LICES ET TITEL<\/strong> &#8211; 54 250 CHAMPIGNEULLES : p\u00e2tisseries et confiseries<\/li>\n<\/ul>\n\n\n\n<p><strong><mark style=\"background-color:#ffe652\" class=\"has-inline-color\">Les Artisans Locaux :<\/mark><\/strong><\/p>\n\n\n\n<ul>\n<li><strong>COUPELARD<\/strong> &#8211; 54 690 LAY ST CHRISTOPHE : r\u00e9mouleur<\/li>\n\n\n\n<li><strong>CORDONNERIE SAVELLI<\/strong> &#8211; 54 230 MARRON : r\u00e9paration de chaussures et d&#8217;articles en cuir + vente de petits objets en cuir<\/li>\n\n\n\n<li><strong>SAVON M<\/strong> &#8211; 54 460 LIVERDUN : savons et accessoires<\/li>\n<\/ul>\n<div style=\"padding-bottom:20px; padding-top:10px;\" class=\"hupso-share-buttons\"><!-- Hupso Share Buttons - https:\/\/www.hupso.com\/share\/ --><a class=\"hupso_toolbar\" href=\"https:\/\/www.hupso.com\/share\/\"><img src=\"https:\/\/static.hupso.com\/share\/buttons\/lang\/fr\/share-medium.png\" style=\"border:0px; padding-top: 5px; float:left;\" alt=\"Share Button\"\/><\/a><script type=\"text\/javascript\">var hupso_services_t=new Array();var hupso_background_t=\"#EAF4FF\";var hupso_border_t=\"#66CCFF\";var hupso_toolbar_size_t=\"medium\";var hupso_image_folder_url = \"\";var hupso_url_t=\"\";var hupso_title_t=\"Pr%C3%A9sentation%20du%20march%C3%A9\";<\/script><script type=\"text\/javascript\" src=\"https:\/\/static.hupso.com\/share\/js\/share_toolbar.js\"><\/script><!-- Hupso Share Buttons --><\/div>","protected":false},"excerpt":{"rendered":"<p>&nbsp; Au-del\u00e0 de vous donner la garantie de trouver des produits locaux venus tout droit de la ferme ou de l\u2019atelier de l\u2019artisan et de d\u00e9couvrir la richesse&#8230;<\/p>\n","protected":false},"author":1,"featured_media":11889,"parent":242,"menu_order":19,"comment_status":"closed","ping_status":"closed","template":"","meta":[],"_links":{"self":[{"href":"https:\/\/maxeville.fr\/index.php\/wp-json\/wp\/v2\/pages\/83"}],"collection":[{"href":"https:\/\/maxeville.fr\/index.php\/wp-json\/wp\/v2\/pages"}],"about":[{"href":"https:\/\/maxeville.fr\/index.php\/wp-json\/wp\/v2\/types\/page"}],"author":[{"embeddable":true,"href":"https:\/\/maxeville.fr\/index.php\/wp-json\/wp\/v2\/users\/1"}],"replies":[{"embeddable":true,"href":"https:\/\/maxeville.fr\/index.php\/wp-json\/wp\/v2\/comments?post=83"}],"version-history":[{"count":381,"href":"https:\/\/maxeville.fr\/index.php\/wp-json\/wp\/v2\/pages\/83\/revisions"}],"predecessor-version":[{"id":18896,"href":"https:\/\/maxeville.fr\/index.php\/wp-json\/wp\/v2\/pages\/83\/revisions\/18896"}],"up":[{"embeddable":true,"href":"https:\/\/maxeville.fr\/index.php\/wp-json\/wp\/v2\/pages\/242"}],"wp:featuredmedia":[{"embeddable":true,"href":"https:\/\/maxeville.fr\/index.php\/wp-json\/wp\/v2\/media\/11889"}],"wp:attachment":[{"href":"https:\/\/maxeville.fr\/index.php\/wp-json\/wp\/v2\/media?parent=83"}],"curies":[{"name":"wp","href":"https:\/\/api.w.org\/{rel}","templated":true}]}}