{"id":981,"date":"2016-09-15T14:33:52","date_gmt":"2016-09-15T12:33:52","guid":{"rendered":"http:\/\/www.maxeville.fr\/?page_id=981"},"modified":"2022-01-18T11:10:33","modified_gmt":"2022-01-18T10:10:33","slug":"sante","status":"publish","type":"page","link":"https:\/\/maxeville.fr\/index.php\/ma-famille\/sante\/","title":{"rendered":"Sant\u00e9"},"content":{"rendered":"<hr \/>\n<p>R\u00e9duire progressivement les in\u00e9galit\u00e9s sociales de sant\u00e9, et favoriser l\u2019acc\u00e8s aux droits communs pour tous en mani\u00e8re de sant\u00e9, tel est l\u2019un des axes fondamentaux de la Politique de la ville de Max\u00e9ville.<\/p>\n<h5>La Sant\u00e9 \u00e0 Max\u00e9ville<\/h5>\n<p>La Ville de Max\u00e9ville d\u00e9veloppe chaque ann\u00e9e des actions de sensibilisation dans diff\u00e9rentes th\u00e9matiques, notamment \u00e0 l\u2019occasion des grandes campagnes nationales, telles que :<\/p>\n<ul>\n<li>Mars bleu \u2013 d\u00e9pistage organis\u00e9 du cancer colorectal<\/li>\n<li>Octobre rose \u2013 d\u00e9pistage organis\u00e9 du cancer du sein<\/li>\n<li>Campagne de vaccination de la Grippe<\/li>\n<\/ul>\n<p>Mais \u00e9galement des actions de pr\u00e9ventions \u00e0 destination des plus jeunes, avec la pr\u00e9vention des Accidents de la Vie Courante, par exemple.<\/p>\n<p><strong>L\u2019Atelier Sant\u00e9 Ville du Plateau de Haye :<\/strong><\/p>\n<p>L\u2019Atelier Sant\u00e9 Ville a pour vocation de participer \u00e0 l\u2019am\u00e9lioration de l\u2019\u00e9tat de sant\u00e9 des populations et en particulier des habitants des quartiers les plus d\u00e9favoris\u00e9s, et vise \u00e0 r\u00e9duire les in\u00e9galit\u00e9s sociales et territoriales de sant\u00e9.<\/p>\n<p>Les communes de Laxou, Nancy et Max\u00e9ville et le Grand Nancy ont donc souhait\u00e9 cr\u00e9er cette instance, pour proposer de fa\u00e7on coh\u00e9rente sur le territoire du Plateau, des actions de sensibilisation sur diff\u00e9rentes th\u00e9matiques de sant\u00e9.<\/p>\n<h5><b style=\"line-height: 30.6px;\">L\u2019acc\u00e8s <\/b><b style=\"line-height: 30.6px;\">aux droits<\/b><\/h5>\n<p><b>La Couverture maladie universelle (CMU) :<\/b><\/p>\n<p>La couverture maladie universelle comporte deux volets :<\/p>\n<ul>\n<li>l\u2019affiliation au r\u00e9gime g\u00e9n\u00e9ral de la s\u00e9curit\u00e9 sociale de toute personne ne b\u00e9n\u00e9ficiant pas d\u2019une protection sociale dans un r\u00e9gime obligatoire : <b>CMU.<\/b><\/li>\n<li>le droit \u00e0 une protection compl\u00e9mentaire et \u00e0 la dispense d\u2019avance de frais pour les assur\u00e9s dont les revenus sont faibles : <b>CMU compl\u00e9mentaire<\/b><b>.<\/b><\/li>\n<\/ul>\n<p><b>Aide \u00e0 la Compl\u00e9mentaire Sant\u00e9 (ACS) :<\/b><\/p>\n<p>L\u2019ACS est r\u00e9serv\u00e9e aux personnes dont les ressources sont l\u00e9g\u00e8rement sup\u00e9rieures au plafond d\u2019attribution de la CMU-C.<\/p>\n<p>Elle donne droit, durant un an, \u00e0 une aide financi\u00e8re pour payer le contrat de compl\u00e9mentaire sant\u00e9.<\/p>\n<p>Une compl\u00e9mentaire sant\u00e9 facilite l\u2019acc\u00e8s aux soins en prenant en charge la part compl\u00e9mentaire des d\u00e9penses de sant\u00e9.<\/p>\n<p><b><i>Caisse <\/i><\/b><b><i>P<\/i><\/b><b><i>rimaire d\u2018Assurance Maladie\u00a0 <\/i><\/b><i><strong>(CPAM)<\/strong><br \/>\n9 bd Joffre \u2013 54000 Nancy &#8211;\u00a0 <\/i><i><a href=\"http:\/\/www.ameli.fr\/\">www.ameli.fr<\/a><\/i><i><br \/>\n<\/i><i>Accueil t\u00e9l\u00e9phonique :<\/i><i>\u00a0 36 46 du lundi au vendredi de 8h30 \u00e0 17h<br \/>\n<\/i><i>Consultez vos remboursements en ligne sur &#8220;Mon Compte <\/i><i>Ameli<\/i><i>&#8220;.<\/i><\/p>\n<div dir=\"ltr\">\n<div id=\"gmail-m_1290701225421318212m_6316901741085135719gmail-:4bb\">\n<div id=\"gmail-m_1290701225421318212m_6316901741085135719gmail-:4be\" role=\"textbox\" aria-label=\"Corps du message\" aria-multiline=\"true\">\n<div><\/div>\n<div><span style=\"color: #000000;\"><b>Pour vous aider \u00e0 vous connecter \u00e0 votre espace Ameli<\/b>\u00a0et consulter toutes vos d\u00e9marches sant\u00e9 retrouver un guide de connexion\u00a0<a href=\"http:\/\/didacticiel.ameli.fr\/\" target=\"_blank\" rel=\"noopener\">didacticiel.ameli.fr<\/a>. Pour rappel, le site ameli et le site de l&#8217;assurance maladie en ligne ne concernent pas votre mutuelle sant\u00e9 si vous en avez une. Pour rappel, la mise en place d&#8217;une mutuelle sant\u00e9 est \u00e0 envisager pour \u00e9viter de payer les d\u00e9passements d&#8217;honoraires de vos soins qui ne sont pas pris en charge par la s\u00e9curit\u00e9 sociale. A savoir que\u00a0<a href=\"https:\/\/selectra.info\/assurance\/mutuelle-sante\/tarif\" target=\"_blank\" rel=\"noopener\">les tarifs moyen d&#8217;une mutuelle<\/a>\u00a0sont :<\/span><\/div>\n<div>\n<ul>\n<li><span style=\"color: #000000;\">pour un \u00e9tudiant : 388 \u20ac par an,\u00a0<\/span><\/li>\n<li><span style=\"color: #000000;\">pour un adulte sans enfant : 574 \u20ac par an,<\/span><\/li>\n<li><span style=\"color: #000000;\">pour un retrait\u00e9 : 966 \u20ac par an,<\/span><\/li>\n<li><span style=\"color: #000000;\">pour une famille (2 adultes, 2 enfants) : 1 562 \u20ac par an.<\/span><\/li>\n<\/ul>\n<\/div>\n<\/div>\n<\/div>\n<\/div>\n<div style=\"padding-bottom:20px; padding-top:10px;\" class=\"hupso-share-buttons\"><!-- Hupso Share Buttons - https:\/\/www.hupso.com\/share\/ --><a class=\"hupso_toolbar\" href=\"https:\/\/www.hupso.com\/share\/\"><img src=\"https:\/\/static.hupso.com\/share\/buttons\/lang\/fr\/share-medium.png\" style=\"border:0px; padding-top: 5px; float:left;\" alt=\"Share Button\"\/><\/a><script type=\"text\/javascript\">var hupso_services_t=new Array();var hupso_background_t=\"#EAF4FF\";var hupso_border_t=\"#66CCFF\";var hupso_toolbar_size_t=\"medium\";var hupso_image_folder_url = \"\";var hupso_url_t=\"\";var hupso_title_t=\"Sant%C3%A9\";<\/script><script type=\"text\/javascript\" src=\"https:\/\/static.hupso.com\/share\/js\/share_toolbar.js\"><\/script><!-- Hupso Share Buttons --><\/div>","protected":false},"excerpt":{"rendered":"<p>R\u00e9duire progressivement les in\u00e9galit\u00e9s sociales de sant\u00e9, et favoriser l\u2019acc\u00e8s aux droits communs pour tous en mani\u00e8re de sant\u00e9, tel est l\u2019un des axes fondamentaux de la Politique&#8230;<\/p>\n","protected":false},"author":1,"featured_media":0,"parent":341,"menu_order":14,"comment_status":"closed","ping_status":"closed","template":"","meta":[],"_links":{"self":[{"href":"https:\/\/maxeville.fr\/index.php\/wp-json\/wp\/v2\/pages\/981"}],"collection":[{"href":"https:\/\/maxeville.fr\/index.php\/wp-json\/wp\/v2\/pages"}],"about":[{"href":"https:\/\/maxeville.fr\/index.php\/wp-json\/wp\/v2\/types\/page"}],"author":[{"embeddable":true,"href":"https:\/\/maxeville.fr\/index.php\/wp-json\/wp\/v2\/users\/1"}],"replies":[{"embeddable":true,"href":"https:\/\/maxeville.fr\/index.php\/wp-json\/wp\/v2\/comments?post=981"}],"version-history":[{"count":9,"href":"https:\/\/maxeville.fr\/index.php\/wp-json\/wp\/v2\/pages\/981\/revisions"}],"predecessor-version":[{"id":11344,"href":"https:\/\/maxeville.fr\/index.php\/wp-json\/wp\/v2\/pages\/981\/revisions\/11344"}],"up":[{"embeddable":true,"href":"https:\/\/maxeville.fr\/index.php\/wp-json\/wp\/v2\/pages\/341"}],"wp:attachment":[{"href":"https:\/\/maxeville.fr\/index.php\/wp-json\/wp\/v2\/media?parent=981"}],"curies":[{"name":"wp","href":"https:\/\/api.w.org\/{rel}","templated":true}]}}