{"id":993,"date":"2016-09-15T14:34:12","date_gmt":"2016-09-15T12:34:12","guid":{"rendered":"http:\/\/www.maxeville.fr\/?page_id=993"},"modified":"2023-07-07T16:01:36","modified_gmt":"2023-07-07T14:01:36","slug":"bailleurs-sociaux","status":"publish","type":"page","link":"https:\/\/maxeville.fr\/index.php\/ma-famille\/bailleurs-sociaux\/","title":{"rendered":"Bailleurs sociaux"},"content":{"rendered":"<hr \/>\n<h5 style=\"text-align: left;\"><img decoding=\"async\" loading=\"lazy\" class=\"size-medium wp-image-13273 aligncenter\" src=\"https:\/\/maxeville.fr\/wp-content\/uploads\/2023\/02\/batigere-logo-alt-300x94.png\" alt=\"\" width=\"300\" height=\"94\" srcset=\"https:\/\/maxeville.fr\/wp-content\/uploads\/2023\/02\/batigere-logo-alt-300x94.png 300w, https:\/\/maxeville.fr\/wp-content\/uploads\/2023\/02\/batigere-logo-alt-250x79.png 250w, https:\/\/maxeville.fr\/wp-content\/uploads\/2023\/02\/batigere-logo-alt-24x8.png 24w, https:\/\/maxeville.fr\/wp-content\/uploads\/2023\/02\/batigere-logo-alt-36x11.png 36w, https:\/\/maxeville.fr\/wp-content\/uploads\/2023\/02\/batigere-logo-alt-48x15.png 48w, https:\/\/maxeville.fr\/wp-content\/uploads\/2023\/02\/batigere-logo-alt.png 455w\" sizes=\"(max-width: 300px) 100vw, 300px\" \/><\/h5>\n<p style=\"text-align: center;\"><span style=\"color: #808080;\"><strong>Batig\u00e8re<br \/>\n<\/strong>B\u00e2timent H\u00e9liodore \u2013 Mouzimpr\u00e9 \u2013 54270 Essey-L\u00e8s-Nancy<br \/>\nt\u00e9l. 03 83 18 01 30<br \/>\n<a href=\"http:\/\/www.batigere.fr\">http:\/\/www.batigere.fr<\/a><\/span><\/p>\n<hr \/>\n<p style=\"text-align: center;\">\n<p><img decoding=\"async\" loading=\"lazy\" class=\"size-full wp-image-9639 aligncenter\" src=\"https:\/\/maxeville.fr\/wp-content\/uploads\/2021\/01\/est-habitat.jpg\" alt=\"\" width=\"97\" height=\"38\" srcset=\"https:\/\/maxeville.fr\/wp-content\/uploads\/2021\/01\/est-habitat.jpg 97w, https:\/\/maxeville.fr\/wp-content\/uploads\/2021\/01\/est-habitat-24x9.jpg 24w, https:\/\/maxeville.fr\/wp-content\/uploads\/2021\/01\/est-habitat-36x14.jpg 36w, https:\/\/maxeville.fr\/wp-content\/uploads\/2021\/01\/est-habitat-48x19.jpg 48w\" sizes=\"(max-width: 97px) 100vw, 97px\" \/><\/p>\n<p style=\"text-align: center;\"><span style=\"color: #808080;\"><strong>Est Habitat Construction<br \/>\n<\/strong>39 rue Pierre S\u00e9mard \u2013 54000 Nancy<br \/>\nt\u00e9l.\u00a003 83 17 65 20<br \/>\n<a href=\"http:\/\/www.groupe3f.fr\/est-habitat-construction\">www.groupe3f.fr\/est-habitat-construction<\/a><\/span><\/p>\n<hr \/>\n<p style=\"text-align: center;\"><span style=\"color: #808080;\"><strong><img decoding=\"async\" loading=\"lazy\" class=\"alignnone size-medium wp-image-10679\" src=\"https:\/\/maxeville.fr\/wp-content\/uploads\/2021\/09\/AL-VIVEST-HD-300x130.png\" alt=\"\" width=\"300\" height=\"130\" srcset=\"https:\/\/maxeville.fr\/wp-content\/uploads\/2021\/09\/AL-VIVEST-HD-300x130.png 300w, https:\/\/maxeville.fr\/wp-content\/uploads\/2021\/09\/AL-VIVEST-HD-1024x445.png 1024w, https:\/\/maxeville.fr\/wp-content\/uploads\/2021\/09\/AL-VIVEST-HD-768x334.png 768w, https:\/\/maxeville.fr\/wp-content\/uploads\/2021\/09\/AL-VIVEST-HD-1536x667.png 1536w, https:\/\/maxeville.fr\/wp-content\/uploads\/2021\/09\/AL-VIVEST-HD-2048x889.png 2048w, https:\/\/maxeville.fr\/wp-content\/uploads\/2021\/09\/AL-VIVEST-HD-973x423.png 973w, https:\/\/maxeville.fr\/wp-content\/uploads\/2021\/09\/AL-VIVEST-HD-508x221.png 508w, https:\/\/maxeville.fr\/wp-content\/uploads\/2021\/09\/AL-VIVEST-HD-250x109.png 250w, https:\/\/maxeville.fr\/wp-content\/uploads\/2021\/09\/AL-VIVEST-HD-550x239.png 550w, https:\/\/maxeville.fr\/wp-content\/uploads\/2021\/09\/AL-VIVEST-HD-800x347.png 800w, https:\/\/maxeville.fr\/wp-content\/uploads\/2021\/09\/AL-VIVEST-HD-414x180.png 414w, https:\/\/maxeville.fr\/wp-content\/uploads\/2021\/09\/AL-VIVEST-HD-691x300.png 691w, https:\/\/maxeville.fr\/wp-content\/uploads\/2021\/09\/AL-VIVEST-HD-1151x500.png 1151w, https:\/\/maxeville.fr\/wp-content\/uploads\/2021\/09\/AL-VIVEST-HD-24x10.png 24w, https:\/\/maxeville.fr\/wp-content\/uploads\/2021\/09\/AL-VIVEST-HD-36x16.png 36w, https:\/\/maxeville.fr\/wp-content\/uploads\/2021\/09\/AL-VIVEST-HD-48x21.png 48w\" sizes=\"(max-width: 300px) 100vw, 300px\" \/><\/strong><\/span><\/p>\n<p style=\"text-align: center;\">VIVEST, soci\u00e9t\u00e9 du groupe Action Logement<\/p>\n<p style=\"text-align: center;\"><strong>DELEGATION TERRITORIALE VIVEST<\/strong><\/p>\n<p style=\"text-align: center;\">2 Passage S\u00e9bastien Bottin, 54000 Nancy, France<br \/>\nT\u00e9l. 09 77 42 57 57<br \/>\n<span style=\"color: #808080;\"><a href=\"https:\/\/vivest.fr\/\">www.vivest.fr<\/a><\/span><\/p>\n<hr \/>\n<p style=\"text-align: center;\">\n<p><img decoding=\"async\" loading=\"lazy\" class=\"size-full wp-image-13270 aligncenter\" src=\"https:\/\/maxeville.fr\/wp-content\/uploads\/2023\/02\/logo-mmh-1.png\" alt=\"\" width=\"285\" height=\"145\" srcset=\"https:\/\/maxeville.fr\/wp-content\/uploads\/2023\/02\/logo-mmh-1.png 285w, https:\/\/maxeville.fr\/wp-content\/uploads\/2023\/02\/logo-mmh-1-250x127.png 250w, https:\/\/maxeville.fr\/wp-content\/uploads\/2023\/02\/logo-mmh-1-24x12.png 24w, https:\/\/maxeville.fr\/wp-content\/uploads\/2023\/02\/logo-mmh-1-36x18.png 36w, https:\/\/maxeville.fr\/wp-content\/uploads\/2023\/02\/logo-mmh-1-48x24.png 48w\" sizes=\"(max-width: 285px) 100vw, 285px\" \/><\/p>\n<p style=\"text-align: center;\"><span style=\"color: #808080;\"><strong>Meurthe-et-Moselle Habitat<\/strong><br \/>\n33 boulevard de la Mothe \u2013 54000 Nancy<br \/>\n03 83 17 55 55<br \/>\n<a href=\"http:\/\/www.mmhabitat.fr\/\">www.mmhabitat.fr<\/a><\/span><\/p>\n<hr \/>\n<p style=\"text-align: center;\">\n<p style=\"text-align: center;\"><img decoding=\"async\" loading=\"lazy\" class=\"alignnone size-medium wp-image-13277\" src=\"https:\/\/maxeville.fr\/wp-content\/uploads\/2023\/02\/logo-omh-300x205.jpg\" alt=\"\" width=\"300\" height=\"205\" srcset=\"https:\/\/maxeville.fr\/wp-content\/uploads\/2023\/02\/logo-omh-300x205.jpg 300w, https:\/\/maxeville.fr\/wp-content\/uploads\/2023\/02\/logo-omh-250x171.jpg 250w, https:\/\/maxeville.fr\/wp-content\/uploads\/2023\/02\/logo-omh-264x180.jpg 264w, https:\/\/maxeville.fr\/wp-content\/uploads\/2023\/02\/logo-omh-24x16.jpg 24w, https:\/\/maxeville.fr\/wp-content\/uploads\/2023\/02\/logo-omh-36x25.jpg 36w, https:\/\/maxeville.fr\/wp-content\/uploads\/2023\/02\/logo-omh-48x33.jpg 48w, https:\/\/maxeville.fr\/wp-content\/uploads\/2023\/02\/logo-omh.jpg 425w\" sizes=\"(max-width: 300px) 100vw, 300px\" \/><\/p>\n<p style=\"text-align: center;\"><span style=\"color: #808080;\"><strong>OMh &#8211; Grand Nancy<br \/>\n<\/strong><\/span><span class=\"contact-street\">32 Rue Saint-L\u00e9on, 54000 Nancy<br \/>\n<\/span><span style=\"color: #808080;\">t\u00e9l. <\/span>03 83 85 70 80<span style=\"color: #808080;\"><a href=\"https:\/\/www.omhgrandnancy.fr\/\" target=\"_blank\" rel=\"noopener\">www.omhgrandnancy.fr<\/a><br \/>\n<\/span><\/p>\n<p style=\"text-align: center;\">\n<hr \/>\n<p style=\"text-align: center;\"><img decoding=\"async\" loading=\"lazy\" class=\"alignnone size-full wp-image-9638\" src=\"https:\/\/maxeville.fr\/wp-content\/uploads\/2021\/01\/villogia.jpg\" alt=\"\" width=\"58\" height=\"58\" srcset=\"https:\/\/maxeville.fr\/wp-content\/uploads\/2021\/01\/villogia.jpg 58w, https:\/\/maxeville.fr\/wp-content\/uploads\/2021\/01\/villogia-48x48.jpg 48w, https:\/\/maxeville.fr\/wp-content\/uploads\/2021\/01\/villogia-24x24.jpg 24w, https:\/\/maxeville.fr\/wp-content\/uploads\/2021\/01\/villogia-36x36.jpg 36w\" sizes=\"(max-width: 58px) 100vw, 58px\" \/><\/p>\n<p style=\"text-align: center;\"><span style=\"color: #808080;\"><strong>Vilogia<br \/>\n<\/strong>49 rue des Ponts \u2013 BP 80816 \u2013 54011 Nancy<br \/>\nt\u00e9l. 08 11 88 68 86<br \/>\n<a href=\"http:\/\/www.vilogia.fr\">www.vilogia.fr<\/a><\/span><\/p>\n<div style=\"padding-bottom:20px; padding-top:10px;\" class=\"hupso-share-buttons\"><!-- Hupso Share Buttons - https:\/\/www.hupso.com\/share\/ --><a class=\"hupso_toolbar\" href=\"https:\/\/www.hupso.com\/share\/\"><img src=\"https:\/\/static.hupso.com\/share\/buttons\/lang\/fr\/share-medium.png\" style=\"border:0px; padding-top: 5px; float:left;\" alt=\"Share Button\"\/><\/a><script type=\"text\/javascript\">var hupso_services_t=new Array();var hupso_background_t=\"#EAF4FF\";var hupso_border_t=\"#66CCFF\";var hupso_toolbar_size_t=\"medium\";var hupso_image_folder_url = \"\";var hupso_url_t=\"\";var hupso_title_t=\"Bailleurs%20sociaux\";<\/script><script type=\"text\/javascript\" src=\"https:\/\/static.hupso.com\/share\/js\/share_toolbar.js\"><\/script><!-- Hupso Share Buttons --><\/div>","protected":false},"excerpt":{"rendered":"<p>Batig\u00e8re B\u00e2timent H\u00e9liodore \u2013 Mouzimpr\u00e9 \u2013 54270 Essey-L\u00e8s-Nancy t\u00e9l. 03 83 18 01 30 http:\/\/www.batigere.fr Est Habitat Construction 39 rue Pierre S\u00e9mard \u2013 54000 Nancy t\u00e9l.\u00a003 83 17&#8230;<\/p>\n","protected":false},"author":1,"featured_media":0,"parent":341,"menu_order":21,"comment_status":"closed","ping_status":"closed","template":"","meta":[],"_links":{"self":[{"href":"https:\/\/maxeville.fr\/index.php\/wp-json\/wp\/v2\/pages\/993"}],"collection":[{"href":"https:\/\/maxeville.fr\/index.php\/wp-json\/wp\/v2\/pages"}],"about":[{"href":"https:\/\/maxeville.fr\/index.php\/wp-json\/wp\/v2\/types\/page"}],"author":[{"embeddable":true,"href":"https:\/\/maxeville.fr\/index.php\/wp-json\/wp\/v2\/users\/1"}],"replies":[{"embeddable":true,"href":"https:\/\/maxeville.fr\/index.php\/wp-json\/wp\/v2\/comments?post=993"}],"version-history":[{"count":15,"href":"https:\/\/maxeville.fr\/index.php\/wp-json\/wp\/v2\/pages\/993\/revisions"}],"predecessor-version":[{"id":14260,"href":"https:\/\/maxeville.fr\/index.php\/wp-json\/wp\/v2\/pages\/993\/revisions\/14260"}],"up":[{"embeddable":true,"href":"https:\/\/maxeville.fr\/index.php\/wp-json\/wp\/v2\/pages\/341"}],"wp:attachment":[{"href":"https:\/\/maxeville.fr\/index.php\/wp-json\/wp\/v2\/media?parent=993"}],"curies":[{"name":"wp","href":"https:\/\/api.w.org\/{rel}","templated":true}]}}