{"id":997,"date":"2016-09-15T14:34:24","date_gmt":"2016-09-15T12:34:24","guid":{"rendered":"http:\/\/www.maxeville.fr\/?page_id=997"},"modified":"2023-02-13T10:41:47","modified_gmt":"2023-02-13T09:41:47","slug":"aire-d-accueil-manitas-de-plata","status":"publish","type":"page","link":"https:\/\/maxeville.fr\/index.php\/ma-ville\/aire-d-accueil-manitas-de-plata\/","title":{"rendered":"Aire Manitas de Plata"},"content":{"rendered":"<p><em>Depuis Septembre 2006, les gens du voyage b\u00e9n\u00e9ficient sur Max\u00e9ville d\u2019une <strong>aire d\u2019accueil Manitas de Plata,<\/strong> de 60 places, g\u00e9r\u00e9e par la M\u00e9tropole du Grand Nancy.<\/em><\/p>\n<p><strong>\u00a0<\/strong><\/p>\n<p><strong>Qui sont les\u00ab\u00a0Gens du voyage\u00a0\u00bb ?<\/strong><\/p>\n<p>A la fin des ann\u00e9es 60, l\u2019Etat cherche \u00e0 renommer la population du voyage fran\u00e7aise pr\u00e9sente sur son territoire, et jusque-l\u00e0 nomm\u00e9e \u00ab\u00a0nomades\u00a0\u00bb.<br \/>\nA la m\u00eame \u00e9poque sort au cin\u00e9ma un film sur le monde du cirque au titre \u00e9vocateur \u00ab\u00a0Les gens du voyage\u00a0\u00bb.<br \/>\nL\u2019Etat reprendra l\u2019id\u00e9e et utilisera \u00e0 partir de 1969 cette appellation de fa\u00e7on administrative \u00e0 l\u2019endroit des populations tsiganes, foraines, et circassiennes fran\u00e7aises.<\/p>\n<p>L\u2019appellation \u00ab\u00a0gens du voyage\u00a0\u00bb recouvre donc une grande diversit\u00e9 culturelle, sociale, \u00e9conomique et \u00e9ducative. En\u00a0 France, on compte environ 250 000 personnes dans cette population.<\/p>\n<p><strong>\u00a0<\/strong><\/p>\n<p><strong>Aire d\u2019accueil Manitas de Plata<\/strong><\/p>\n<p>Pour b\u00e9n\u00e9ficier d\u2019une place sur l\u2019Aire Manitas, devra \u00eatre pr\u00e9sent\u00e9 une pi\u00e8ce d\u2019identit\u00e9 et carte grise. Une caution de 80\u20ac est demand\u00e9e.<\/p>\n<p><strong>\u00a0<\/strong><\/p>\n<p><strong>Gestion des entr\u00e9es et des sorties \u2013 horaires d\u2019accueil<\/strong><\/p>\n<p>Du lundi au jeudi de 8h \u00e0 12h et de 13h30 \u00e0 17h30.<br \/>\nLe vendredi de 8h \u00e0 12h et de 13h30 \u00e0 16h30.<br \/>\n<em>Local d\u2019accueil (03 83 96 43 51)<\/em><\/p>\n<p><strong>\u00a0<\/strong><\/p>\n<p><strong>Tarifs 2023\u00a0:<\/strong><\/p>\n<p>Prix de la place : 3,48 \u20ac\/nuit\u00a0; 2.05\u20ac pour les personnes de + de 65 ans\u00a0; 2.00\u20ac du 1\/11 au 31\/03<br \/>\nPrix du M3\u00a0d\u2019eau\u00a0: 3.6531\u20ac<\/p>\n<p>Prix du kWh : 0,1482 \u20ac<br \/>\nCaution : 80 \u20ac.<\/p>\n<p><strong>\u00a0<\/strong><\/p>\n<p><strong>Scolarisation<\/strong><\/p>\n<p>Les \u00e9coles des villes de Nancy et de Max\u00e9ville accueillent les enfants en \u00e2ge d\u2019\u00eatre scolaris\u00e9s. Inscription aupr\u00e8s des agents d\u2019accueil ou du R\u00e9seau d\u2019\u00c9ducation Prioritaire des enfants du voyage <em>(Pierrick Claude 03 83 98 00 69).<\/em><\/p>\n<p><strong>\u00a0<\/strong><\/p>\n<p><strong>Gestion<\/strong><\/p>\n<p>Elle est assur\u00e9e par la M\u00e9tropole Grand Est qui l\u2019a int\u00e9gralement financ\u00e9e. A noter qu\u2019une seconde aire d\u2019accueil est \u00e0 disposition sur la commune de Tomblaine (8 emplacements).<\/p>\n<p><strong>\u00a0<\/strong><\/p>\n<p><strong>Un m\u00e9diateur : ses missions<\/strong><\/p>\n<p>Au moment de la cr\u00e9ation de l\u2019aire Manitas de Plata, les deux CCAS de Max\u00e9ville et de Nancy ont d\u00e9cid\u00e9 d\u2019exp\u00e9rimenter et de cr\u00e9er un poste de r\u00e9f\u00e9rent-m\u00e9diateur d\u00e9di\u00e9 \u00e0 l\u2019accompagnement des gens du voyage sur l\u2019aire Manitas de Plata.<br \/>\nL\u2019enjeu \u00e9tant\u00a0 la mise en \u0153uvre d\u2019une d\u00e9marche de proximit\u00e9 au service de la coh\u00e9sion sociale, et de la tranquillit\u00e9 publique.<\/p>\n<ul>\n<li>Cr\u00e9er et consolider du lien social entre les individus, \u00e9viter les l\u2019exclusion tout en faisant de la pr\u00e9vention et ainsi entretenir un climat positif.<\/li>\n<li>Faire l\u2019interface entre le public sur le site et les institutions, savoir accompagner les personnes, les orienter vers les bons services.<\/li>\n<\/ul>\n<p>Enfin, trouver des partenaires et promouvoir des activit\u00e9s gr\u00e2ce \u00e0 la mise en place d\u2019un programme d\u2019actions et d\u2019animations aupr\u00e8s, notamment, du public jeune.<\/p>\n<p><strong>Focus sur l\u2019association \u00ab Amiti\u00e9s Tsiganes \u00bb<\/strong><\/p>\n<p>Cr\u00e9\u00e9e tr\u00e8s exactement le 12 Juin 1973, l\u2019association avance trois objectifs bien d\u00e9finis : Inciter \u00e0 la cr\u00e9ation d\u2019aires d\u2019accueil, diffuser une meilleure connaissance de la culture tsigane et enfin, aider \u00e0 la scolarisation.<\/p>\n<p>En collaboration avec diff\u00e9rents partenaires locaux (les collectivit\u00e9s locales, le Conseil d\u00e9partemental\u2026) des actions sociales mobilisent, sous forme d\u2019accompagnement des familles notamment, des acteurs sociaux soucieux d\u2019am\u00e9liorer les conditions de vie de ces familles et de leur permettre l\u2019acc\u00e8s aux soins, \u00e0 l\u2019\u00e9cole, \u00e0 l\u2019emploi,<\/p>\n<p>D\u2019autres actions, socio-\u00e9ducatives et socio-culturelles, sont motiv\u00e9es par la volont\u00e9 d\u2019\u00e9voluer vers un \u00ab mieux-vivre ensemble \u00bb et par l\u2019ouverture \u00e0 d\u2019autres univers inconnus (tels que les arts, la culture..), \u00e0 travers, notamment, des sorties pour les jeunes adolescents (Mus\u00e9e Pompidou Metz, Op\u00e9ra de Nancy, des \u00e9v\u00e8nements sportifs, l\u2019acc\u00e8s \u00e0 un centre de documentation, etc.<\/p>\n<p><strong><em>Amiti\u00e9s Tsiganes<\/em><\/strong><em><br \/>\n117 Rue Laurent Bonnevay \u2013 CS 32049 \u2013 54000 Nancy<br \/>\nt\u00e9l. 03 83 98 00 69<\/em><\/p>\n<div style=\"padding-bottom:20px; padding-top:10px;\" class=\"hupso-share-buttons\"><!-- Hupso Share Buttons - https:\/\/www.hupso.com\/share\/ --><a class=\"hupso_toolbar\" href=\"https:\/\/www.hupso.com\/share\/\"><img src=\"https:\/\/static.hupso.com\/share\/buttons\/lang\/fr\/share-medium.png\" style=\"border:0px; padding-top: 5px; float:left;\" alt=\"Share Button\"\/><\/a><script type=\"text\/javascript\">var hupso_services_t=new Array();var hupso_background_t=\"#EAF4FF\";var hupso_border_t=\"#66CCFF\";var hupso_toolbar_size_t=\"medium\";var hupso_image_folder_url = \"\";var hupso_url_t=\"\";var hupso_title_t=\"Aire%20Manitas%20de%20Plata\";<\/script><script type=\"text\/javascript\" src=\"https:\/\/static.hupso.com\/share\/js\/share_toolbar.js\"><\/script><!-- Hupso Share Buttons --><\/div>","protected":false},"excerpt":{"rendered":"<p>Depuis Septembre 2006, les gens du voyage b\u00e9n\u00e9ficient sur Max\u00e9ville d\u2019une aire d\u2019accueil Manitas de Plata, de 60 places, g\u00e9r\u00e9e par la M\u00e9tropole du Grand Nancy. \u00a0 Qui&#8230;<\/p>\n","protected":false},"author":1,"featured_media":0,"parent":73,"menu_order":19,"comment_status":"closed","ping_status":"closed","template":"","meta":[],"_links":{"self":[{"href":"https:\/\/maxeville.fr\/index.php\/wp-json\/wp\/v2\/pages\/997"}],"collection":[{"href":"https:\/\/maxeville.fr\/index.php\/wp-json\/wp\/v2\/pages"}],"about":[{"href":"https:\/\/maxeville.fr\/index.php\/wp-json\/wp\/v2\/types\/page"}],"author":[{"embeddable":true,"href":"https:\/\/maxeville.fr\/index.php\/wp-json\/wp\/v2\/users\/1"}],"replies":[{"embeddable":true,"href":"https:\/\/maxeville.fr\/index.php\/wp-json\/wp\/v2\/comments?post=997"}],"version-history":[{"count":14,"href":"https:\/\/maxeville.fr\/index.php\/wp-json\/wp\/v2\/pages\/997\/revisions"}],"predecessor-version":[{"id":13314,"href":"https:\/\/maxeville.fr\/index.php\/wp-json\/wp\/v2\/pages\/997\/revisions\/13314"}],"up":[{"embeddable":true,"href":"https:\/\/maxeville.fr\/index.php\/wp-json\/wp\/v2\/pages\/73"}],"wp:attachment":[{"href":"https:\/\/maxeville.fr\/index.php\/wp-json\/wp\/v2\/media?parent=997"}],"curies":[{"name":"wp","href":"https:\/\/api.w.org\/{rel}","templated":true}]}}